{"id":4719,"date":"2021-03-25T13:20:07","date_gmt":"2021-03-25T12:20:07","guid":{"rendered":"https:\/\/catholiques17.fr\/montlieu\/?page_id=4719"},"modified":"2023-03-22T10:34:42","modified_gmt":"2023-03-22T09:34:42","slug":"le-mariage","status":"publish","type":"page","link":"https:\/\/catholiques17.fr\/montlieu\/leglise-vous-accompagne\/le-mariage\/","title":{"rendered":"Le mariage"},"content":{"rendered":"<p>[et_pb_section fb_built=\u00a0\u00bb1&Prime; _builder_version=\u00a0\u00bb4.16&Prime; global_colors_info=\u00a0\u00bb{}\u00a0\u00bb theme_builder_area=\u00a0\u00bbpost_content\u00a0\u00bb custom_padding=\u00a0\u00bb3px|||||\u00a0\u00bb][et_pb_row _builder_version=\u00a0\u00bb4.17.6&Prime; _module_preset=\u00a0\u00bbdefault\u00a0\u00bb theme_builder_area=\u00a0\u00bbpost_content\u00a0\u00bb custom_padding=\u00a0\u00bb10px|||||\u00a0\u00bb][et_pb_column _builder_version=\u00a0\u00bb4.17.6&Prime; _module_preset=\u00a0\u00bbdefault\u00a0\u00bb type=\u00a0\u00bb4_4&Prime; theme_builder_area=\u00a0\u00bbpost_content\u00a0\u00bb][et_pb_image src=\u00a0\u00bbhttps:\/\/catholiques17.fr\/montlieu\/wp-content\/uploads\/sites\/22\/2023\/03\/Mariage-1.jpeg\u00a0\u00bb _builder_version=\u00a0\u00bb4.17.6&Prime; _module_preset=\u00a0\u00bbdefault\u00a0\u00bb theme_builder_area=\u00a0\u00bbpost_content\u00a0\u00bb title_text=\u00a0\u00bbMariage (1)\u00a0\u00bb align=\u00a0\u00bbcenter\u00a0\u00bb border_radii=\u00a0\u00bbon|20px|20px|20px|20px\u00a0\u00bb animation_style=\u00a0\u00bbslide\u00a0\u00bb hover_enabled=\u00a0\u00bb0&Prime; sticky_enabled=\u00a0\u00bb0&Prime;][\/et_pb_image][\/et_pb_column][\/et_pb_row][et_pb_row _builder_version=\u00a0\u00bb4.17.6&Prime; _module_preset=\u00a0\u00bbdefault\u00a0\u00bb theme_builder_area=\u00a0\u00bbpost_content\u00a0\u00bb][et_pb_column _builder_version=\u00a0\u00bb4.17.6&Prime; _module_preset=\u00a0\u00bbdefault\u00a0\u00bb type=\u00a0\u00bb4_4&Prime; theme_builder_area=\u00a0\u00bbpost_content\u00a0\u00bb][et_pb_text _builder_version=\u00a0\u00bb4.17.6&Prime; _module_preset=\u00a0\u00bbdefault\u00a0\u00bb theme_builder_area=\u00a0\u00bbpost_content\u00a0\u00bb hover_enabled=\u00a0\u00bb0&Prime; sticky_enabled=\u00a0\u00bb0&Prime;]<\/p>\n<p><strong>Les personnes d\u00e9sirant c\u00e9l\u00e9brer leur mariage religieux sont invit\u00e9es \u00e0 contacter la paroisse d\u00e8s qu\u2019ils envisagent une date.<\/strong><\/p>\n<p><em>Attention, certains mariages sont pr\u00e9vus un an, deux ans ou plus \u00e0 l\u2019avance ! Des dates peuvent donc \u00eatre d\u00e9j\u00e0 prises : n&rsquo;attendez pas le dernier moment pour pr\u00e9venir la paroisse.<\/em><\/p>\n<p>[\/et_pb_text][\/et_pb_column][\/et_pb_row][et_pb_row _builder_version=\u00a0\u00bb4.17.6&Prime; _module_preset=\u00a0\u00bbdefault\u00a0\u00bb theme_builder_area=\u00a0\u00bbpost_content\u00a0\u00bb][et_pb_column _builder_version=\u00a0\u00bb4.17.6&Prime; _module_preset=\u00a0\u00bbdefault\u00a0\u00bb type=\u00a0\u00bb4_4&Prime; theme_builder_area=\u00a0\u00bbpost_content\u00a0\u00bb][et_pb_text _builder_version=\u00a0\u00bb4.17.6&Prime; _module_preset=\u00a0\u00bbdefault\u00a0\u00bb theme_builder_area=\u00a0\u00bbpost_content\u00a0\u00bb hover_enabled=\u00a0\u00bb0&Prime; sticky_enabled=\u00a0\u00bb0&Prime;]<\/p>\n<p><strong>Des rencontres avec des \u00e9changes sur l\u2019engagement du mariage sont propos\u00e9es aux jeunes qui d\u00e9cident un mariage religieux. <\/strong><strong> <\/strong>Une \u00e9quipe d\u2019accompagnement compos\u00e9e d&rsquo;un pr\u00eatre et de couples ayant d\u00e9j\u00e0 c\u00e9l\u00e9br\u00e9 leur mariage, animeront ces rencontres ; de nouvelles rencontres seront ensuite planifi\u00e9es avec le pr\u00eatre ou le diacre qui pr\u00e9sidera la c\u00e9l\u00e9bration.<\/p>\n<p><!-- \/divi:paragraph --><!-- divi:paragraph --><\/p>\n<p>[\/et_pb_text][\/et_pb_column][\/et_pb_row][\/et_pb_section]<\/p>\n","protected":false},"excerpt":{"rendered":"<p>Les personnes d\u00e9sirant c\u00e9l\u00e9brer leur mariage religieux sont invit\u00e9es \u00e0 contacter la paroisse d\u00e8s qu\u2019ils envisagent une date. Attention, certains mariages sont pr\u00e9vus un an, deux ans ou plus \u00e0 [&hellip;]<\/p>\n","protected":false},"author":31,"featured_media":0,"parent":5635,"menu_order":0,"comment_status":"closed","ping_status":"closed","template":"","meta":{"_et_pb_use_builder":"on","_et_pb_old_content":"<!-- wp:paragraph -->\n<p><strong>Les personnes d\u00e9sirant c\u00e9l\u00e9brer leur mariage religieux sont invit\u00e9es \u00e0 contacter la paroisse d\u00e8s qu\u2019ils envisagent une date : attention, certains mariages sont pr\u00e9vus un an, deux ans ou plus \u00e0 l\u2019avance ! Donc des dates peuvent \u00eatre d\u00e9j\u00e0 prise: ne jamais attendre le dernier moment pour pr\u00e9venir la paroisse.<\/strong><\/p>\n<!-- \/wp:paragraph -->\n\n<!-- wp:image {\"align\":\"center\",\"id\":4720,\"width\":392,\"height\":294,\"sizeSlug\":\"large\",\"linkDestination\":\"none\"} -->\n<figure class=\"wp-block-image aligncenter size-large is-resized\"><img src=\"https:\/\/catholiques17.fr\/montlieu\/wp-content\/uploads\/sites\/22\/2021\/03\/mariage.jpg\" alt=\"\" class=\"wp-image-4720\" width=\"392\" height=\"294\"\/><\/figure>\n<!-- \/wp:image -->\n\n<!-- wp:paragraph -->\n<p><strong>Des rencontres avec des \u00e9changes sur l\u2019engagement du mariage sont alors propos\u00e9es aux jeunes qui d\u00e9cident un mariage religieux.<\/strong><\/p>\n<!-- \/wp:paragraph -->\n\n<!-- wp:paragraph -->\n<p><strong>Une \u00e9quipe d\u2019accompagnement compos\u00e9e de pr\u00eatre et de couples ayant d\u00e9j\u00e0 c\u00e9l\u00e9br\u00e9 leur mariage, animeront ces rencontres ; et, ensuite, sont \u00e0 pr\u00e9voir de nouvelles rencontres avec le pr\u00eatre ou le diacre qui doit pr\u00e9sider la c\u00e9l\u00e9bration.<\/strong><\/p>\n<!-- \/wp:paragraph -->","_et_gb_content_width":"","footnotes":""},"class_list":["post-4719","page","type-page","status-publish","hentry"],"_links":{"self":[{"href":"https:\/\/catholiques17.fr\/montlieu\/wp-json\/wp\/v2\/pages\/4719","targetHints":{"allow":["GET"]}}],"collection":[{"href":"https:\/\/catholiques17.fr\/montlieu\/wp-json\/wp\/v2\/pages"}],"about":[{"href":"https:\/\/catholiques17.fr\/montlieu\/wp-json\/wp\/v2\/types\/page"}],"author":[{"embeddable":true,"href":"https:\/\/catholiques17.fr\/montlieu\/wp-json\/wp\/v2\/users\/31"}],"replies":[{"embeddable":true,"href":"https:\/\/catholiques17.fr\/montlieu\/wp-json\/wp\/v2\/comments?post=4719"}],"version-history":[{"count":5,"href":"https:\/\/catholiques17.fr\/montlieu\/wp-json\/wp\/v2\/pages\/4719\/revisions"}],"predecessor-version":[{"id":5954,"href":"https:\/\/catholiques17.fr\/montlieu\/wp-json\/wp\/v2\/pages\/4719\/revisions\/5954"}],"up":[{"embeddable":true,"href":"https:\/\/catholiques17.fr\/montlieu\/wp-json\/wp\/v2\/pages\/5635"}],"wp:attachment":[{"href":"https:\/\/catholiques17.fr\/montlieu\/wp-json\/wp\/v2\/media?parent=4719"}],"curies":[{"name":"wp","href":"https:\/\/api.w.org\/{rel}","templated":true}]}}

<p>[et_pb_section fb_built= »1&Prime; _builder_version= »4.16&Prime; global_colors_info= »{} » theme_builder_area= »post_content » custom_padding= »3px||||| »][et_pb_row _builder_version= »4.17.6&Prime; _module_preset= »default » theme_builder_area= »post_content » custom_padding= »10px||||| »][et_pb_column _builder_version= »4.17.6&Prime; _module_preset= »default » type= »4_4&Prime; theme_builder_area= »post_content »][et_pb_image src= »https://catholiques17.fr/montlieu/wp-content/uploads/sites/22/2023/03/Mariage-1.jpeg » _builder_version= »4.17.6&Prime; _module_preset= »default » theme_builder_area= »post_content » title_text= »Mariage (1) » align= »center » border_radii= »on|20px|20px|20px|20px » animation_style= »slide » hover_enabled= »0&Prime; sticky_enabled= »0&Prime;][/et_pb_image][/et_pb_column][/et_pb_row][et_pb_row _builder_version= »4.17.6&Prime; _module_preset= »default » theme_builder_area= »post_content »][et_pb_column _builder_version= »4.17.6&Prime; _module_preset= »default » type= »4_4&Prime; theme_builder_area= »post_content »][et_pb_text _builder_version= »4.17.6&Prime; _module_preset= »default » theme_builder_area= »post_content » hover_enabled= »0&Prime; sticky_enabled= »0&Prime;]</p>
<p><strong>Les personnes désirant célébrer leur mariage religieux sont invitées à contacter la paroisse dès qu’ils envisagent une date.</strong></p>
<p><em>Attention, certains mariages sont prévus un an, deux ans ou plus à l’avance ! Des dates peuvent donc être déjà prises : n&rsquo;attendez pas le dernier moment pour prévenir la paroisse.</em></p>
<p>[/et_pb_text][/et_pb_column][/et_pb_row][et_pb_row _builder_version= »4.17.6&Prime; _module_preset= »default » theme_builder_area= »post_content »][et_pb_column _builder_version= »4.17.6&Prime; _module_preset= »default » type= »4_4&Prime; theme_builder_area= »post_content »][et_pb_text _builder_version= »4.17.6&Prime; _module_preset= »default » theme_builder_area= »post_content » hover_enabled= »0&Prime; sticky_enabled= »0&Prime;]</p>
<p><strong>Des rencontres avec des échanges sur l’engagement du mariage sont proposées aux jeunes qui décident un mariage religieux. </strong><strong> </strong>Une équipe d’accompagnement composée d&rsquo;un prêtre et de couples ayant déjà célébré leur mariage, animeront ces rencontres ; de nouvelles rencontres seront ensuite planifiées avec le prêtre ou le diacre qui présidera la célébration.</p>
<p><!-- /divi:paragraph --><!-- divi:paragraph --></p>
<p>[/et_pb_text][/et_pb_column][/et_pb_row][/et_pb_section]</p>

<p>Les personnes désirant célébrer leur mariage religieux sont invitées à contacter la paroisse dès qu’ils envisagent une date. Attention, certains mariages sont prévus un an, deux ans ou plus à [&hellip;]</p>

<!-- wp:paragraph -->
<p><strong>Les personnes désirant célébrer leur mariage religieux sont invitées à contacter la paroisse dès qu’ils envisagent une date : attention, certains mariages sont prévus un an, deux ans ou plus à l’avance ! Donc des dates peuvent être déjà prise: ne jamais attendre le dernier moment pour prévenir la paroisse.</strong></p>
<!-- /wp:paragraph -->

<!-- wp:image {"align":"center","id":4720,"width":392,"height":294,"sizeSlug":"large","linkDestination":"none"} -->
<figure class="wp-block-image aligncenter size-large is-resized"><img src="https://catholiques17.fr/montlieu/wp-content/uploads/sites/22/2021/03/mariage.jpg" alt="" class="wp-image-4720" width="392" height="294"/></figure>
<!-- /wp:image -->

<!-- wp:paragraph -->
<p><strong>Des rencontres avec des échanges sur l’engagement du mariage sont alors proposées aux jeunes qui décident un mariage religieux.</strong></p>
<!-- /wp:paragraph -->

<!-- wp:paragraph -->
<p><strong>Une équipe d’accompagnement composée de prêtre et de couples ayant déjà célébré leur mariage, animeront ces rencontres ; et, ensuite, sont à prévoir de nouvelles rencontres avec le prêtre ou le diacre qui doit présider la célébration.</strong></p>
<!-- /wp:paragraph -->
