{"id":4696,"date":"2021-03-25T13:06:06","date_gmt":"2021-03-25T12:06:06","guid":{"rendered":"https:\/\/catholiques17.fr\/montlieu\/?page_id=4696"},"modified":"2023-03-22T11:41:24","modified_gmt":"2023-03-22T10:41:24","slug":"eglise-st-vivien-de-clerac","status":"publish","type":"page","link":"https:\/\/catholiques17.fr\/montlieu\/nos-eglises\/eglise-st-vivien-de-clerac\/","title":{"rendered":"Eglise St Vivien de Cl\u00e9rac"},"content":{"rendered":"<p>[et_pb_section fb_built=\u00a0\u00bb1&Prime; _builder_version=\u00a0\u00bb4.17.6&Prime; _module_preset=\u00a0\u00bbdefault\u00a0\u00bb custom_padding=\u00a0\u00bb8px|||||\u00a0\u00bb global_colors_info=\u00a0\u00bb{}\u00a0\u00bb theme_builder_area=\u00a0\u00bbet_body_layout\u00a0\u00bb][et_pb_row _builder_version=\u00a0\u00bb4.17.6&Prime; _module_preset=\u00a0\u00bbdefault\u00a0\u00bb custom_padding=\u00a0\u00bb14px|||||\u00a0\u00bb global_colors_info=\u00a0\u00bb{}\u00a0\u00bb theme_builder_area=\u00a0\u00bbet_body_layout\u00a0\u00bb][et_pb_column type=\u00a0\u00bb4_4&Prime; _builder_version=\u00a0\u00bb4.17.6&Prime; _module_preset=\u00a0\u00bbdefault\u00a0\u00bb global_colors_info=\u00a0\u00bb{}\u00a0\u00bb theme_builder_area=\u00a0\u00bbet_body_layout\u00a0\u00bb][et_pb_image src=\u00a0\u00bbhttps:\/\/catholiques17.fr\/montlieu\/wp-content\/uploads\/sites\/22\/2023\/03\/110_01.jpg\u00a0\u00bb title_text=\u00a0\u00bb110_01&Prime; align=\u00a0\u00bbcenter\u00a0\u00bb _builder_version=\u00a0\u00bb4.17.6&Prime; _module_preset=\u00a0\u00bbdefault\u00a0\u00bb animation_style=\u00a0\u00bbslide\u00a0\u00bb hover_enabled=\u00a0\u00bb0&Prime; border_radii=\u00a0\u00bbon|20px|20px|20px|20px\u00a0\u00bb global_colors_info=\u00a0\u00bb{}\u00a0\u00bb theme_builder_area=\u00a0\u00bbet_body_layout\u00a0\u00bb sticky_enabled=\u00a0\u00bb0&Prime;][\/et_pb_image][\/et_pb_column][\/et_pb_row][et_pb_row _builder_version=\u00a0\u00bb4.17.6&Prime; _module_preset=\u00a0\u00bbdefault\u00a0\u00bb global_colors_info=\u00a0\u00bb{}\u00a0\u00bb theme_builder_area=\u00a0\u00bbet_body_layout\u00a0\u00bb][et_pb_column type=\u00a0\u00bb4_4&Prime; _builder_version=\u00a0\u00bb4.17.6&Prime; _module_preset=\u00a0\u00bbdefault\u00a0\u00bb global_colors_info=\u00a0\u00bb{}\u00a0\u00bb theme_builder_area=\u00a0\u00bbet_body_layout\u00a0\u00bb][et_pb_text _builder_version=\u00a0\u00bb4.17.6&Prime; _module_preset=\u00a0\u00bbdefault\u00a0\u00bb hover_enabled=\u00a0\u00bb0&Prime; global_colors_info=\u00a0\u00bb{}\u00a0\u00bb theme_builder_area=\u00a0\u00bbet_body_layout\u00a0\u00bb sticky_enabled=\u00a0\u00bb0&Prime;]<\/p>\n<p align=\"justify\">L\u2019\u00e9glise Saint-Vivien de Clerac se dresse au centre du bourg. Cet ancien prieur\u00e9 b\u00e9n\u00e9dictin relevait de l\u2019abbaye de Gu\u00eetres.<br \/>D\u2019origine tr\u00e8s ancienne, du d\u00e9but du XIe si\u00e8cle, elle a \u00e9t\u00e9 plusieurs fois modifi\u00e9e. C\u2019est ainsi que le chevet fut reconstruit au XVe si\u00e8cle et perc\u00e9 d\u2019une large baie ogivale dont le remplage et le vitrail ont \u00e9t\u00e9 refait au XIXe si\u00e8cle. En m\u00eame temps fut ajout\u00e9e la chapelle nord, d\u00e9di\u00e9e \u00e0 Saint-Antoine. Elle est vo\u00fbt\u00e9e sur crois\u00e9e d\u2019ogives.<br \/>En 1856, la chapelle sud est construite dans le m\u00eame style n\u00e9ogothique sur crois\u00e9e d\u2019ogives et baie ogivale \u00e0 un meneau. Elle est d\u00e9di\u00e9e \u00e0 la Sainte-Vierge.<br \/>En 1863, la nef revo\u00fbt\u00e9e prend appui sur les colonnes romanes \u00e0 pilastres. Les chapiteaux ont subsist\u00e9. Certains sont orn\u00e9s de feuillages, de motifs stylis\u00e9s, d\u2019autres d\u2019animaux, de personnages et de nombreuses t\u00eates humaines.<br \/>En 1910, la fa\u00e7ade occidentale est refaite sur le mod\u00e8le de l\u2019ancienne fa\u00e7ade romane. Fortement structur\u00e9e et assez \u00e9labor\u00e9e, elle a \u00e9t\u00e9 tr\u00e8s soigneusement appareill\u00e9e en pierre de calcaire.<br \/>Le registre bas est de composition tripartite. Des cordons de pointes de diamant soulignent tous les arcs;<br \/>Une arcature se d\u00e9veloppe sur toute la largeur du registre sup\u00e9rieur au-dessus de la corniche \u00e0 mordillons. Dans chacun des cintres, un arc plus petit s\u2019appuie sur de fines colonnettes \u00e0 chapiteaux sculpt\u00e9s.<br \/>L\u2019ensemble est d\u00e9limit\u00e9 par une frise haute en damier. Le sommet du pignon est d\u2019une interpr\u00e9tation plus libre.<\/p>\n<p align=\"justify\">Calvaire monumental en bois et stuc peint du XIXe si\u00e8cle<br \/>Tr\u00e8s grand Christ en croix dont le pied et le montant de la croix sont couverts de c\u0153urs de diff\u00e9rentes tailles, reliquats d\u2019anciens v\u0153ux.<br \/>Une Vierge en bois et stuc peint du d\u00e9but XIXe si\u00e8cle<br \/>Cloche en bronze de 1636<br \/>Ma\u00eetre-autel et cuve baptismale du XIXe si\u00e8cle en calcaire sculpt\u00e9 par Arnold<\/p>\n<p>[\/et_pb_text][\/et_pb_column][\/et_pb_row][et_pb_row column_structure=\u00a0\u00bb1_3,1_3,1_3&Prime; _builder_version=\u00a0\u00bb4.17.6&Prime; _module_preset=\u00a0\u00bbdefault\u00a0\u00bb global_colors_info=\u00a0\u00bb{}\u00a0\u00bb theme_builder_area=\u00a0\u00bbet_body_layout\u00a0\u00bb][et_pb_column type=\u00a0\u00bb1_3&Prime; _builder_version=\u00a0\u00bb4.17.6&Prime; _module_preset=\u00a0\u00bbdefault\u00a0\u00bb global_colors_info=\u00a0\u00bb{}\u00a0\u00bb theme_builder_area=\u00a0\u00bbet_body_layout\u00a0\u00bb][et_pb_image src=\u00a0\u00bbhttps:\/\/catholiques17.fr\/montlieu\/wp-content\/uploads\/sites\/22\/2023\/03\/110_07.jpg\u00a0\u00bb title_text=\u00a0\u00bb110_07&Prime; show_in_lightbox=\u00a0\u00bbon\u00a0\u00bb align=\u00a0\u00bbcenter\u00a0\u00bb _builder_version=\u00a0\u00bb4.17.6&Prime; _module_preset=\u00a0\u00bbdefault\u00a0\u00bb hover_enabled=\u00a0\u00bb0&Prime; border_radii=\u00a0\u00bbon|20px|20px|20px|20px\u00a0\u00bb border_width_all=\u00a0\u00bb1px\u00a0\u00bb border_color_all=\u00a0\u00bb#FF8C00&Prime; global_colors_info=\u00a0\u00bb{}\u00a0\u00bb theme_builder_area=\u00a0\u00bbet_body_layout\u00a0\u00bb sticky_enabled=\u00a0\u00bb0&Prime;][\/et_pb_image][\/et_pb_column][et_pb_column type=\u00a0\u00bb1_3&Prime; _builder_version=\u00a0\u00bb4.17.6&Prime; _module_preset=\u00a0\u00bbdefault\u00a0\u00bb global_colors_info=\u00a0\u00bb{}\u00a0\u00bb theme_builder_area=\u00a0\u00bbet_body_layout\u00a0\u00bb][et_pb_image src=\u00a0\u00bbhttps:\/\/catholiques17.fr\/montlieu\/wp-content\/uploads\/sites\/22\/2023\/03\/110_09.jpg\u00a0\u00bb title_text=\u00a0\u00bb110_09&Prime; show_in_lightbox=\u00a0\u00bbon\u00a0\u00bb align=\u00a0\u00bbcenter\u00a0\u00bb _builder_version=\u00a0\u00bb4.17.6&Prime; _module_preset=\u00a0\u00bbdefault\u00a0\u00bb hover_enabled=\u00a0\u00bb0&Prime; border_radii=\u00a0\u00bbon|20px|20px|20px|20px\u00a0\u00bb border_width_all=\u00a0\u00bb1px\u00a0\u00bb border_color_all=\u00a0\u00bb#FF8C00&Prime; global_colors_info=\u00a0\u00bb{}\u00a0\u00bb theme_builder_area=\u00a0\u00bbet_body_layout\u00a0\u00bb sticky_enabled=\u00a0\u00bb0&Prime;][\/et_pb_image][\/et_pb_column][et_pb_column type=\u00a0\u00bb1_3&Prime; _builder_version=\u00a0\u00bb4.17.6&Prime; _module_preset=\u00a0\u00bbdefault\u00a0\u00bb global_colors_info=\u00a0\u00bb{}\u00a0\u00bb theme_builder_area=\u00a0\u00bbet_body_layout\u00a0\u00bb][et_pb_image src=\u00a0\u00bbhttps:\/\/catholiques17.fr\/montlieu\/wp-content\/uploads\/sites\/22\/2023\/03\/110_50.jpg\u00a0\u00bb title_text=\u00a0\u00bb110_50&Prime; show_in_lightbox=\u00a0\u00bbon\u00a0\u00bb align=\u00a0\u00bbcenter\u00a0\u00bb _builder_version=\u00a0\u00bb4.17.6&Prime; _module_preset=\u00a0\u00bbdefault\u00a0\u00bb hover_enabled=\u00a0\u00bb0&Prime; border_radii=\u00a0\u00bbon|20px|20px|20px|20px\u00a0\u00bb border_width_all=\u00a0\u00bb1px\u00a0\u00bb border_color_all=\u00a0\u00bb#FF8C00&Prime; global_colors_info=\u00a0\u00bb{}\u00a0\u00bb theme_builder_area=\u00a0\u00bbet_body_layout\u00a0\u00bb sticky_enabled=\u00a0\u00bb0&Prime;][\/et_pb_image][\/et_pb_column][\/et_pb_row][\/et_pb_section]<\/p>\n","protected":false},"excerpt":{"rendered":"<p>L\u2019\u00e9glise Saint-Vivien de Clerac se dresse au centre du bourg. Cet ancien prieur\u00e9 b\u00e9n\u00e9dictin relevait de l\u2019abbaye de Gu\u00eetres.D\u2019origine tr\u00e8s ancienne, du d\u00e9but du XIe si\u00e8cle, elle a \u00e9t\u00e9 plusieurs [&hellip;]<\/p>\n","protected":false},"author":31,"featured_media":0,"parent":4622,"menu_order":0,"comment_status":"closed","ping_status":"closed","template":"","meta":{"_et_pb_use_builder":"on","_et_pb_old_content":"<!-- wp:paragraph -->\n<p>L\u2019\u00e9glise de Cl\u00e9rac, d\u00e9di\u00e9e \u00e0 saint Vivien, est un ancien prieur\u00e9 b\u00e9n\u00e9dictin qui relevait de l\u2019abbaye de Gu\u00eetres, dans le dioc\u00e8se de Bordeaux.<\/p>\n<!-- \/wp:paragraph -->\n\n<!-- wp:media-text {\"mediaId\":4697,\"mediaType\":\"image\",\"mediaWidth\":42,\"imageFill\":true,\"focalPoint\":{\"x\":\"0.16\",\"y\":\"0.60\"}} -->\n<div class=\"wp-block-media-text alignwide is-stacked-on-mobile is-image-fill\" style=\"grid-template-columns:42% auto\"><figure class=\"wp-block-media-text__media\" style=\"background-image:url(https:\/\/catholiques17.fr\/montlieu\/wp-content\/uploads\/sites\/22\/2021\/03\/eglise-Clerac1_-1536x979-1.jpg);background-position:16% 60%\"><img src=\"https:\/\/catholiques17.fr\/montlieu\/wp-content\/uploads\/sites\/22\/2021\/03\/eglise-Clerac1_-1536x979-1.jpg\" alt=\"\" class=\"wp-image-4697 size-full\" \/><\/figure><div class=\"wp-block-media-text__content\"><!-- wp:paragraph {\"placeholder\":\"Contenu\u2026\"} -->\n<p><strong>L\u2019\u00e9difice, dont les origines sont ant\u00e9rieures au XII \u00e8 si\u00e8cle, a \u00e9t\u00e9 plusieurs fois d\u00e9truit, restaur\u00e9, modifi\u00e9 et agrandi<\/strong>. Au Moyen Age il ne comprenait qu\u2019une seule nef se terminant par une abside arrondie. Au 14 \u00e8 si\u00e8cle, on a ajout\u00e9 un clocher d\u00e9fensif que l\u2019on ne peut atteindre que de l\u2019int\u00e9rieur gr\u00e2ce \u00e0 une \u00e9chelle qui donne acc\u00e8s \u00e0 un escalier en colima\u00e7on. Apr\u00e8s les destructions de la guerre de 100 ans, le chevet a \u00e9t\u00e9 reconstruit avec un mur plat qui prend le jour par une grande fen\u00eatre, les voutes d\u2019ogive ont \u00e9t\u00e9 refaites mais les colonnes et les chapiteaux romans ont \u00e9t\u00e9 conserv\u00e9s, et on a ajout\u00e9 la chapelle sud pour abriter une statue miraculeuse de saint Antoine.<\/p>\n<!-- \/wp:paragraph --><\/div><\/div>\n<!-- \/wp:media-text -->\n\n<!-- wp:paragraph -->\n<p>En 1856, le cur\u00e9 Millieurenche a fait ajouter une chapelle de style ogival au nord d\u00e9di\u00e9e \u00e0 la Vierge. En 1863, le cur\u00e9 Chaudruc a command\u00e9 au sculpteur Arnold le maitre autel, la Sainte Table, la chaire et les fonds baptismaux. Et en 1909-1910, sous le cur\u00e9 Chaigneau, on a dot\u00e9 l\u2019\u00e9glise d\u2019une horloge m\u00e9canique et on a refait la fa\u00e7ade ; on en a profit\u00e9 pour mettre \u00e0 l\u2019abri dans la chapelle de Saint Antoine, l\u2019immense calvaire en bois qui se trouvait jusque-l\u00e0 \u00e0 l\u2019extr\u00e9mit\u00e9 orientale du bourg, dans le jardin de ce qui avait \u00e9t\u00e9 le domaine du prieur\u00e9.<\/p>\n<!-- \/wp:paragraph -->\n\n<!-- wp:paragraph -->\n<p>Il y a quelques ann\u00e9es d\u2019importants travaux de restauration ont \u00e9t\u00e9 effectu\u00e9s. On a notamment enlev\u00e9 le cr\u00e9pi en ciment qui masquait l\u2019appareillage de pierre des murs int\u00e9rieurs.<\/p>\n<!-- \/wp:paragraph -->\n\n<!-- wp:gallery {\"ids\":[4698,4699,4700,4701],\"columns\":4,\"linkTo\":\"none\",\"sizeSlug\":\"thumbnail\"} -->\n<figure class=\"wp-block-gallery columns-4 is-cropped\"><ul class=\"blocks-gallery-grid\"><li class=\"blocks-gallery-item\"><figure><img src=\"https:\/\/catholiques17.fr\/montlieu\/wp-content\/uploads\/sites\/22\/2021\/03\/eglise-Clerac_nef1-1085x2048-1-150x150.jpg\" alt=\"\" data-id=\"4698\" data-full-url=\"https:\/\/catholiques17.fr\/montlieu\/wp-content\/uploads\/sites\/22\/2021\/03\/eglise-Clerac_nef1-1085x2048-1.jpg\" data-link=\"https:\/\/catholiques17.fr\/montlieu\/?attachment_id=4698\" class=\"wp-image-4698\" \/><\/figure><\/li><li class=\"blocks-gallery-item\"><figure><img src=\"https:\/\/catholiques17.fr\/montlieu\/wp-content\/uploads\/sites\/22\/2021\/03\/eglise-Clerac_Croix-en-bois1-1076x2048-1-150x150.jpg\" alt=\"\" data-id=\"4699\" data-full-url=\"https:\/\/catholiques17.fr\/montlieu\/wp-content\/uploads\/sites\/22\/2021\/03\/eglise-Clerac_Croix-en-bois1-1076x2048-1.jpg\" data-link=\"https:\/\/catholiques17.fr\/montlieu\/?attachment_id=4699\" class=\"wp-image-4699\" \/><\/figure><\/li><li class=\"blocks-gallery-item\"><figure><img src=\"https:\/\/catholiques17.fr\/montlieu\/wp-content\/uploads\/sites\/22\/2021\/03\/eglise-Clerac_Maitre-autel-1-150x150.png\" alt=\"\" data-id=\"4700\" data-full-url=\"https:\/\/catholiques17.fr\/montlieu\/wp-content\/uploads\/sites\/22\/2021\/03\/eglise-Clerac_Maitre-autel-1.png\" data-link=\"https:\/\/catholiques17.fr\/montlieu\/?attachment_id=4700\" class=\"wp-image-4700\" \/><\/figure><\/li><li class=\"blocks-gallery-item\"><figure><img src=\"https:\/\/catholiques17.fr\/montlieu\/wp-content\/uploads\/sites\/22\/2021\/03\/eglise-Clerac_statue-1-150x150.png\" alt=\"\" data-id=\"4701\" data-full-url=\"https:\/\/catholiques17.fr\/montlieu\/wp-content\/uploads\/sites\/22\/2021\/03\/eglise-Clerac_statue-1.png\" data-link=\"https:\/\/catholiques17.fr\/montlieu\/?attachment_id=4701\" class=\"wp-image-4701\" \/><\/figure><\/li><\/ul><\/figure>\n<!-- \/wp:gallery -->\n\n<!-- wp:paragraph -->\n<p><strong>Aujourd\u2018hui, l\u2019\u00e9glise Saint Vivien se pr\u00e9sente comme un \u00e9difice orient\u00e9 est-ouest, en forme de croix latine<\/strong>. La fa\u00e7ade, reconstruite en belles pierres de taille (en respectant le dessin de l\u2019ancienne) est de style roman saintongeais\u00a0: au rez de chauss\u00e9e, un portail en plein ceintre entour\u00e9 de deux baies aveugles\u00a0; au premier \u00e9tage, une arcature de 5 baies\u00a0; au sommet, un fronton triangulaire orn\u00e9 d\u2019une horloge. Les autres murs du b\u00e2timent sont faits de pierres de r\u00e9cup\u00e9ration provenant des \u00e9difices ant\u00e9rieurs, et en \u00ab grison\u00a0\u00bb, la pierre tendre de la r\u00e9gion.<\/p>\n<!-- \/wp:paragraph -->\n\n<!-- wp:media-text {\"mediaId\":4702,\"mediaType\":\"image\",\"mediaWidth\":23,\"imageFill\":true,\"focalPoint\":{\"x\":\"0.50\",\"y\":\"0.61\"}} -->\n<div class=\"wp-block-media-text alignwide is-stacked-on-mobile is-image-fill\" style=\"grid-template-columns:23% auto\"><figure class=\"wp-block-media-text__media\" style=\"background-image:url(https:\/\/catholiques17.fr\/montlieu\/wp-content\/uploads\/sites\/22\/2021\/03\/eglise-Clerac_nef1-1085x2048-1-1.jpg);background-position:50% 61%\"><img src=\"https:\/\/catholiques17.fr\/montlieu\/wp-content\/uploads\/sites\/22\/2021\/03\/eglise-Clerac_nef1-1085x2048-1-1.jpg\" alt=\"\" class=\"wp-image-4702 size-full\" \/><\/figure><div class=\"wp-block-media-text__content\"><!-- wp:paragraph {\"placeholder\":\"Contenu\u2026\"} -->\n<p>La nef comporte 3 trav\u00e9es. Les voutes d\u2019ogives reposent sur des colonnes romanes surmont\u00e9es de chapiteaux plus ou moins bien conserv\u00e9s. Un arc surbaiss\u00e9 tr\u00e8s ancien pr\u00e9c\u00e8de le transept et le ch\u0153ur de style ogival. Dans la chapelle de droite, la statue de saint Antoine fait face \u00e0 l\u2019immense croix en bois (class\u00e9e) orn\u00e9e de c\u0153urs, reliquats d\u2019anciens v\u0153ux, et entour\u00e9e d\u2019une statue de la vierge \u00e9galement en bois et de saint Jean (refaite en pl\u00e2tre lors du transfert du calvaire dans l\u2019\u00e9glise au d\u00e9but du 20 \u00e8 si\u00e8cle). Les vitraux datent des restaurations des 19 \u00e8 et 20 \u00e8 si\u00e8cles.<\/p>\n<!-- \/wp:paragraph --><\/div><\/div>\n<!-- \/wp:media-text -->\n\n<!-- wp:paragraph -->\n<p>Dans le mobilier, on remarque, outre les sculptures d\u2019Arnold, un b\u00e9nitier port\u00e9 par un ange sur un socle gothique. La cloche (class\u00e9e) date de 1636. Elle porte une inscription en latin qui signifie \u00ab louange soit \u00e0 J\u00e9sus et \u00e0 Marie, sa m\u00e8re ainsi qu\u2019\u00e0 Saint-Vivien de Cl\u00e9rac\u00a0\u00bb, ainsi que les noms des parrain et marraine, Allain de Caill\u00e8res et Izabelle de Girard Bongirauld.<\/p>\n<!-- \/wp:paragraph -->\n\n<!-- wp:gallery {\"ids\":[4704,4705],\"linkTo\":\"none\",\"sizeSlug\":\"thumbnail\"} -->\n<figure class=\"wp-block-gallery columns-2 is-cropped\"><ul class=\"blocks-gallery-grid\"><li class=\"blocks-gallery-item\"><figure><img src=\"https:\/\/catholiques17.fr\/montlieu\/wp-content\/uploads\/sites\/22\/2021\/03\/eglise-Clerac_benitier1-240x300-1-150x150.jpg\" alt=\"\" data-id=\"4704\" data-full-url=\"https:\/\/catholiques17.fr\/montlieu\/wp-content\/uploads\/sites\/22\/2021\/03\/eglise-Clerac_benitier1-240x300-1.jpg\" data-link=\"https:\/\/catholiques17.fr\/montlieu\/eglise-st-vivien-de-clerac\/eglise-clerac_benitier1-240x300-1\/\" class=\"wp-image-4704\" \/><\/figure><\/li><li class=\"blocks-gallery-item\"><figure><img src=\"https:\/\/catholiques17.fr\/montlieu\/wp-content\/uploads\/sites\/22\/2021\/03\/eglise-Clerac_cloche-1-150x150.jpg\" alt=\"\" data-id=\"4705\" data-full-url=\"https:\/\/catholiques17.fr\/montlieu\/wp-content\/uploads\/sites\/22\/2021\/03\/eglise-Clerac_cloche-1.jpg\" data-link=\"https:\/\/catholiques17.fr\/montlieu\/eglise-st-vivien-de-clerac\/eglise-clerac_cloche-1\/\" class=\"wp-image-4705\" \/><\/figure><\/li><\/ul><\/figure>\n<!-- \/wp:gallery -->\n\n<!-- wp:paragraph -->\n<p>L\u2019\u00e9glise romane Saint Vivien, a \u00e9t\u00e9 remani\u00e9e au XIX\u00b0 et XX\u00b0 si\u00e8cle.<\/p>\n<!-- \/wp:paragraph -->\n\n<!-- wp:list -->\n<ul><li>Fa\u00e7ade n\u00e9o-romane<\/li><li>Clocher carr\u00e9 recouvert d\u2019ardoises<\/li><li>Cloche de 1636&nbsp;: class\u00e9e<\/li><li>Calvaire en bois<\/li><li>Statue en bois sculpt\u00e9 (polychrome) XVI\u00b0 si\u00e8cle<\/li><li>Autel principal et autel lat\u00e9raux sculpt\u00e9s par Arnold en 1863<\/li><\/ul>\n<!-- \/wp:list -->","_et_gb_content_width":"","footnotes":""},"class_list":["post-4696","page","type-page","status-publish","hentry"],"_links":{"self":[{"href":"https:\/\/catholiques17.fr\/montlieu\/wp-json\/wp\/v2\/pages\/4696","targetHints":{"allow":["GET"]}}],"collection":[{"href":"https:\/\/catholiques17.fr\/montlieu\/wp-json\/wp\/v2\/pages"}],"about":[{"href":"https:\/\/catholiques17.fr\/montlieu\/wp-json\/wp\/v2\/types\/page"}],"author":[{"embeddable":true,"href":"https:\/\/catholiques17.fr\/montlieu\/wp-json\/wp\/v2\/users\/31"}],"replies":[{"embeddable":true,"href":"https:\/\/catholiques17.fr\/montlieu\/wp-json\/wp\/v2\/comments?post=4696"}],"version-history":[{"count":5,"href":"https:\/\/catholiques17.fr\/montlieu\/wp-json\/wp\/v2\/pages\/4696\/revisions"}],"predecessor-version":[{"id":5976,"href":"https:\/\/catholiques17.fr\/montlieu\/wp-json\/wp\/v2\/pages\/4696\/revisions\/5976"}],"up":[{"embeddable":true,"href":"https:\/\/catholiques17.fr\/montlieu\/wp-json\/wp\/v2\/pages\/4622"}],"wp:attachment":[{"href":"https:\/\/catholiques17.fr\/montlieu\/wp-json\/wp\/v2\/media?parent=4696"}],"curies":[{"name":"wp","href":"https:\/\/api.w.org\/{rel}","templated":true}]}}