{"id":4622,"date":"2021-03-25T12:26:58","date_gmt":"2021-03-25T11:26:58","guid":{"rendered":"https:\/\/catholiques17.fr\/montlieu\/?page_id=4622"},"modified":"2023-03-16T14:35:13","modified_gmt":"2023-03-16T13:35:13","slug":"nos-eglises","status":"publish","type":"page","link":"https:\/\/catholiques17.fr\/montlieu\/nos-eglises\/","title":{"rendered":"Nos \u00e9glises"},"content":{"rendered":"\n<div class=\"wp-block-group is-layout-flow wp-block-group-is-layout-flow\">\n<p><a href=\"https:\/\/catholiques17.fr\/montlieu\/notre-dame-de-lassomption-eglise-de-montlieu-la-garde\/\">Notre Dame de l\u2019Assomption, \u00e9glise de Montlieu La Garde<\/a><\/p>\n\n\n\n<p><a href=\"https:\/\/catholiques17.fr\/montlieu\/nos-eglises\/saint-vivien\/\">Eglise St Vivien&nbsp;(commune Montlieu La Garde)<\/a><\/p>\n\n\n\n<p><a href=\"https:\/\/catholiques17.fr\/montlieu\/nos-eglises\/deux-eglises-sur-le-territoire-de-la-commune-de-bedenac\/\">Deux \u00e9glises sur le territoire de la commune de B\u00e9denac<\/a><\/p>\n\n\n\n<p><a href=\"https:\/\/catholiques17.fr\/montlieu\/nos-eglises\/le-petit-seminaire-de-montlieu-1860-1865\/\">Le petit s\u00e9minaire de Montlieu La Garde<\/a><\/p>\n\n\n\n<p><a href=\"https:\/\/catholiques17.fr\/montlieu\/nos-eglises\/eglise-de-chantillac\/\">St Jean Baptiste, \u00e9glise de Chantillac<\/a><\/p>\n\n\n\n<p>St Saturnin, \u00e9glise de Cercoux<\/p>\n\n\n\n<p>St Clair, \u00e9glise de Bors de Baignes<\/p>\n\n\n\n<p><a href=\"https:\/\/catholiques17.fr\/montlieu\/nos-eglises\/chevanceaux\/\">St Pierre, \u00e9glise de Chevanceaux<\/a><\/p>\n\n\n\n<p><a href=\"https:\/\/catholiques17.fr\/montlieu\/nos-eglises\/eglise-du-pin\/\">St Martin, \u00e9glise du Pin<\/a><\/p>\n\n\n\n<p>Ste Colombe, \u00e9glise de Ste Colombe<\/p>\n\n\n\n<p><a href=\"https:\/\/catholiques17.fr\/montlieu\/nos-eglises\/eglise-de-chepniers\/\">St Etienne, \u00e9glise de Chepniers<\/a><\/p>\n\n\n\n<p>St Etienne, \u00e9glise de M\u00e9rignac<\/p>\n\n\n\n<p>St Hilaire, \u00e9glise de Pouillac<\/p>\n\n\n\n<p>St Laurent, \u00e9glise de Neuvicq<\/p>\n\n\n\n<p><a href=\"https:\/\/catholiques17.fr\/montlieu\/nos-eglises\/eglise-saint-martin\/\">St Martin, \u00e9glise de St Martin d\u2019Ary<\/a><\/p>\n\n\n\n<p>St Martin, \u00e9glise de Polignac<\/p>\n\n\n\n<p><a href=\"https:\/\/catholiques17.fr\/montlieu\/nos-eglises\/4688-2\/\">St Palais, \u00e9glise de St Palais de N\u00e9grignac<\/a><\/p>\n\n\n\n<p>St Pierre et Saint Paul, \u00e9glise de Boresse et Martron<\/p>\n\n\n\n<p>St Pierre, \u00e9glise d\u2019Orignolles<\/p>\n\n\n\n<p>St Pierre, \u00e9glise de St Pierre du Palais<\/p>\n\n\n\n<p>St Symphorien, \u00e9glise de Chatenet<\/p>\n\n\n\n<p><a href=\"https:\/\/catholiques17.fr\/montlieu\/nos-eglises\/eglise-st-vivien-de-clerac\/\">St Vivien, \u00e9glise de Cl\u00e9rac<\/a><\/p>\n<\/div>\n","protected":false},"excerpt":{"rendered":"<p>Notre Dame de l\u2019Assomption, \u00e9glise de Montlieu La Garde Eglise St Vivien&nbsp;(commune Montlieu La Garde) Deux \u00e9glises sur le territoire de la commune de B\u00e9denac Le petit s\u00e9minaire de Montlieu [&hellip;]<\/p>\n","protected":false},"author":31,"featured_media":0,"parent":0,"menu_order":0,"comment_status":"closed","ping_status":"closed","template":"","meta":{"_et_pb_use_builder":"off","_et_pb_old_content":"","_et_gb_content_width":"","footnotes":""},"class_list":["post-4622","page","type-page","status-publish","hentry"],"_links":{"self":[{"href":"https:\/\/catholiques17.fr\/montlieu\/wp-json\/wp\/v2\/pages\/4622","targetHints":{"allow":["GET"]}}],"collection":[{"href":"https:\/\/catholiques17.fr\/montlieu\/wp-json\/wp\/v2\/pages"}],"about":[{"href":"https:\/\/catholiques17.fr\/montlieu\/wp-json\/wp\/v2\/types\/page"}],"author":[{"embeddable":true,"href":"https:\/\/catholiques17.fr\/montlieu\/wp-json\/wp\/v2\/users\/31"}],"replies":[{"embeddable":true,"href":"https:\/\/catholiques17.fr\/montlieu\/wp-json\/wp\/v2\/comments?post=4622"}],"version-history":[{"count":6,"href":"https:\/\/catholiques17.fr\/montlieu\/wp-json\/wp\/v2\/pages\/4622\/revisions"}],"predecessor-version":[{"id":5796,"href":"https:\/\/catholiques17.fr\/montlieu\/wp-json\/wp\/v2\/pages\/4622\/revisions\/5796"}],"wp:attachment":[{"href":"https:\/\/catholiques17.fr\/montlieu\/wp-json\/wp\/v2\/media?parent=4622"}],"curies":[{"name":"wp","href":"https:\/\/api.w.org\/{rel}","templated":true}]}}

Nos églises

<div class="wp-block-group is-layout-flow wp-block-group-is-layout-flow">
<p><a href="https://catholiques17.fr/montlieu/notre-dame-de-lassomption-eglise-de-montlieu-la-garde/">Notre Dame de l’Assomption, église de Montlieu La Garde</a></p>



<p><a href="https://catholiques17.fr/montlieu/nos-eglises/saint-vivien/">Eglise St Vivien&nbsp;(commune Montlieu La Garde)</a></p>



<p><a href="https://catholiques17.fr/montlieu/nos-eglises/deux-eglises-sur-le-territoire-de-la-commune-de-bedenac/">Deux églises sur le territoire de la commune de Bédenac</a></p>



<p><a href="https://catholiques17.fr/montlieu/nos-eglises/le-petit-seminaire-de-montlieu-1860-1865/">Le petit séminaire de Montlieu La Garde</a></p>



<p><a href="https://catholiques17.fr/montlieu/nos-eglises/eglise-de-chantillac/">St Jean Baptiste, église de Chantillac</a></p>



<p>St Saturnin, église de Cercoux</p>



<p>St Clair, église de Bors de Baignes</p>



<p><a href="https://catholiques17.fr/montlieu/nos-eglises/chevanceaux/">St Pierre, église de Chevanceaux</a></p>



<p><a href="https://catholiques17.fr/montlieu/nos-eglises/eglise-du-pin/">St Martin, église du Pin</a></p>



<p>Ste Colombe, église de Ste Colombe</p>



<p><a href="https://catholiques17.fr/montlieu/nos-eglises/eglise-de-chepniers/">St Etienne, église de Chepniers</a></p>



<p>St Etienne, église de Mérignac</p>



<p>St Hilaire, église de Pouillac</p>



<p>St Laurent, église de Neuvicq</p>



<p><a href="https://catholiques17.fr/montlieu/nos-eglises/eglise-saint-martin/">St Martin, église de St Martin d’Ary</a></p>



<p>St Martin, église de Polignac</p>



<p><a href="https://catholiques17.fr/montlieu/nos-eglises/4688-2/">St Palais, église de St Palais de Négrignac</a></p>



<p>St Pierre et Saint Paul, église de Boresse et Martron</p>



<p>St Pierre, église d’Orignolles</p>



<p>St Pierre, église de St Pierre du Palais</p>



<p>St Symphorien, église de Chatenet</p>



<p><a href="https://catholiques17.fr/montlieu/nos-eglises/eglise-st-vivien-de-clerac/">St Vivien, église de Clérac</a></p>
</div>

<p>Notre Dame de l’Assomption, église de Montlieu La Garde Eglise St Vivien&nbsp;(commune Montlieu La Garde) Deux églises sur le territoire de la commune de Bédenac Le petit séminaire de Montlieu [&hellip;]</p>
