{"id":4618,"date":"2021-03-25T12:06:12","date_gmt":"2021-03-25T11:06:12","guid":{"rendered":"https:\/\/catholiques17.fr\/montlieu\/?page_id=4618"},"modified":"2025-06-27T19:48:33","modified_gmt":"2025-06-27T17:48:33","slug":"les-mariages-sur-notre-paroisse","status":"publish","type":"page","link":"https:\/\/catholiques17.fr\/montlieu\/evenements-sur-notre-paroisse\/les-mariages-sur-notre-paroisse\/","title":{"rendered":"Les mariages sur notre paroisse"},"content":{"rendered":"[et_pb_section fb_built=\u00a0\u00bb1&Prime; admin_label=\u00a0\u00bbsection\u00a0\u00bb _builder_version=\u00a0\u00bb4.16&Prime; custom_padding=\u00a0\u00bb8px|||||\u00a0\u00bb global_colors_info=\u00a0\u00bb{}\u00a0\u00bb theme_builder_area=\u00a0\u00bbpost_content\u00a0\u00bb][et_pb_row _builder_version=\u00a0\u00bb4.17.6&Prime; _module_preset=\u00a0\u00bbdefault\u00a0\u00bb custom_padding=\u00a0\u00bb9px|||||\u00a0\u00bb global_colors_info=\u00a0\u00bb{}\u00a0\u00bb theme_builder_area=\u00a0\u00bbpost_content\u00a0\u00bb][et_pb_column type=\u00a0\u00bb4_4&Prime; _builder_version=\u00a0\u00bb4.17.6&Prime; _module_preset=\u00a0\u00bbdefault\u00a0\u00bb global_colors_info=\u00a0\u00bb{}\u00a0\u00bb theme_builder_area=\u00a0\u00bbpost_content\u00a0\u00bb][et_pb_image src=\u00a0\u00bbhttps:\/\/catholiques17.fr\/montlieu\/wp-content\/uploads\/sites\/22\/2023\/03\/Mariage-1.jpeg\u00a0\u00bb title_text=\u00a0\u00bbMariage (1)\u00a0\u00bb align=\u00a0\u00bbcenter\u00a0\u00bb _builder_version=\u00a0\u00bb4.17.6&Prime; _module_preset=\u00a0\u00bbdefault\u00a0\u00bb border_radii=\u00a0\u00bbon|20px|20px|20px|20px\u00a0\u00bb global_colors_info=\u00a0\u00bb{}\u00a0\u00bb theme_builder_area=\u00a0\u00bbpost_content\u00a0\u00bb][\/et_pb_image][\/et_pb_column][\/et_pb_row][et_pb_row admin_label=\u00a0\u00bbrow\u00a0\u00bb _builder_version=\u00a0\u00bb4.16&Prime; global_colors_info=\u00a0\u00bb{}\u00a0\u00bb theme_builder_area=\u00a0\u00bbpost_content\u00a0\u00bb][et_pb_column type=\u00a0\u00bb4_4&Prime; _builder_version=\u00a0\u00bb4.16&Prime; custom_padding=\u00a0\u00bb|||\u00a0\u00bb global_colors_info=\u00a0\u00bb{}\u00a0\u00bb custom_padding__hover=\u00a0\u00bb|||\u00a0\u00bb theme_builder_area=\u00a0\u00bbpost_content\u00a0\u00bb][et_pb_text admin_label=\u00a0\u00bbText\u00a0\u00bb _builder_version=\u00a0\u00bb4.27.4&Prime; background_size=\u00a0\u00bbinitial\u00a0\u00bb background_position=\u00a0\u00bbtop_left\u00a0\u00bb background_repeat=\u00a0\u00bbrepeat\u00a0\u00bb hover_enabled=\u00a0\u00bb0&Prime; global_colors_info=\u00a0\u00bb{}\u00a0\u00bb theme_builder_area=\u00a0\u00bbpost_content\u00a0\u00bb sticky_enabled=\u00a0\u00bb0&Prime;]<p><strong><u>Mariages sur la paroisse en 2025<br \/><\/u><\/strong>19 juillet 2025\u00a0 Thomas BERTET et Tennesse DUPONT \u00e0 Cl\u00e9rac<br \/>26 juillet 2025\u00a0 \u00e0 Cl\u00e9rac<br \/>09 ao\u00fbt 2025 Fr\u00e9d\u00e9ric HURTAUD et Marion PETIT \u00e0 Montguyon<br \/>16 ao\u00fbt 2025 Aymeric GALEY et Aur\u00e9lie DEYRES<br \/>23 ao\u00fbt 2025 Dimitri CHAVEROCHE et Emilie BEZIAU \u00e0 Montlieu la Garde<br \/>23 ao\u00fbt 2025 St\u00e9phane ARNAUD et Val\u00e9rie LEFEVRE \u00e0 St Palais de N\u00e9grignac<br \/>06 septembre Charles Eric DUSSOUY et Anne Laure BAUGIER \u00e0 Cl\u00e9rac<\/p>\n<p><strong><u>Mariages sur la paroisse en 2024<br \/><\/u><\/strong>Le 22 juin, Nicolas POINT et Marine BRASSIE se marieront \u00e0 Cl\u00e9rac<br \/>Le 03 juillet, Rami Pierre EL KALACHE et Sol\u00e8ne Marine GUYOT se marieront \u00e0 Cl\u00e9rac<br \/>Le 13 juillet, Jean Jacques PREUILH et Val\u00e9rie PLEINEMAISON se marieront \u00e0 Neuvicq<br \/>Le 20 juillet, Baptiste CALON et Cl\u00e9mence LELAVANDIER se marieront \u00e0 Montguyon<br \/>Le 20 juillet, M FOURAA et No\u00e9mie LE GUEN se marieront \u00e0 Cl\u00e9rac<br \/>Le 27 juillet, Jonathan WAEVER et Candice BOULANGER se marieront \u00e0 Montguyon<br \/>Le 03 ao\u00fbt, St\u00e9phane POUILLOU et Emilie LAPELLETERIE se marieront \u00e0 Saint Palais de N\u00e9grignac<br \/>Le 10 ao\u00fbt, Jonathan LOUASSIER et Aur\u00e9lie CAILLE se marieront \u00e0 Chepniers<br \/>Le 17 ao\u00fbt, Ludovic DELAMER et Megan BAUDONNEL se marieront \u00e0 Chepniers<\/p>\n<p><strong><u>Mariages sur la paroisse en 2023<\/u><\/strong><br \/>Le 22 avril\u00a0: Arnaud BOURCIER et Marie Jessica HOARAU<br \/>Le 27 mai\u00a0: C\u00e9dric LEVEQUE et Laure CHADOURNE<br \/>Le 27 mai : Loic GUENON et Camille MAYEUR<br \/>Samedi 24 juin: Camille BAUDR\u00c9 et Franck BOTTICHIO<br \/>Samedi 8 juillet: Samantha SASSIAT et Freddy BONNAUDEAU<br \/>Samedi 29 juillet: Jennifer GAZDA et Yoann POUVY<br \/>Samedi 5 ao\u00fbt\u00a02023 : \u00a0Oc\u00e9ane PEROT et J\u00e9r\u00e9my TESSIER<br \/>Samedi 12 ao\u00fbt 2023\u00a0: Celyann FRANCHET et Valentin PISAREK<br \/>Samedi 26 ao\u00fbt 2023\u00a0: Tatiana GAY et Thierry LEGER<br \/>Le 2 septembre : Franck BOTTICHIO et Camille BAUBRE \u00e0 St Pierre du Palais<br \/>Le 09 septembre : S\u00e9bastien BOUCHET et M\u00e9lissa BERNARD \u00e0 Montlieu la Garde<\/p>\n<p><strong>Mariages c\u00e9l\u00e9br\u00e9s en d\u00e9cembre 2022<\/strong><br \/>Le 17 d\u00e9cembre \u00e0 B\u00e9denac, Tiphanie TAMPIE et Steven CHEVREUL<\/p>\n<p><\/p>\n<p><strong>Mariages c\u00e9l\u00e9br\u00e9s en septembre 2022<\/strong><br \/>Le 17 septembre \u00e0 MONTGUYON, Maxime VEDELAGO et Catherine VIVIER<\/p>\n<p><\/p>\n<p><strong>Mariages c\u00e9l\u00e9br\u00e9s en ao\u00fbt 2022<\/strong><br \/>Le 13 ao\u00fbt \u00e0 BEDENAC, Anthony SAINT MARTIN et Delphine GUIBERT<br \/>Le 13 ao\u00fbt \u00e0 CERCOUX, K\u00e9vin MADELBOS et Laurie BONIN<br \/>Le 27 ao\u00fbt \u00e0 CLERAC, Pierre BENOIT et H\u00e9l\u00e8ne HEIN<br \/>Le 31 ao\u00fbt \u00e0 CLERAC, Richard SHORT et Emma STEELE<\/p>\n<p><\/p>\n<p><strong>Mariages c\u00e9l\u00e9br\u00e9s en Juillet 2022<\/strong><br \/>Le 02 juillet \u00e0 CLERAC, Damien PITON et Marie-Estelle GIBAUDAN<br \/>Le 09 juillet \u00e0 Saint Palais de NEGRIGNAC, Ga\u00ebtan FOUCHE et Audrey ARTEAUD<br \/>Le 09 juillet \u00e0 CERCOUX, Brice LEGER et Marie-Charlotte DEBIONNE<br \/>Le 30 juillet \u00e0 MERIGNAC, Aur\u00e9lien PELOSI et Adeline SANCHEZ<br \/>Le 30 juillet \u00e0 Montlieu la Garde, Anthony PELETTE et St\u00e9phanie THIBAUDEAU<\/p>\n<p><\/p>\n<p><strong><u>Mariages c\u00e9l\u00e9br\u00e9s en Juin 2022<\/u><\/strong><br \/>11 Juin\u00a0: Elodie MARTIN \u2013 Hugo PEREZ, Eglise de Cl\u00e9rac<br \/>18 Juin\u00a0: Sol\u00e8ne CORMEL \u2013 Nicole D\u2019HOUDAIN, Eglise de CERCOUX<br \/>25 Juin\u00a0: Amandine DELAGE &#8211; Kevin FAVRE, Eglise de CERCOUX<\/p>\n<p><\/p>\n<p><strong>Mariages c\u00e9l\u00e9br\u00e9s en juillet &#8211; ao\u00fbt 2021<\/strong><br \/>3 Juillet : Lydie ELINEAU et David JAUDEAU, Cercoux<br \/>7 Ao\u00fbt : Marina RABILLER et Christian BUAUD, Orignolles<br \/>7 Ao\u00fbt : Ana\u00efs SANCHEZ et Paul ANDRIEUX, BEDENAC<br \/>21 Ao\u00fbt : Justine FAURE et Pierre-Alain MARTINAUD, Eglise de Chantillac.<br \/>21 Ao\u00fbt : D\u00e9borah BOITARD et J\u00e9r\u00f4me MARTE-GOUTES, Eglise de Montlieu La Garde<\/p>\n<p><\/p>\n<p><strong>Mariage c\u00e9l\u00e9br\u00e9 en septembre 2020<\/strong><br \/>Le 5 Septembre \u00e0 Chevanceaux\u00a0: Emmanuelle RENAUDIE et Fran\u00e7ois THERET<\/p>\n<p><\/p>\n<p><strong><em>Mar<\/em>iages c\u00e9l\u00e9br\u00e9s en ao\u00fbt\u00a02020<\/strong><br \/>Le 15 ao\u00fbt \u00e0 Polignac\u00a0: Ang\u00e9lina FRADON et C\u00e9dric MICHEAU<\/p>\n<p><\/p>\n<p><strong>Mariages 2019<\/strong><br \/>A Orignolles\u00a0:Cl\u00e9ment MEYNARD et Rondro Elodie RAFIDIMANANA<br \/>A Sainte Colombe\u00a0: Alexis MANSINCAL et Aurore CABOY<br \/>A B\u00e9denac : S\u00e9bastien BLONDEL et Val\u00e9rie JEANNEAU<br \/>A B\u00e9denac : J\u00e9r\u00e9mie FAVRE et Joy REVOLTE<br \/>A B\u00e9denac : Laurent JEANNEAU et Emmanuelle CAUSSE<br \/>A Montlieu La Garde : Matthieu NAISSANT et Jennifer FONTENAY<br \/>A Saint Pierre du Palais : Manuel DURAND et Laura PORTEYRON<br \/>A Sainte Colombe : Ga\u00ebtan POURTEAU et Elsa PERUFFO<\/p>\n<p><\/p>\n<p><strong>Mariages 2018<\/strong><br \/>Le 25 mai \u00e0 Cl\u00e9rac : St\u00e9phanie Richamp et Anthony Vibey<br \/>Le 1er juin \u00e0 B\u00e9denac : Cl\u00e9mentine Tribhou et Tony Maurel<br \/>Le 8 juin \u00e0 Montlieu la Garde : Aur\u00e9lie Boulesteix et Yohan H\u00e9riaud<br \/>Le 8 septembre, \u00e0 Montguyon, K\u00e9vin Bernard et Marie Laroche<br \/>Le 1er septembre \u00e0 La Rochelle Montguyon: Brigitte Cousin- Michel Poveromo<br \/>Le 8 septembre \u00e0 Montguyon: Marie Laroche-Kevin Rigallaud<br \/>Le 7 juillet \u00e0 Neuvicq : Virginie Lesage et Julien M\u00e9tais<br \/>Le 28 juillet \u00e0 Saint Pierre du Palais : Lucie Bernon et Emmanuel Weaver<br \/>Le 4 ao\u00fbt \u00e0 B\u00e9denac : Christelle Hirtz et Olivier Causse<br \/>Le 11 ao\u00fbt \u00e0 B\u00e9denac : Natacha Tillard et S\u00e9bastien Wozny<br \/>Le 11 ao\u00fbt \u00e0 Saint Palais de N\u00e9grignac : Julie Brillault et K\u00e9vin Camus<br \/>Le 5 mai \u00e0 16h30 \u00e0 Cl\u00e9rac : Sabrina Coume et Philippe Mendes da Cuha<br \/>Le 19 mai \u00e0 Jonzac : Joaquim Reis et Lor\u00e8ne Zanca de Chepniers<br \/>Le 19 mai \u00e0 15h30 \u00e0 Montlieu la Garde : St\u00e9phane Durand et Hermance Nahounou<br \/>Le 9 juin \u00e0 14h30 \u00e0 St Palais de N\u00e9grignac : Lucie Guibert et Ga\u00ebl Z\u00e9don<br \/>Le 23 juin \u00e0 16h30 \u00e0 St Palais de N\u00e9grignac : Emilie Dodin et Vincent Debien<br \/>Le 30 juin \u00e0 16h30 \u00e0 Montlieu la Garde : C\u00e9line Alvarez et Dylan Buchet<\/p>\n<p><\/p>\n<p><strong>Mariage 2017<\/strong><br \/>Le 19 ao\u00fbt \u00e0 15h \u00e0 Orignolles : Adeline Brevet et Walter Gauvrit<br \/>Le 1\u00b0juillet \u00e0 15 h \u00e0 Cercoux : Virginie Guilloux et C\u00e9dric Gaboriaud<br \/>Le 1\u00b0 juillet \u00e0 16h30 \u00e0 B\u00e9denac : Alexandra Maugis et Florian Beth\u00e9 .<br \/>Le 22 juillet \u00e0 17h \u00e0 B\u00e9denac : Justine Chatenet et Florian Ourteau<br \/>Le 3 juin \u00e0 l\u2019\u00e9glise St. Pierre d\u2019Orignolles: OLIVIER Alexandre et CHAUVET St\u00e9phanie<\/p>\n<p><\/p>[\/et_pb_text][\/et_pb_column][\/et_pb_row][\/et_pb_section]","protected":false},"excerpt":{"rendered":"<p>Mariages sur la paroisse en 202519 juillet 2025\u00a0 Thomas BERTET et Tennesse DUPONT \u00e0 Cl\u00e9rac26 juillet 2025\u00a0 \u00e0 Cl\u00e9rac09 ao\u00fbt 2025 Fr\u00e9d\u00e9ric HURTAUD et Marion PETIT \u00e0 Montguyon16 ao\u00fbt 2025 [&hellip;]<\/p>\n","protected":false},"author":31,"featured_media":0,"parent":5629,"menu_order":0,"comment_status":"closed","ping_status":"closed","template":"","meta":{"_et_pb_use_builder":"on","_et_pb_old_content":"<!-- wp:paragraph -->\n<p><strong>Mariages c\u00e9l\u00e9br\u00e9s en d\u00e9cembre 2022<\/strong><br>Le 17 d\u00e9cembre \u00e0 B\u00e9denac, Tiphanie TAMPIE et Steven CHEVREUL<\/p>\n<!-- \/wp:paragraph -->\n\n<!-- wp:paragraph -->\n<p><strong>Mariages c\u00e9l\u00e9br\u00e9s en septembre 2022<\/strong><br>Le 17 septembre \u00e0 MONTGUYON, Maxime VEDELAGO et Catherine VIVIER<\/p>\n<!-- \/wp:paragraph -->\n\n<!-- wp:paragraph -->\n<p><strong>Mariages c\u00e9l\u00e9br\u00e9s en ao\u00fbt 2022<\/strong><br>Le 13 ao\u00fbt \u00e0 BEDENAC, Anthony SAINT MARTIN et Delphine GUIBERT<br>Le 13 ao\u00fbt \u00e0 CERCOUX, K\u00e9vin MADELBOS et Laurie BONIN<br>Le 27 ao\u00fbt \u00e0 CLERAC, Pierre BENOIT et H\u00e9l\u00e8ne HEIN<br>Le 31 ao\u00fbt \u00e0 CLERAC, Richard SHORT et Emma STEELE<\/p>\n<!-- \/wp:paragraph -->\n\n<!-- wp:paragraph -->\n<p><strong>Mariages c\u00e9l\u00e9br\u00e9s en Juillet 2022<\/strong><br>Le 02 juillet \u00e0 CLERAC, Damien PITON et Marie-Estelle GIBAUDAN<br>Le 09 juillet \u00e0 Saint Palais de NEGRIGNAC, Ga\u00ebtan FOUCHE et Audrey ARTEAUD<br>Le 09 juillet \u00e0 CERCOUX, Brice LEGER et Marie-Charlotte DEBIONNE<br>Le 30 juillet \u00e0 MERIGNAC, Aur\u00e9lien PELOSI et Adeline SANCHEZ<br>Le 30 juillet \u00e0 Montlieu la Garde, Anthony PELETTE et St\u00e9phanie THIBAUDEAU<\/p>\n<!-- \/wp:paragraph -->\n\n<!-- wp:paragraph -->\n<p><strong><u>Mariages c\u00e9l\u00e9br\u00e9s en Juin 2022<\/u><\/strong><br>11 Juin&nbsp;: Elodie MARTIN \u2013 Hugo PEREZ, Eglise de Cl\u00e9rac<br>18 Juin&nbsp;: Sol\u00e8ne CORMEL \u2013 Nicole D\u2019HOUDAIN, Eglise de CERCOUX<br>25 Juin&nbsp;: Amandine DELAGE - Kevin FAVRE, Eglise de CERCOUX<\/p>\n<!-- \/wp:paragraph -->\n\n<!-- wp:paragraph -->\n<p><strong>Mariages c\u00e9l\u00e9br\u00e9s en juillet - ao\u00fbt 2021<\/strong><br>3 Juillet : Lydie ELINEAU et David JAUDEAU, Cercoux<br>7 Ao\u00fbt : Marina RABILLER et Christian BUAUD, Orignolles<br>7 Ao\u00fbt : Ana\u00efs SANCHEZ et Paul ANDRIEUX, BEDENAC<br>21 Ao\u00fbt : Justine FAURE et Pierre-Alain MARTINAUD, Eglise de Chantillac.<br>21 Ao\u00fbt : D\u00e9borah BOITARD et J\u00e9r\u00f4me MARTE-GOUTES, Eglise de Montlieu La Garde<\/p>\n<!-- \/wp:paragraph -->\n\n<!-- wp:paragraph -->\n<p><strong>Mariage c\u00e9l\u00e9br\u00e9 en septembre 2020<\/strong><br>Le 5 Septembre \u00e0 Chevanceaux&nbsp;: Emmanuelle RENAUDIE et Fran\u00e7ois THERET<\/p>\n<!-- \/wp:paragraph -->\n\n<!-- wp:paragraph -->\n<p><strong><em>Mar<\/em>iages c\u00e9l\u00e9br\u00e9s en ao\u00fbt&nbsp;2020<\/strong><br>Le 15 ao\u00fbt \u00e0 Polignac&nbsp;: Ang\u00e9lina FRADON et C\u00e9dric MICHEAU<\/p>\n<!-- \/wp:paragraph -->\n\n<!-- wp:paragraph -->\n<p><strong>Mariages 2019<\/strong><br>A Orignolles&nbsp;:Cl\u00e9ment MEYNARD et Rondro Elodie RAFIDIMANANA<br>A Sainte Colombe&nbsp;: Alexis MANSINCAL et Aurore CABOY<br>A B\u00e9denac : S\u00e9bastien BLONDEL et Val\u00e9rie JEANNEAU<br>A B\u00e9denac : J\u00e9r\u00e9mie FAVRE et Joy REVOLTE<br>A B\u00e9denac : Laurent JEANNEAU et Emmanuelle CAUSSE<br>A Montlieu La Garde : Matthieu NAISSANT et Jennifer FONTENAY<br>A Saint Pierre du Palais : Manuel DURAND et Laura PORTEYRON<br>A Sainte Colombe : Ga\u00ebtan POURTEAU et Elsa PERUFFO<\/p>\n<!-- \/wp:paragraph -->\n\n<!-- wp:paragraph -->\n<p><strong>Mariages 2018<\/strong><br>Le 25 mai \u00e0 Cl\u00e9rac : St\u00e9phanie Richamp et Anthony Vibey<br>Le 1er juin \u00e0 B\u00e9denac : Cl\u00e9mentine Tribhou et Tony Maurel<br>Le 8 juin \u00e0 Montlieu la Garde : Aur\u00e9lie Boulesteix et Yohan H\u00e9riaud<br>Le 8 septembre, \u00e0 Montguyon, K\u00e9vin Bernard et Marie Laroche<br>Le 1er septembre \u00e0 La Rochelle Montguyon: Brigitte Cousin- Michel Poveromo<br>Le 8 septembre \u00e0 Montguyon: Marie Laroche-Kevin Rigallaud<br>Le 7 juillet \u00e0 Neuvicq : Virginie Lesage et Julien M\u00e9tais<br>Le 28 juillet \u00e0 Saint Pierre du Palais : Lucie Bernon et Emmanuel Weaver<br>Le 4 ao\u00fbt \u00e0 B\u00e9denac : Christelle Hirtz et Olivier Causse<br>Le 11 ao\u00fbt \u00e0 B\u00e9denac : Natacha Tillard et S\u00e9bastien Wozny<br>Le 11 ao\u00fbt \u00e0 Saint Palais de N\u00e9grignac : Julie Brillault et K\u00e9vin Camus<br>Le 5 mai \u00e0 16h30 \u00e0 Cl\u00e9rac : Sabrina Coume et Philippe Mendes da Cuha<br>Le 19 mai \u00e0 Jonzac : Joaquim Reis et Lor\u00e8ne Zanca de Chepniers<br>Le 19 mai \u00e0 15h30 \u00e0 Montlieu la Garde : St\u00e9phane Durand et Hermance Nahounou<br>Le 9 juin \u00e0 14h30 \u00e0 St Palais de N\u00e9grignac : Lucie Guibert et Ga\u00ebl Z\u00e9don<br>Le 23 juin \u00e0 16h30 \u00e0 St Palais de N\u00e9grignac : Emilie Dodin et Vincent Debien<br>Le 30 juin \u00e0 16h30 \u00e0 Montlieu la Garde : C\u00e9line Alvarez et Dylan Buchet<\/p>\n<!-- \/wp:paragraph -->\n\n<!-- wp:paragraph -->\n<p><strong>Mariage 2017<\/strong><br>Le 19 ao\u00fbt \u00e0 15h \u00e0 Orignolles : Adeline Brevet et Walter Gauvrit<br>Le 1\u00b0juillet \u00e0 15 h \u00e0 Cercoux : Virginie Guilloux et C\u00e9dric Gaboriaud<br>Le 1\u00b0 juillet \u00e0 16h30 \u00e0 B\u00e9denac : Alexandra Maugis et Florian Beth\u00e9 .<br>Le 22 juillet \u00e0 17h \u00e0 B\u00e9denac : Justine Chatenet et Florian Ourteau<br>Le 3 juin \u00e0 l\u2019\u00e9glise St. Pierre d\u2019Orignolles: OLIVIER Alexandre et CHAUVET St\u00e9phanie<\/p>\n<!-- \/wp:paragraph -->","_et_gb_content_width":"","footnotes":""},"class_list":["post-4618","page","type-page","status-publish","hentry"],"_links":{"self":[{"href":"https:\/\/catholiques17.fr\/montlieu\/wp-json\/wp\/v2\/pages\/4618","targetHints":{"allow":["GET"]}}],"collection":[{"href":"https:\/\/catholiques17.fr\/montlieu\/wp-json\/wp\/v2\/pages"}],"about":[{"href":"https:\/\/catholiques17.fr\/montlieu\/wp-json\/wp\/v2\/types\/page"}],"author":[{"embeddable":true,"href":"https:\/\/catholiques17.fr\/montlieu\/wp-json\/wp\/v2\/users\/31"}],"replies":[{"embeddable":true,"href":"https:\/\/catholiques17.fr\/montlieu\/wp-json\/wp\/v2\/comments?post=4618"}],"version-history":[{"count":12,"href":"https:\/\/catholiques17.fr\/montlieu\/wp-json\/wp\/v2\/pages\/4618\/revisions"}],"predecessor-version":[{"id":7060,"href":"https:\/\/catholiques17.fr\/montlieu\/wp-json\/wp\/v2\/pages\/4618\/revisions\/7060"}],"up":[{"embeddable":true,"href":"https:\/\/catholiques17.fr\/montlieu\/wp-json\/wp\/v2\/pages\/5629"}],"wp:attachment":[{"href":"https:\/\/catholiques17.fr\/montlieu\/wp-json\/wp\/v2\/media?parent=4618"}],"curies":[{"name":"wp","href":"https:\/\/api.w.org\/{rel}","templated":true}]}}