{"id":8986,"date":"2025-12-04T15:22:47","date_gmt":"2025-12-04T14:22:47","guid":{"rendered":"https:\/\/catholiques17.fr\/mir-sg\/?page_id=8986"},"modified":"2025-12-22T17:03:30","modified_gmt":"2025-12-22T16:03:30","slug":"secours-catholique","status":"publish","type":"page","link":"https:\/\/catholiques17.fr\/mir-sg\/les-services\/secours-catholique\/","title":{"rendered":"Secours catholique"},"content":{"rendered":"<p>[et_pb_section fb_built=\u00a0\u00bb1&Prime; _builder_version=\u00a0\u00bb4.27.4&Prime; _module_preset=\u00a0\u00bbdefault\u00a0\u00bb custom_padding=\u00a0\u00bb9px|||||\u00a0\u00bb global_colors_info=\u00a0\u00bb{}\u00a0\u00bb theme_builder_area=\u00a0\u00bbpost_content\u00a0\u00bb][et_pb_row _builder_version=\u00a0\u00bb4.27.4&Prime; _module_preset=\u00a0\u00bbdefault\u00a0\u00bb global_colors_info=\u00a0\u00bb{}\u00a0\u00bb theme_builder_area=\u00a0\u00bbpost_content\u00a0\u00bb][et_pb_column type=\u00a0\u00bb4_4&Prime; _builder_version=\u00a0\u00bb4.27.4&Prime; _module_preset=\u00a0\u00bbdefault\u00a0\u00bb global_colors_info=\u00a0\u00bb{}\u00a0\u00bb theme_builder_area=\u00a0\u00bbpost_content\u00a0\u00bb][et_pb_image src=\u00a0\u00bbhttps:\/\/catholiques17.fr\/mir-sg\/wp-content\/uploads\/sites\/27\/2025\/12\/Logo_secours_signature-1.jpg\u00a0\u00bb title_text=\u00a0\u00bbLogo_secours_signature (1)\u00a0\u00bb align=\u00a0\u00bbcenter\u00a0\u00bb force_fullwidth=\u00a0\u00bbon\u00a0\u00bb _builder_version=\u00a0\u00bb4.27.4&Prime; _module_preset=\u00a0\u00bbdefault\u00a0\u00bb global_colors_info=\u00a0\u00bb{}\u00a0\u00bb theme_builder_area=\u00a0\u00bbpost_content\u00a0\u00bb][\/et_pb_image][\/et_pb_column][\/et_pb_row][et_pb_row _builder_version=\u00a0\u00bb4.27.4&Prime; _module_preset=\u00a0\u00bbdefault\u00a0\u00bb global_colors_info=\u00a0\u00bb{}\u00a0\u00bb theme_builder_area=\u00a0\u00bbpost_content\u00a0\u00bb][et_pb_column type=\u00a0\u00bb4_4&Prime; _builder_version=\u00a0\u00bb4.27.4&Prime; _module_preset=\u00a0\u00bbdefault\u00a0\u00bb global_colors_info=\u00a0\u00bb{}\u00a0\u00bb theme_builder_area=\u00a0\u00bbpost_content\u00a0\u00bb][et_pb_text _builder_version=\u00a0\u00bb4.27.4&Prime; _module_preset=\u00a0\u00bbdefault\u00a0\u00bb global_colors_info=\u00a0\u00bb{}\u00a0\u00bb theme_builder_area=\u00a0\u00bbpost_content\u00a0\u00bb]<\/p>\n<p><strong>Le Secours Catholique est une association loi 1901, \u00e0 but non lucratif, qui lutte contre toutes les formes de pauvret\u00e9 et d\u2019exclusion.<\/strong><\/p>\n<blockquote>\n<p><em>\u00ab Apporter, partout o\u00f9 le besoin s\u2019en fera sentir, \u00e0 l\u2019exclusion de tout particularisme national ou confessionnel, tout secours et toute aide directe ou indirecte, morale ou mat\u00e9rielle, quelles que soient les options philosophiques ou religieuses des b\u00e9n\u00e9ficiaires \u00bb, voil\u00e0 quelle est l\u2019identit\u00e9 du Secours Catholique.<\/em><\/p>\n<\/blockquote>\n<p>Reconnue d\u2019utilit\u00e9 publique en 1962, l\u2019association compte aujourd\u2019hui 106 d\u00e9l\u00e9gations, 4 295 \u00e9quipes locales, 72 000 b\u00e9n\u00e9voles et un large r\u00e9seau de 1 130 000 donateurs.<\/p>\n<p>[\/et_pb_text][\/et_pb_column][\/et_pb_row][et_pb_row _builder_version=\u00a0\u00bb4.27.4&Prime; _module_preset=\u00a0\u00bbdefault\u00a0\u00bb global_colors_info=\u00a0\u00bb{}\u00a0\u00bb theme_builder_area=\u00a0\u00bbpost_content\u00a0\u00bb][et_pb_column type=\u00a0\u00bb4_4&Prime; _builder_version=\u00a0\u00bb4.27.4&Prime; _module_preset=\u00a0\u00bbdefault\u00a0\u00bb global_colors_info=\u00a0\u00bb{}\u00a0\u00bb theme_builder_area=\u00a0\u00bbpost_content\u00a0\u00bb][et_pb_divider color=\u00a0\u00bb#64A47F\u00a0\u00bb divider_weight=\u00a0\u00bb2px\u00a0\u00bb _builder_version=\u00a0\u00bb4.27.4&Prime; _module_preset=\u00a0\u00bbdefault\u00a0\u00bb global_colors_info=\u00a0\u00bb{}\u00a0\u00bb theme_builder_area=\u00a0\u00bbpost_content\u00a0\u00bb][\/et_pb_divider][\/et_pb_column][\/et_pb_row][et_pb_row _builder_version=\u00a0\u00bb4.27.4&Prime; _module_preset=\u00a0\u00bbdefault\u00a0\u00bb global_colors_info=\u00a0\u00bb{}\u00a0\u00bb theme_builder_area=\u00a0\u00bbpost_content\u00a0\u00bb][et_pb_column type=\u00a0\u00bb4_4&Prime; _builder_version=\u00a0\u00bb4.27.4&Prime; _module_preset=\u00a0\u00bbdefault\u00a0\u00bb global_colors_info=\u00a0\u00bb{}\u00a0\u00bb theme_builder_area=\u00a0\u00bbpost_content\u00a0\u00bb][et_pb_text _builder_version=\u00a0\u00bb4.27.4&Prime; _module_preset=\u00a0\u00bbdefault\u00a0\u00bb hover_enabled=\u00a0\u00bb0&Prime; global_colors_info=\u00a0\u00bb{}\u00a0\u00bb theme_builder_area=\u00a0\u00bbpost_content\u00a0\u00bb sticky_enabled=\u00a0\u00bb0&Prime;]<\/p>\n<p style=\"text-align: center\">DANS NOTRE PAROISSE :<\/p>\n<p>Le Secours catholique \u00e0 Mirambeau<\/p>\n<p>Correspondant : Bernard Marchais : 0674407313<br \/>Le S.C. \u00e0 Mirambeau intervient surtout au niveau de la boutique solidaire, ouverte les lundi, mardi et mercredi apr\u00e8s-midis, de 14h \u00e0 17h. On y trouve v\u00eatements, chaussures, linge, vaisselle et petits meubles \u00e0 tout petit prix ; Responsable de la boutique : C\u00e9line Roug\u00e9 : 0608977914<\/p>\n<p>Pour les aides d&rsquo;urgence, s&rsquo;adresser \u00e0 l&rsquo;\u00e9quipe de Jonzac : S\u00e9verine : 0679249494. L&rsquo;\u00e9quipe de Jonzac anime un atelier d&rsquo;accueil une fois par semaine et les personnes de Mirambeau sont les bienvenues.<\/p>\n<p>[\/et_pb_text][\/et_pb_column][\/et_pb_row][\/et_pb_section]<\/p>\n","protected":false},"excerpt":{"rendered":"<p>Le Secours Catholique est une association loi 1901, \u00e0 but non lucratif, qui lutte contre toutes les formes de pauvret\u00e9 et d\u2019exclusion. \u00ab Apporter, partout o\u00f9 le besoin s\u2019en fera [&hellip;]<\/p>\n","protected":false},"author":4,"featured_media":0,"parent":8895,"menu_order":0,"comment_status":"closed","ping_status":"closed","template":"","meta":{"_et_pb_use_builder":"on","_et_pb_old_content":"<!-- wp:divi\/placeholder \/-->","_et_gb_content_width":"","footnotes":""},"class_list":["post-8986","page","type-page","status-publish","hentry"],"_links":{"self":[{"href":"https:\/\/catholiques17.fr\/mir-sg\/wp-json\/wp\/v2\/pages\/8986","targetHints":{"allow":["GET"]}}],"collection":[{"href":"https:\/\/catholiques17.fr\/mir-sg\/wp-json\/wp\/v2\/pages"}],"about":[{"href":"https:\/\/catholiques17.fr\/mir-sg\/wp-json\/wp\/v2\/types\/page"}],"author":[{"embeddable":true,"href":"https:\/\/catholiques17.fr\/mir-sg\/wp-json\/wp\/v2\/users\/4"}],"replies":[{"embeddable":true,"href":"https:\/\/catholiques17.fr\/mir-sg\/wp-json\/wp\/v2\/comments?post=8986"}],"version-history":[{"count":4,"href":"https:\/\/catholiques17.fr\/mir-sg\/wp-json\/wp\/v2\/pages\/8986\/revisions"}],"predecessor-version":[{"id":9285,"href":"https:\/\/catholiques17.fr\/mir-sg\/wp-json\/wp\/v2\/pages\/8986\/revisions\/9285"}],"up":[{"embeddable":true,"href":"https:\/\/catholiques17.fr\/mir-sg\/wp-json\/wp\/v2\/pages\/8895"}],"wp:attachment":[{"href":"https:\/\/catholiques17.fr\/mir-sg\/wp-json\/wp\/v2\/media?parent=8986"}],"curies":[{"name":"wp","href":"https:\/\/api.w.org\/{rel}","templated":true}]}}

<p>[et_pb_section fb_built= »1&Prime; _builder_version= »4.27.4&Prime; _module_preset= »default » custom_padding= »9px||||| » global_colors_info= »{} » theme_builder_area= »post_content »][et_pb_row _builder_version= »4.27.4&Prime; _module_preset= »default » global_colors_info= »{} » theme_builder_area= »post_content »][et_pb_column type= »4_4&Prime; _builder_version= »4.27.4&Prime; _module_preset= »default » global_colors_info= »{} » theme_builder_area= »post_content »][et_pb_image src= »https://catholiques17.fr/mir-sg/wp-content/uploads/sites/27/2025/12/Logo_secours_signature-1.jpg » title_text= »Logo_secours_signature (1) » align= »center » force_fullwidth= »on » _builder_version= »4.27.4&Prime; _module_preset= »default » global_colors_info= »{} » theme_builder_area= »post_content »][/et_pb_image][/et_pb_column][/et_pb_row][et_pb_row _builder_version= »4.27.4&Prime; _module_preset= »default » global_colors_info= »{} » theme_builder_area= »post_content »][et_pb_column type= »4_4&Prime; _builder_version= »4.27.4&Prime; _module_preset= »default » global_colors_info= »{} » theme_builder_area= »post_content »][et_pb_text _builder_version= »4.27.4&Prime; _module_preset= »default » global_colors_info= »{} » theme_builder_area= »post_content »]</p>
<p><strong>Le Secours Catholique est une association loi 1901, à but non lucratif, qui lutte contre toutes les formes de pauvreté et d’exclusion.</strong></p>
<blockquote>
<p><em>« Apporter, partout où le besoin s’en fera sentir, à l’exclusion de tout particularisme national ou confessionnel, tout secours et toute aide directe ou indirecte, morale ou matérielle, quelles que soient les options philosophiques ou religieuses des bénéficiaires », voilà quelle est l’identité du Secours Catholique.</em></p>
</blockquote>
<p>Reconnue d’utilité publique en 1962, l’association compte aujourd’hui 106 délégations, 4 295 équipes locales, 72 000 bénévoles et un large réseau de 1 130 000 donateurs.</p>
<p>[/et_pb_text][/et_pb_column][/et_pb_row][et_pb_row _builder_version= »4.27.4&Prime; _module_preset= »default » global_colors_info= »{} » theme_builder_area= »post_content »][et_pb_column type= »4_4&Prime; _builder_version= »4.27.4&Prime; _module_preset= »default » global_colors_info= »{} » theme_builder_area= »post_content »][et_pb_divider color= »#64A47F » divider_weight= »2px » _builder_version= »4.27.4&Prime; _module_preset= »default » global_colors_info= »{} » theme_builder_area= »post_content »][/et_pb_divider][/et_pb_column][/et_pb_row][et_pb_row _builder_version= »4.27.4&Prime; _module_preset= »default » global_colors_info= »{} » theme_builder_area= »post_content »][et_pb_column type= »4_4&Prime; _builder_version= »4.27.4&Prime; _module_preset= »default » global_colors_info= »{} » theme_builder_area= »post_content »][et_pb_text _builder_version= »4.27.4&Prime; _module_preset= »default » hover_enabled= »0&Prime; global_colors_info= »{} » theme_builder_area= »post_content » sticky_enabled= »0&Prime;]</p>
<p style="text-align: center">DANS NOTRE PAROISSE :</p>
<p>Le Secours catholique à Mirambeau</p>
<p>Correspondant : Bernard Marchais : 0674407313<br />Le S.C. à Mirambeau intervient surtout au niveau de la boutique solidaire, ouverte les lundi, mardi et mercredi après-midis, de 14h à 17h. On y trouve vêtements, chaussures, linge, vaisselle et petits meubles à tout petit prix ; Responsable de la boutique : Céline Rougé : 0608977914</p>
<p>Pour les aides d&rsquo;urgence, s&rsquo;adresser à l&rsquo;équipe de Jonzac : Séverine : 0679249494. L&rsquo;équipe de Jonzac anime un atelier d&rsquo;accueil une fois par semaine et les personnes de Mirambeau sont les bienvenues.</p>
<p>[/et_pb_text][/et_pb_column][/et_pb_row][/et_pb_section]</p>

<p>Le Secours Catholique est une association loi 1901, à but non lucratif, qui lutte contre toutes les formes de pauvreté et d’exclusion. « Apporter, partout où le besoin s’en fera [&hellip;]</p>
