{"id":8962,"date":"2025-12-03T14:38:42","date_gmt":"2025-12-03T13:38:42","guid":{"rendered":"https:\/\/catholiques17.fr\/mir-sg\/?page_id=8962"},"modified":"2026-02-08T15:52:17","modified_gmt":"2026-02-08T14:52:17","slug":"semillac","status":"publish","type":"page","link":"https:\/\/catholiques17.fr\/mir-sg\/nos-eglises\/semillac\/","title":{"rendered":"Semillac"},"content":{"rendered":"<p>[et_pb_section fb_built=\u00a0\u00bb1&Prime; theme_builder_area=\u00a0\u00bbpost_content\u00a0\u00bb _builder_version=\u00a0\u00bb4.27.5&Prime; _module_preset=\u00a0\u00bbdefault\u00a0\u00bb][et_pb_row _builder_version=\u00a0\u00bb4.27.5&Prime; _module_preset=\u00a0\u00bbdefault\u00a0\u00bb theme_builder_area=\u00a0\u00bbpost_content\u00a0\u00bb][et_pb_column _builder_version=\u00a0\u00bb4.27.5&Prime; _module_preset=\u00a0\u00bbdefault\u00a0\u00bb type=\u00a0\u00bb4_4&Prime; theme_builder_area=\u00a0\u00bbpost_content\u00a0\u00bb][et_pb_text _builder_version=\u00a0\u00bb4.27.5&Prime; _module_preset=\u00a0\u00bbdefault\u00a0\u00bb theme_builder_area=\u00a0\u00bbpost_content\u00a0\u00bb hover_enabled=\u00a0\u00bb0&Prime; sticky_enabled=\u00a0\u00bb0&Prime;]<\/p>\n<p><strong>Chapelle Saint-Didier<\/strong><\/p>\n<p>La fa\u00e7ade de l&rsquo;\u00e9glise de S\u00e9millac est \u00e0 rapprocher de celle de St-Hilaire-du-Bois, de Nieul-Ie-Virouil, d&rsquo;Echebune, ou de Fontaine-d&rsquo;Ozillac par sa composition constitu\u00e9e d&rsquo;une superposition de deux registres.<br \/>Le registre inf\u00e9rieur tripartite se compose d&rsquo;un porche flanqu\u00e9 d&rsquo;arcatures aveugles. Le d\u00e9ploiement des archivoltes et la profondeur de l&#8217;embrasure du porche sont variables.<br \/>Le registre sup\u00e9rieur s&rsquo;\u00e9l\u00e8ve sur un entablement \u00e0 mordions. Une suite de petites arcatures en nombre impair peut mettre en \u00e9vidence parfois un arc central perc\u00e9 d&rsquo;une baie \u00e9troite.<br \/>Cette petite \u00e9glise du XIIe si\u00e8cle a \u00e9t\u00e9 maintes fois remani\u00e9es comme souvent. Elle a toutefois gard\u00e9 de beaux vestiges, t\u00e9moins d&rsquo;un roman archa\u00efque.<br \/>Dans le mur nord de la nef, on peut remarquer des petites fen\u00eatres romanes dont le linteau \u00e9chancr\u00e9 dans une seule pierre est grav\u00e9 en m\u00e9plat.<br \/>A l&rsquo;int\u00e9rieur de la nef, un grand arc bris\u00e9 dans un \u00e9pais mur diaphragme repose sur de hautes colonnes engag\u00e9es dont les chapiteaux sont curieusement d\u00e9cor\u00e9s de motifs g\u00e9om\u00e9triques simples et rares dans la r\u00e9gion.<br \/>Le ch\u0153ur reconstruit \u00e0 l&rsquo;\u00e9poque gothique a conserv\u00e9 une double arcature superpos\u00e9e relevant d&rsquo;un roman archa\u00efque d&rsquo;un r\u00e9el int\u00e9r\u00eat que l&rsquo;on peut rapprocher du ch\u0153ur de Bougneau ou de Saint-Thomas-de-C\u00f4nac.<br \/>L\u2019arcature inf\u00e9rieure a trois cintres dont ne subsistent plus que les tailloirs. Elle est surmont\u00e9e de trois autres cintres in\u00e9gaux dont le plus grand au centre sert de voussure \u00e0 la fen\u00eatre. Les colonnes l\u00e9g\u00e8rement galb\u00e9es portent des chapiteaux \u00e0 motifs g\u00e9om\u00e9triques d&rsquo;une facture inhabituelle.<br \/>Une campagne de restauration a \u00e9t\u00e9 engag\u00e9e par la commune en 1994.<strong><\/strong><\/p>\n<p><strong><\/strong><\/p>\n<p>[\/et_pb_text][\/et_pb_column][\/et_pb_row][et_pb_row _builder_version=\u00a0\u00bb4.27.5&Prime; _module_preset=\u00a0\u00bbdefault\u00a0\u00bb theme_builder_area=\u00a0\u00bbpost_content\u00a0\u00bb column_structure=\u00a0\u00bb1_3,1_3,1_3&Prime;][et_pb_column _builder_version=\u00a0\u00bb4.27.5&Prime; _module_preset=\u00a0\u00bbdefault\u00a0\u00bb type=\u00a0\u00bb1_3&Prime; theme_builder_area=\u00a0\u00bbpost_content\u00a0\u00bb][et_pb_image src=\u00a0\u00bbhttps:\/\/catholiques17.fr\/mir-sg\/wp-content\/uploads\/sites\/27\/2026\/02\/514_07.jpg\u00a0\u00bb _builder_version=\u00a0\u00bb4.27.5&Prime; _module_preset=\u00a0\u00bbdefault\u00a0\u00bb theme_builder_area=\u00a0\u00bbpost_content\u00a0\u00bb title_text=\u00a0\u00bb514_07&Prime; show_in_lightbox=\u00a0\u00bbon\u00a0\u00bb hover_enabled=\u00a0\u00bb0&Prime; sticky_enabled=\u00a0\u00bb0&Prime;][\/et_pb_image][\/et_pb_column][et_pb_column _builder_version=\u00a0\u00bb4.27.5&Prime; _module_preset=\u00a0\u00bbdefault\u00a0\u00bb type=\u00a0\u00bb1_3&Prime; theme_builder_area=\u00a0\u00bbpost_content\u00a0\u00bb][et_pb_image src=\u00a0\u00bbhttps:\/\/catholiques17.fr\/mir-sg\/wp-content\/uploads\/sites\/27\/2026\/02\/514_08.jpg\u00a0\u00bb _builder_version=\u00a0\u00bb4.27.5&Prime; _module_preset=\u00a0\u00bbdefault\u00a0\u00bb theme_builder_area=\u00a0\u00bbpost_content\u00a0\u00bb title_text=\u00a0\u00bb514_08&Prime; hover_enabled=\u00a0\u00bb0&Prime; sticky_enabled=\u00a0\u00bb0&Prime; show_in_lightbox=\u00a0\u00bbon\u00a0\u00bb][\/et_pb_image][\/et_pb_column][et_pb_column _builder_version=\u00a0\u00bb4.27.5&Prime; _module_preset=\u00a0\u00bbdefault\u00a0\u00bb type=\u00a0\u00bb1_3&Prime; theme_builder_area=\u00a0\u00bbpost_content\u00a0\u00bb][et_pb_image src=\u00a0\u00bbhttps:\/\/catholiques17.fr\/mir-sg\/wp-content\/uploads\/sites\/27\/2026\/02\/514_09.jpg\u00a0\u00bb _builder_version=\u00a0\u00bb4.27.5&Prime; _module_preset=\u00a0\u00bbdefault\u00a0\u00bb theme_builder_area=\u00a0\u00bbpost_content\u00a0\u00bb title_text=\u00a0\u00bb514_09&Prime; show_in_lightbox=\u00a0\u00bbon\u00a0\u00bb hover_enabled=\u00a0\u00bb0&Prime; sticky_enabled=\u00a0\u00bb0&Prime;][\/et_pb_image][\/et_pb_column][\/et_pb_row][et_pb_row _builder_version=\u00a0\u00bb4.27.5&Prime; _module_preset=\u00a0\u00bbdefault\u00a0\u00bb theme_builder_area=\u00a0\u00bbpost_content\u00a0\u00bb column_structure=\u00a0\u00bb1_2,1_2&Prime;][et_pb_column _builder_version=\u00a0\u00bb4.27.5&Prime; _module_preset=\u00a0\u00bbdefault\u00a0\u00bb type=\u00a0\u00bb1_2&Prime; theme_builder_area=\u00a0\u00bbpost_content\u00a0\u00bb][et_pb_image src=\u00a0\u00bbhttps:\/\/catholiques17.fr\/mir-sg\/wp-content\/uploads\/sites\/27\/2026\/02\/514_10.jpg\u00a0\u00bb _builder_version=\u00a0\u00bb4.27.5&Prime; _module_preset=\u00a0\u00bbdefault\u00a0\u00bb theme_builder_area=\u00a0\u00bbpost_content\u00a0\u00bb title_text=\u00a0\u00bb514_10&Prime; show_in_lightbox=\u00a0\u00bbon\u00a0\u00bb hover_enabled=\u00a0\u00bb0&Prime; sticky_enabled=\u00a0\u00bb0&Prime;][\/et_pb_image][\/et_pb_column][et_pb_column _builder_version=\u00a0\u00bb4.27.5&Prime; _module_preset=\u00a0\u00bbdefault\u00a0\u00bb type=\u00a0\u00bb1_2&Prime; theme_builder_area=\u00a0\u00bbpost_content\u00a0\u00bb][et_pb_image src=\u00a0\u00bbhttps:\/\/catholiques17.fr\/mir-sg\/wp-content\/uploads\/sites\/27\/2026\/02\/514_12.jpg\u00a0\u00bb _builder_version=\u00a0\u00bb4.27.5&Prime; _module_preset=\u00a0\u00bbdefault\u00a0\u00bb theme_builder_area=\u00a0\u00bbpost_content\u00a0\u00bb title_text=\u00a0\u00bb514_12&Prime; show_in_lightbox=\u00a0\u00bbon\u00a0\u00bb hover_enabled=\u00a0\u00bb0&Prime; sticky_enabled=\u00a0\u00bb0&Prime;][\/et_pb_image][\/et_pb_column][\/et_pb_row][\/et_pb_section]<\/p>\n","protected":false},"excerpt":{"rendered":"<p>Chapelle Saint-Didier La fa\u00e7ade de l&rsquo;\u00e9glise de S\u00e9millac est \u00e0 rapprocher de celle de St-Hilaire-du-Bois, de Nieul-Ie-Virouil, d&rsquo;Echebune, ou de Fontaine-d&rsquo;Ozillac par sa composition constitu\u00e9e d&rsquo;une superposition de deux registres.Le [&hellip;]<\/p>\n","protected":false},"author":4,"featured_media":9667,"parent":8897,"menu_order":0,"comment_status":"closed","ping_status":"closed","template":"","meta":{"_et_pb_use_builder":"on","_et_pb_old_content":"","_et_gb_content_width":"","footnotes":""},"class_list":["post-8962","page","type-page","status-publish","has-post-thumbnail","hentry"],"_links":{"self":[{"href":"https:\/\/catholiques17.fr\/mir-sg\/wp-json\/wp\/v2\/pages\/8962","targetHints":{"allow":["GET"]}}],"collection":[{"href":"https:\/\/catholiques17.fr\/mir-sg\/wp-json\/wp\/v2\/pages"}],"about":[{"href":"https:\/\/catholiques17.fr\/mir-sg\/wp-json\/wp\/v2\/types\/page"}],"author":[{"embeddable":true,"href":"https:\/\/catholiques17.fr\/mir-sg\/wp-json\/wp\/v2\/users\/4"}],"replies":[{"embeddable":true,"href":"https:\/\/catholiques17.fr\/mir-sg\/wp-json\/wp\/v2\/comments?post=8962"}],"version-history":[{"count":4,"href":"https:\/\/catholiques17.fr\/mir-sg\/wp-json\/wp\/v2\/pages\/8962\/revisions"}],"predecessor-version":[{"id":9677,"href":"https:\/\/catholiques17.fr\/mir-sg\/wp-json\/wp\/v2\/pages\/8962\/revisions\/9677"}],"up":[{"embeddable":true,"href":"https:\/\/catholiques17.fr\/mir-sg\/wp-json\/wp\/v2\/pages\/8897"}],"wp:featuredmedia":[{"embeddable":true,"href":"https:\/\/catholiques17.fr\/mir-sg\/wp-json\/wp\/v2\/media\/9667"}],"wp:attachment":[{"href":"https:\/\/catholiques17.fr\/mir-sg\/wp-json\/wp\/v2\/media?parent=8962"}],"curies":[{"name":"wp","href":"https:\/\/api.w.org\/{rel}","templated":true}]}}

<p>[et_pb_section fb_built= »1&Prime; theme_builder_area= »post_content » _builder_version= »4.27.5&Prime; _module_preset= »default »][et_pb_row _builder_version= »4.27.5&Prime; _module_preset= »default » theme_builder_area= »post_content »][et_pb_column _builder_version= »4.27.5&Prime; _module_preset= »default » type= »4_4&Prime; theme_builder_area= »post_content »][et_pb_text _builder_version= »4.27.5&Prime; _module_preset= »default » theme_builder_area= »post_content » hover_enabled= »0&Prime; sticky_enabled= »0&Prime;]</p>
<p><strong>Chapelle Saint-Didier</strong></p>
<p>La façade de l&rsquo;église de Sémillac est à rapprocher de celle de St-Hilaire-du-Bois, de Nieul-Ie-Virouil, d&rsquo;Echebune, ou de Fontaine-d&rsquo;Ozillac par sa composition constituée d&rsquo;une superposition de deux registres.<br />Le registre inférieur tripartite se compose d&rsquo;un porche flanqué d&rsquo;arcatures aveugles. Le déploiement des archivoltes et la profondeur de l&#8217;embrasure du porche sont variables.<br />Le registre supérieur s&rsquo;élève sur un entablement à mordions. Une suite de petites arcatures en nombre impair peut mettre en évidence parfois un arc central percé d&rsquo;une baie étroite.<br />Cette petite église du XIIe siècle a été maintes fois remaniées comme souvent. Elle a toutefois gardé de beaux vestiges, témoins d&rsquo;un roman archaïque.<br />Dans le mur nord de la nef, on peut remarquer des petites fenêtres romanes dont le linteau échancré dans une seule pierre est gravé en méplat.<br />A l&rsquo;intérieur de la nef, un grand arc brisé dans un épais mur diaphragme repose sur de hautes colonnes engagées dont les chapiteaux sont curieusement décorés de motifs géométriques simples et rares dans la région.<br />Le chœur reconstruit à l&rsquo;époque gothique a conservé une double arcature superposée relevant d&rsquo;un roman archaïque d&rsquo;un réel intérêt que l&rsquo;on peut rapprocher du chœur de Bougneau ou de Saint-Thomas-de-Cônac.<br />L’arcature inférieure a trois cintres dont ne subsistent plus que les tailloirs. Elle est surmontée de trois autres cintres inégaux dont le plus grand au centre sert de voussure à la fenêtre. Les colonnes légèrement galbées portent des chapiteaux à motifs géométriques d&rsquo;une facture inhabituelle.<br />Une campagne de restauration a été engagée par la commune en 1994.<strong></strong></p>
<p><strong></strong></p>
<p>[/et_pb_text][/et_pb_column][/et_pb_row][et_pb_row _builder_version= »4.27.5&Prime; _module_preset= »default » theme_builder_area= »post_content » column_structure= »1_3,1_3,1_3&Prime;][et_pb_column _builder_version= »4.27.5&Prime; _module_preset= »default » type= »1_3&Prime; theme_builder_area= »post_content »][et_pb_image src= »https://catholiques17.fr/mir-sg/wp-content/uploads/sites/27/2026/02/514_07.jpg » _builder_version= »4.27.5&Prime; _module_preset= »default » theme_builder_area= »post_content » title_text= »514_07&Prime; show_in_lightbox= »on » hover_enabled= »0&Prime; sticky_enabled= »0&Prime;][/et_pb_image][/et_pb_column][et_pb_column _builder_version= »4.27.5&Prime; _module_preset= »default » type= »1_3&Prime; theme_builder_area= »post_content »][et_pb_image src= »https://catholiques17.fr/mir-sg/wp-content/uploads/sites/27/2026/02/514_08.jpg » _builder_version= »4.27.5&Prime; _module_preset= »default » theme_builder_area= »post_content » title_text= »514_08&Prime; hover_enabled= »0&Prime; sticky_enabled= »0&Prime; show_in_lightbox= »on »][/et_pb_image][/et_pb_column][et_pb_column _builder_version= »4.27.5&Prime; _module_preset= »default » type= »1_3&Prime; theme_builder_area= »post_content »][et_pb_image src= »https://catholiques17.fr/mir-sg/wp-content/uploads/sites/27/2026/02/514_09.jpg » _builder_version= »4.27.5&Prime; _module_preset= »default » theme_builder_area= »post_content » title_text= »514_09&Prime; show_in_lightbox= »on » hover_enabled= »0&Prime; sticky_enabled= »0&Prime;][/et_pb_image][/et_pb_column][/et_pb_row][et_pb_row _builder_version= »4.27.5&Prime; _module_preset= »default » theme_builder_area= »post_content » column_structure= »1_2,1_2&Prime;][et_pb_column _builder_version= »4.27.5&Prime; _module_preset= »default » type= »1_2&Prime; theme_builder_area= »post_content »][et_pb_image src= »https://catholiques17.fr/mir-sg/wp-content/uploads/sites/27/2026/02/514_10.jpg » _builder_version= »4.27.5&Prime; _module_preset= »default » theme_builder_area= »post_content » title_text= »514_10&Prime; show_in_lightbox= »on » hover_enabled= »0&Prime; sticky_enabled= »0&Prime;][/et_pb_image][/et_pb_column][et_pb_column _builder_version= »4.27.5&Prime; _module_preset= »default » type= »1_2&Prime; theme_builder_area= »post_content »][et_pb_image src= »https://catholiques17.fr/mir-sg/wp-content/uploads/sites/27/2026/02/514_12.jpg » _builder_version= »4.27.5&Prime; _module_preset= »default » theme_builder_area= »post_content » title_text= »514_12&Prime; show_in_lightbox= »on » hover_enabled= »0&Prime; sticky_enabled= »0&Prime;][/et_pb_image][/et_pb_column][/et_pb_row][/et_pb_section]</p>

<p>Chapelle Saint-Didier La façade de l&rsquo;église de Sémillac est à rapprocher de celle de St-Hilaire-du-Bois, de Nieul-Ie-Virouil, d&rsquo;Echebune, ou de Fontaine-d&rsquo;Ozillac par sa composition constituée d&rsquo;une superposition de deux registres.Le [&hellip;]</p>
