{"id":8942,"date":"2025-12-03T14:34:36","date_gmt":"2025-12-03T13:34:36","guid":{"rendered":"https:\/\/catholiques17.fr\/mir-sg\/?page_id=8942"},"modified":"2025-12-07T11:51:21","modified_gmt":"2025-12-07T10:51:21","slug":"saint-germain-du-seudre","status":"publish","type":"page","link":"https:\/\/catholiques17.fr\/mir-sg\/nos-eglises\/saint-germain-du-seudre\/","title":{"rendered":"Saint Germain-du-Seudre"},"content":{"rendered":"\n[et_pb_section fb_built=\u00a0\u00bb1&Prime; _builder_version=\u00a0\u00bb4.27.4&Prime; _module_preset=\u00a0\u00bbdefault\u00a0\u00bb global_colors_info=\u00a0\u00bb{}\u00a0\u00bb theme_builder_area=\u00a0\u00bbpost_content\u00a0\u00bb][et_pb_row _builder_version=\u00a0\u00bb4.27.4&Prime; _module_preset=\u00a0\u00bbdefault\u00a0\u00bb global_colors_info=\u00a0\u00bb{}\u00a0\u00bb theme_builder_area=\u00a0\u00bbpost_content\u00a0\u00bb][et_pb_column type=\u00a0\u00bb4_4&Prime; _builder_version=\u00a0\u00bb4.27.4&Prime; _module_preset=\u00a0\u00bbdefault\u00a0\u00bb global_colors_info=\u00a0\u00bb{}\u00a0\u00bb theme_builder_area=\u00a0\u00bbpost_content\u00a0\u00bb][et_pb_text _builder_version=\u00a0\u00bb4.27.4&Prime; _module_preset=\u00a0\u00bbdefault\u00a0\u00bb text_line_height=\u00a0\u00bb1.4em\u00a0\u00bb text_orientation=\u00a0\u00bbjustified\u00a0\u00bb global_colors_info=\u00a0\u00bb{}\u00a0\u00bb theme_builder_area=\u00a0\u00bbpost_content\u00a0\u00bb]<p align=\"justify\"><strong>Eglise Saint-Germain<\/strong><\/p>\n<p align=\"justify\">Construite au XIIe si\u00e8cle, l\u2019\u00e9glise Saint-Germain fut ravag\u00e9e au cours des guerres du moyen-\u00e2ge. \u00a0Plusieurs fois restaur\u00e9es, la derni\u00e8re campagne de la fin du XIXe si\u00e8cle a permis de reconstruire le clocher.<\/p>\n<p align=\"justify\">De base carr\u00e9, celui-ci forme une poche ferm\u00e9 \u00e9difi\u00e9 sur la fa\u00e7ade ouest. Il est surmont\u00e9 de deux \u00e9tages comportant sur chaque face des baies \u00e9troites en plein cintre.<\/p>\n<p align=\"justify\">Le portail est orn\u00e9 sur\u00a0 sa petite voussure de seize t\u00eates\u00a0 de chevaux, de mordillons et de chapiteaux sculpt\u00e9s identiques \u00e0 l\u2019ancien mod\u00e8le roman expos\u00e9 dans l\u2019\u00e9glise, sur le mod\u00e8le de la pomme de pin.<\/p>\n<p align=\"justify\">La nef est un simple rectangle allong\u00e9, peu \u00e9lev\u00e9 et perc\u00e9 de quelques baies. Il existe pourtant, tr\u00e8s haut plac\u00e9 sur le mur sud, des traces de petites baies romanes. Comme \u00e0 Saint-Quentin-de-Ran\u00e7annes, elles ont la particularit\u00e9 d\u2019avoir un linteau \u00e9chancr\u00e9 d\u2019une seule pierre. Elles sont grav\u00e9es pour imiter un arc en claveaux.<\/p>\n<p align=\"justify\">L\u2019ancien chevet a compl\u00e8tement disparu. L\u2019actuel qui occupe la base de l\u2019ancien clocher est vo\u00fbt\u00e9 en ogives \u00e0 huit branches avec formerets. Les nervures sont re\u00e7ues par de petits piliers carr\u00e9s encadr\u00e9 de fines colonnes d\u2019angle.<\/p>\n<p align=\"justify\">Le haut du pignon du chevet a \u00e9t\u00e9 sur\u00e9lev\u00e9 comme le montre bien la diff\u00e9rence d\u2019appareillage, sans doute fait avec des pierres de r\u00e9emploi.<\/p>[\/et_pb_text][\/et_pb_column][\/et_pb_row][et_pb_row _builder_version=\u00a0\u00bb4.27.4&Prime; _module_preset=\u00a0\u00bbdefault\u00a0\u00bb global_colors_info=\u00a0\u00bb{}\u00a0\u00bb theme_builder_area=\u00a0\u00bbpost_content\u00a0\u00bb][et_pb_column type=\u00a0\u00bb4_4&Prime; _builder_version=\u00a0\u00bb4.27.4&Prime; _module_preset=\u00a0\u00bbdefault\u00a0\u00bb global_colors_info=\u00a0\u00bb{}\u00a0\u00bb theme_builder_area=\u00a0\u00bbpost_content\u00a0\u00bb][et_pb_image src=\u00a0\u00bbhttps:\/\/catholiques17.fr\/mir-sg\/wp-content\/uploads\/sites\/27\/2025\/12\/435_02.jpg\u00a0\u00bb title_text=\u00a0\u00bb435_02&Prime; show_in_lightbox=\u00a0\u00bbon\u00a0\u00bb _builder_version=\u00a0\u00bb4.27.4&Prime; _module_preset=\u00a0\u00bbdefault\u00a0\u00bb global_colors_info=\u00a0\u00bb{}\u00a0\u00bb theme_builder_area=\u00a0\u00bbpost_content\u00a0\u00bb][\/et_pb_image][\/et_pb_column][\/et_pb_row][et_pb_row column_structure=\u00a0\u00bb1_4,1_4,1_4,1_4&Prime; _builder_version=\u00a0\u00bb4.27.4&Prime; _module_preset=\u00a0\u00bbdefault\u00a0\u00bb global_colors_info=\u00a0\u00bb{}\u00a0\u00bb theme_builder_area=\u00a0\u00bbpost_content\u00a0\u00bb][et_pb_column type=\u00a0\u00bb1_4&Prime; _builder_version=\u00a0\u00bb4.27.4&Prime; _module_preset=\u00a0\u00bbdefault\u00a0\u00bb global_colors_info=\u00a0\u00bb{}\u00a0\u00bb theme_builder_area=\u00a0\u00bbpost_content\u00a0\u00bb][et_pb_image src=\u00a0\u00bbhttps:\/\/catholiques17.fr\/mir-sg\/wp-content\/uploads\/sites\/27\/2025\/12\/435_06.jpg\u00a0\u00bb title_text=\u00a0\u00bb435_06&Prime; show_in_lightbox=\u00a0\u00bbon\u00a0\u00bb _builder_version=\u00a0\u00bb4.27.4&Prime; _module_preset=\u00a0\u00bbdefault\u00a0\u00bb global_colors_info=\u00a0\u00bb{}\u00a0\u00bb theme_builder_area=\u00a0\u00bbpost_content\u00a0\u00bb][\/et_pb_image][\/et_pb_column][et_pb_column type=\u00a0\u00bb1_4&Prime; _builder_version=\u00a0\u00bb4.27.4&Prime; _module_preset=\u00a0\u00bbdefault\u00a0\u00bb global_colors_info=\u00a0\u00bb{}\u00a0\u00bb theme_builder_area=\u00a0\u00bbpost_content\u00a0\u00bb][et_pb_image src=\u00a0\u00bbhttps:\/\/catholiques17.fr\/mir-sg\/wp-content\/uploads\/sites\/27\/2025\/12\/435_05.jpg\u00a0\u00bb title_text=\u00a0\u00bb435_05&Prime; show_in_lightbox=\u00a0\u00bbon\u00a0\u00bb _builder_version=\u00a0\u00bb4.27.4&Prime; _module_preset=\u00a0\u00bbdefault\u00a0\u00bb global_colors_info=\u00a0\u00bb{}\u00a0\u00bb theme_builder_area=\u00a0\u00bbpost_content\u00a0\u00bb][\/et_pb_image][\/et_pb_column][et_pb_column type=\u00a0\u00bb1_4&Prime; _builder_version=\u00a0\u00bb4.27.4&Prime; _module_preset=\u00a0\u00bbdefault\u00a0\u00bb global_colors_info=\u00a0\u00bb{}\u00a0\u00bb theme_builder_area=\u00a0\u00bbpost_content\u00a0\u00bb][et_pb_image src=\u00a0\u00bbhttps:\/\/catholiques17.fr\/mir-sg\/wp-content\/uploads\/sites\/27\/2025\/12\/435_03.jpg\u00a0\u00bb title_text=\u00a0\u00bb435_03&Prime; show_in_lightbox=\u00a0\u00bbon\u00a0\u00bb _builder_version=\u00a0\u00bb4.27.4&Prime; _module_preset=\u00a0\u00bbdefault\u00a0\u00bb global_colors_info=\u00a0\u00bb{}\u00a0\u00bb theme_builder_area=\u00a0\u00bbpost_content\u00a0\u00bb][\/et_pb_image][\/et_pb_column][et_pb_column type=\u00a0\u00bb1_4&Prime; _builder_version=\u00a0\u00bb4.27.4&Prime; _module_preset=\u00a0\u00bbdefault\u00a0\u00bb global_colors_info=\u00a0\u00bb{}\u00a0\u00bb theme_builder_area=\u00a0\u00bbpost_content\u00a0\u00bb][et_pb_image src=\u00a0\u00bbhttps:\/\/catholiques17.fr\/mir-sg\/wp-content\/uploads\/sites\/27\/2025\/12\/435_04.jpg\u00a0\u00bb title_text=\u00a0\u00bb435_04&Prime; show_in_lightbox=\u00a0\u00bbon\u00a0\u00bb _builder_version=\u00a0\u00bb4.27.4&Prime; _module_preset=\u00a0\u00bbdefault\u00a0\u00bb global_colors_info=\u00a0\u00bb{}\u00a0\u00bb theme_builder_area=\u00a0\u00bbpost_content\u00a0\u00bb][\/et_pb_image][\/et_pb_column][\/et_pb_row][\/et_pb_section]\n","protected":false},"excerpt":{"rendered":"<p>Eglise Saint-Germain Construite au XIIe si\u00e8cle, l\u2019\u00e9glise Saint-Germain fut ravag\u00e9e au cours des guerres du moyen-\u00e2ge. \u00a0Plusieurs fois restaur\u00e9es, la derni\u00e8re campagne de la fin du XIXe si\u00e8cle a permis [&hellip;]<\/p>\n","protected":false},"author":4,"featured_media":9096,"parent":8897,"menu_order":0,"comment_status":"closed","ping_status":"closed","template":"","meta":{"_et_pb_use_builder":"on","_et_pb_old_content":"","_et_gb_content_width":"","footnotes":""},"class_list":["post-8942","page","type-page","status-publish","has-post-thumbnail","hentry"],"_links":{"self":[{"href":"https:\/\/catholiques17.fr\/mir-sg\/wp-json\/wp\/v2\/pages\/8942","targetHints":{"allow":["GET"]}}],"collection":[{"href":"https:\/\/catholiques17.fr\/mir-sg\/wp-json\/wp\/v2\/pages"}],"about":[{"href":"https:\/\/catholiques17.fr\/mir-sg\/wp-json\/wp\/v2\/types\/page"}],"author":[{"embeddable":true,"href":"https:\/\/catholiques17.fr\/mir-sg\/wp-json\/wp\/v2\/users\/4"}],"replies":[{"embeddable":true,"href":"https:\/\/catholiques17.fr\/mir-sg\/wp-json\/wp\/v2\/comments?post=8942"}],"version-history":[{"count":6,"href":"https:\/\/catholiques17.fr\/mir-sg\/wp-json\/wp\/v2\/pages\/8942\/revisions"}],"predecessor-version":[{"id":9110,"href":"https:\/\/catholiques17.fr\/mir-sg\/wp-json\/wp\/v2\/pages\/8942\/revisions\/9110"}],"up":[{"embeddable":true,"href":"https:\/\/catholiques17.fr\/mir-sg\/wp-json\/wp\/v2\/pages\/8897"}],"wp:featuredmedia":[{"embeddable":true,"href":"https:\/\/catholiques17.fr\/mir-sg\/wp-json\/wp\/v2\/media\/9096"}],"wp:attachment":[{"href":"https:\/\/catholiques17.fr\/mir-sg\/wp-json\/wp\/v2\/media?parent=8942"}],"curies":[{"name":"wp","href":"https:\/\/api.w.org\/{rel}","templated":true}]}}

[et_pb_section fb_built= »1&Prime; _builder_version= »4.27.4&Prime; _module_preset= »default » global_colors_info= »{} » theme_builder_area= »post_content »][et_pb_row _builder_version= »4.27.4&Prime; _module_preset= »default » global_colors_info= »{} » theme_builder_area= »post_content »][et_pb_column type= »4_4&Prime; _builder_version= »4.27.4&Prime; _module_preset= »default » global_colors_info= »{} » theme_builder_area= »post_content »][et_pb_text _builder_version= »4.27.4&Prime; _module_preset= »default » text_line_height= »1.4em » text_orientation= »justified » global_colors_info= »{} » theme_builder_area= »post_content »]<p align="justify"><strong>Eglise Saint-Germain</strong></p>
<p align="justify">Construite au XIIe siècle, l’église Saint-Germain fut ravagée au cours des guerres du moyen-âge.  Plusieurs fois restaurées, la dernière campagne de la fin du XIXe siècle a permis de reconstruire le clocher.</p>
<p align="justify">De base carré, celui-ci forme une poche fermé édifié sur la façade ouest. Il est surmonté de deux étages comportant sur chaque face des baies étroites en plein cintre.</p>
<p align="justify">Le portail est orné sur  sa petite voussure de seize têtes  de chevaux, de mordillons et de chapiteaux sculptés identiques à l’ancien modèle roman exposé dans l’église, sur le modèle de la pomme de pin.</p>
<p align="justify">La nef est un simple rectangle allongé, peu élevé et percé de quelques baies. Il existe pourtant, très haut placé sur le mur sud, des traces de petites baies romanes. Comme à Saint-Quentin-de-Rançannes, elles ont la particularité d’avoir un linteau échancré d’une seule pierre. Elles sont gravées pour imiter un arc en claveaux.</p>
<p align="justify">L’ancien chevet a complètement disparu. L’actuel qui occupe la base de l’ancien clocher est voûté en ogives à huit branches avec formerets. Les nervures sont reçues par de petits piliers carrés encadré de fines colonnes d’angle.</p>
<p align="justify">Le haut du pignon du chevet a été surélevé comme le montre bien la différence d’appareillage, sans doute fait avec des pierres de réemploi.</p>[/et_pb_text][/et_pb_column][/et_pb_row][et_pb_row _builder_version= »4.27.4&Prime; _module_preset= »default » global_colors_info= »{} » theme_builder_area= »post_content »][et_pb_column type= »4_4&Prime; _builder_version= »4.27.4&Prime; _module_preset= »default » global_colors_info= »{} » theme_builder_area= »post_content »][et_pb_image src= »https://catholiques17.fr/mir-sg/wp-content/uploads/sites/27/2025/12/435_02.jpg » title_text= »435_02&Prime; show_in_lightbox= »on » _builder_version= »4.27.4&Prime; _module_preset= »default » global_colors_info= »{} » theme_builder_area= »post_content »][/et_pb_image][/et_pb_column][/et_pb_row][et_pb_row column_structure= »1_4,1_4,1_4,1_4&Prime; _builder_version= »4.27.4&Prime; _module_preset= »default » global_colors_info= »{} » theme_builder_area= »post_content »][et_pb_column type= »1_4&Prime; _builder_version= »4.27.4&Prime; _module_preset= »default » global_colors_info= »{} » theme_builder_area= »post_content »][et_pb_image src= »https://catholiques17.fr/mir-sg/wp-content/uploads/sites/27/2025/12/435_06.jpg » title_text= »435_06&Prime; show_in_lightbox= »on » _builder_version= »4.27.4&Prime; _module_preset= »default » global_colors_info= »{} » theme_builder_area= »post_content »][/et_pb_image][/et_pb_column][et_pb_column type= »1_4&Prime; _builder_version= »4.27.4&Prime; _module_preset= »default » global_colors_info= »{} » theme_builder_area= »post_content »][et_pb_image src= »https://catholiques17.fr/mir-sg/wp-content/uploads/sites/27/2025/12/435_05.jpg » title_text= »435_05&Prime; show_in_lightbox= »on » _builder_version= »4.27.4&Prime; _module_preset= »default » global_colors_info= »{} » theme_builder_area= »post_content »][/et_pb_image][/et_pb_column][et_pb_column type= »1_4&Prime; _builder_version= »4.27.4&Prime; _module_preset= »default » global_colors_info= »{} » theme_builder_area= »post_content »][et_pb_image src= »https://catholiques17.fr/mir-sg/wp-content/uploads/sites/27/2025/12/435_03.jpg » title_text= »435_03&Prime; show_in_lightbox= »on » _builder_version= »4.27.4&Prime; _module_preset= »default » global_colors_info= »{} » theme_builder_area= »post_content »][/et_pb_image][/et_pb_column][et_pb_column type= »1_4&Prime; _builder_version= »4.27.4&Prime; _module_preset= »default » global_colors_info= »{} » theme_builder_area= »post_content »][et_pb_image src= »https://catholiques17.fr/mir-sg/wp-content/uploads/sites/27/2025/12/435_04.jpg » title_text= »435_04&Prime; show_in_lightbox= »on » _builder_version= »4.27.4&Prime; _module_preset= »default » global_colors_info= »{} » theme_builder_area= »post_content »][/et_pb_image][/et_pb_column][/et_pb_row][/et_pb_section]

<p>Eglise Saint-Germain Construite au XIIe siècle, l’église Saint-Germain fut ravagée au cours des guerres du moyen-âge.  Plusieurs fois restaurées, la dernière campagne de la fin du XIXe siècle a permis [&hellip;]</p>
