{"id":8937,"date":"2025-12-03T14:33:44","date_gmt":"2025-12-03T13:33:44","guid":{"rendered":"https:\/\/catholiques17.fr\/mir-sg\/?page_id=8937"},"modified":"2026-02-08T13:26:10","modified_gmt":"2026-02-08T12:26:10","slug":"saint-georges-des-agouts","status":"publish","type":"page","link":"https:\/\/catholiques17.fr\/mir-sg\/nos-eglises\/saint-georges-des-agouts\/","title":{"rendered":"Saint Georges-des-Ago\u00fbts"},"content":{"rendered":"<p>[et_pb_section fb_built=\u00a0\u00bb1&Prime; theme_builder_area=\u00a0\u00bbpost_content\u00a0\u00bb _builder_version=\u00a0\u00bb4.27.5&Prime; _module_preset=\u00a0\u00bbdefault\u00a0\u00bb][et_pb_row _builder_version=\u00a0\u00bb4.27.5&Prime; _module_preset=\u00a0\u00bbdefault\u00a0\u00bb theme_builder_area=\u00a0\u00bbpost_content\u00a0\u00bb][et_pb_column _builder_version=\u00a0\u00bb4.27.5&Prime; _module_preset=\u00a0\u00bbdefault\u00a0\u00bb type=\u00a0\u00bb4_4&Prime; theme_builder_area=\u00a0\u00bbpost_content\u00a0\u00bb][et_pb_text _builder_version=\u00a0\u00bb4.27.5&Prime; _module_preset=\u00a0\u00bbdefault\u00a0\u00bb theme_builder_area=\u00a0\u00bbpost_content\u00a0\u00bb hover_enabled=\u00a0\u00bb0&Prime; sticky_enabled=\u00a0\u00bb0&Prime;]<\/p>\n<p><strong>Eglise Saint-Georges<\/strong><\/p>\n<p>L&rsquo;\u00e9glise Saint-Georges est un \u00e9difice b\u00e2ti au XIIe si\u00e8cle. En calcaire, fin XVe et d\u00e9but XVe si\u00e8cle, les trav\u00e9es ouest de la nef sont doubl\u00e9es par un second vaisseau au sud, et un clocher carr\u00e9 est \u00e9lev\u00e9. Pour faire face aux Guerres de Religion, une chambre haute est \u00e9difi\u00e9e; pr\u00e9sence d&rsquo;un souterrain-refuge. Au XIXe si\u00e8cle, le collat\u00e9ral tardif est divis\u00e9 par un mur de refend longitudinal, et re\u00e7oit un l\u00e9ger vo\u00fbtement; le chevet est perc\u00e9 d&rsquo;une baie g\u00e9min\u00e9e n\u00e9o-romane. L&rsquo;\u00e9glise Saint-Georges et son portail sont inscrites par arr\u00eat\u00e9 du 5 d\u00e9cembre 2000 aux Monuments Historiques. Ainsi, l&rsquo;\u00e9glise pr\u00e9sente des particularit\u00e9s int\u00e9ressantes:<br \/>La fa\u00e7ade occidentale: La fa\u00e7ade occidentale de l&rsquo;\u00e9glise, bien que reconstruite, est cependant la partie curieuse de cet \u00e9difice. Elle a conserv\u00e9 entre deux courts pilastres arr\u00eat\u00e9s en pointe et sous un oculus, empli d&rsquo;un vitrail repr\u00e9sentant Saint-Joseph, son portail roman \u00e0 trois voussures, compl\u00e9t\u00e9 par un cordon \u00e0 pointe de diamant, le tout en l\u00e9g\u00e8re avanc\u00e9e, disposition assez rare en Saintonge. La grande voussure est garnie de gros b\u00e2tonnets en croix;les deux autres de motifs sp\u00e9ciaux.D&rsquo;abord une suite de grandes feuilles travers\u00e9es par un ruban ondul\u00e9, puis des feuilles doubles (ou des fleurs), plus petites. Les deux colonnes des pieds-droits ont conserv\u00e9 deux chapiteaux romans travaill\u00e9s et histori\u00e9s. Le chapiteau de gauche est orn\u00e9 d\u00e9 deux sir\u00e8nes (trigone) mordues aux oreilles par des poissons.<br \/>Le mur sud, le Clocher : Du c\u00f4t\u00e9 sud l&rsquo;ancien carr\u00e9 du transept est couvert d&rsquo;une coupole sur pendentif, int\u00e9gr\u00e9e au clocher lat\u00e9ral. Ce clocher carr\u00e9 construit en grande partie en moellons, sur l&rsquo;ancien croisillon sud, comprend deux \u00e9tages; le premier a sur chaque face une ouverture non styl\u00e9e, le second, deux, entre les pilastres.<br \/>La cloche en bronze, a \u00e9t\u00e9 fondue en 1594. (H: 67, la: 71). Elle est class\u00e9e dans la liste au titre d&rsquo;objet par les Monuments Historiques le 5\/12\/1908.<strong><\/strong><\/p>\n<p>A l&rsquo;angle, un cadran solaire en pierre appara\u00eet. Le mur oriental du chevet, surmont\u00e9 d&rsquo;un pignon ajour\u00e9 de meurtri\u00e8res, est perc\u00e9 de deux fen\u00eatres jumel\u00e9es de style roman moderne avec pour vitraux d&rsquo;un c\u00f4t\u00e9 la Vierge Marie et de l&rsquo;autre Joseph. Au-dessus s&rsquo;ouvre un petit oculus avec pour vitrail Saint -Georges en tenue de soldat romain avec une lance pr\u00eat \u00e0 terrasser la Dragon&#8230; . Au dessus encore, \u00e0 la limite de la toiture, deux fen\u00eatres de guet apparaissent.<br \/>Le Mur Nord : Sur le mur lat\u00e9ral. Nord, se voient encore des restes de corniches de modillons et quelques arcs d&rsquo;anciennes ouvertures mur\u00e9es. \u00c0 hauteur du chevet existe une fen\u00eatre \u00e0 colonnettes (XIIIe si\u00e8cle).<br \/>A l&rsquo;int\u00e9rieur de l&rsquo;\u00e9glise : Trois trav\u00e9es vo\u00fbt\u00e9es sur crois\u00e9es d&rsquo;ogives \u00e0 quatre branches sont s\u00e9par\u00e9es par des groupes de trois colonnes \u00e0 chapiteaux garnis de gros feuillages.<br \/>Tr\u00e8s surprenant, en entrant par la petite porte sur la gauche, on voit le premier pilier orient\u00e9 en devers c\u00f4t\u00e9 sud. .. Une v\u00e9ritable petite \u00ab Tour de Pise \u00bb ! ! !<br \/>Le ch\u0153ur est encadr\u00e9 de quatre massifs de cinq colonnes in\u00e9gales, couvert d&rsquo;une coupole sur pendentifs, a port\u00e9 vraisemblablement l&rsquo;ancien clocher que l&rsquo;actuel, d\u00e9plac\u00e9, a remplac\u00e9. La nerf a donc \u00e9t\u00e9 restaur\u00e9e d\u00e8s la fin de l&rsquo;\u00e9poque romane et a re\u00e7u des vo\u00fbtes d&rsquo;ogives. Elle poss\u00e8de un sanctuaire \u00e0 chevet plat et, sous le clocher, une petite coupole mont\u00e9e sur pendentifs<br \/>Une chapelle \u00e0 plusieurs trav\u00e9es, ajout\u00e9e au XVe si\u00e8cle, fait deuxi\u00e8me nef. Il existe sous l&rsquo;\u00e9glise une crypte, ossuaire accol\u00e9 \u00e0 une petite salle avec une vo\u00fbte en encorbellement, sous laquelle part le souterrain-refuge.<br \/>Au-dessus de la crypte, le mur laisse appara\u00eet des peintures sous le tableau, peinture \u00e0 l&rsquo;huile, objet class\u00e9 aux Monuments Historiques le 23-10-1991. Il repr\u00e9sente comme iconographie Saint-Nicolas, l&rsquo;enfant, angelot, la nu\u00e9e. La l\u00e9gende de Saint-Nicolas, \u00e9v\u00eaque de Myre en Lycie, au IVe si\u00e8cle, aurait ressuscit\u00e9 trois petits enfants mis \u00e0 mort par un boucher pour \u00eatre servis en nourriture. Il est donc le saint-patron de tous les jeunes gar\u00e7ons.<\/p>\n<p>&nbsp;<\/p>\n<p><strong><\/strong><\/p>\n<p>[\/et_pb_text][\/et_pb_column][\/et_pb_row][et_pb_row _builder_version=\u00a0\u00bb4.27.5&Prime; _module_preset=\u00a0\u00bbdefault\u00a0\u00bb theme_builder_area=\u00a0\u00bbpost_content\u00a0\u00bb column_structure=\u00a0\u00bb1_3,1_3,1_3&Prime;][et_pb_column _builder_version=\u00a0\u00bb4.27.5&Prime; _module_preset=\u00a0\u00bbdefault\u00a0\u00bb type=\u00a0\u00bb1_3&Prime; theme_builder_area=\u00a0\u00bbpost_content\u00a0\u00bb][et_pb_image src=\u00a0\u00bbhttps:\/\/catholiques17.fr\/mir-sg\/wp-content\/uploads\/sites\/27\/2026\/02\/429_01.jpg\u00a0\u00bb _builder_version=\u00a0\u00bb4.27.5&Prime; _module_preset=\u00a0\u00bbdefault\u00a0\u00bb theme_builder_area=\u00a0\u00bbpost_content\u00a0\u00bb title_text=\u00a0\u00bb429_01&Prime; show_in_lightbox=\u00a0\u00bbon\u00a0\u00bb hover_enabled=\u00a0\u00bb0&Prime; sticky_enabled=\u00a0\u00bb0&Prime;][\/et_pb_image][\/et_pb_column][et_pb_column _builder_version=\u00a0\u00bb4.27.5&Prime; _module_preset=\u00a0\u00bbdefault\u00a0\u00bb type=\u00a0\u00bb1_3&Prime; theme_builder_area=\u00a0\u00bbpost_content\u00a0\u00bb][et_pb_image src=\u00a0\u00bbhttps:\/\/catholiques17.fr\/mir-sg\/wp-content\/uploads\/sites\/27\/2026\/02\/429_13.jpg\u00a0\u00bb _builder_version=\u00a0\u00bb4.27.5&Prime; _module_preset=\u00a0\u00bbdefault\u00a0\u00bb theme_builder_area=\u00a0\u00bbpost_content\u00a0\u00bb title_text=\u00a0\u00bb429_13&Prime; show_in_lightbox=\u00a0\u00bbon\u00a0\u00bb hover_enabled=\u00a0\u00bb0&Prime; sticky_enabled=\u00a0\u00bb0&Prime;][\/et_pb_image][\/et_pb_column][et_pb_column _builder_version=\u00a0\u00bb4.27.5&Prime; _module_preset=\u00a0\u00bbdefault\u00a0\u00bb type=\u00a0\u00bb1_3&Prime; theme_builder_area=\u00a0\u00bbpost_content\u00a0\u00bb][et_pb_image src=\u00a0\u00bbhttps:\/\/catholiques17.fr\/mir-sg\/wp-content\/uploads\/sites\/27\/2026\/02\/429_16.jpg\u00a0\u00bb _builder_version=\u00a0\u00bb4.27.5&Prime; _module_preset=\u00a0\u00bbdefault\u00a0\u00bb theme_builder_area=\u00a0\u00bbpost_content\u00a0\u00bb title_text=\u00a0\u00bb429_16&Prime; show_in_lightbox=\u00a0\u00bbon\u00a0\u00bb hover_enabled=\u00a0\u00bb0&Prime; sticky_enabled=\u00a0\u00bb0&Prime;][\/et_pb_image][\/et_pb_column][\/et_pb_row][et_pb_row _builder_version=\u00a0\u00bb4.27.5&Prime; _module_preset=\u00a0\u00bbdefault\u00a0\u00bb theme_builder_area=\u00a0\u00bbpost_content\u00a0\u00bb column_structure=\u00a0\u00bb1_3,1_3,1_3&Prime;][et_pb_column _builder_version=\u00a0\u00bb4.27.5&Prime; _module_preset=\u00a0\u00bbdefault\u00a0\u00bb type=\u00a0\u00bb1_3&Prime; theme_builder_area=\u00a0\u00bbpost_content\u00a0\u00bb][et_pb_image src=\u00a0\u00bbhttps:\/\/catholiques17.fr\/mir-sg\/wp-content\/uploads\/sites\/27\/2026\/02\/429_15.jpg\u00a0\u00bb _builder_version=\u00a0\u00bb4.27.5&Prime; _module_preset=\u00a0\u00bbdefault\u00a0\u00bb theme_builder_area=\u00a0\u00bbpost_content\u00a0\u00bb title_text=\u00a0\u00bb429_15&Prime; show_in_lightbox=\u00a0\u00bbon\u00a0\u00bb hover_enabled=\u00a0\u00bb0&Prime; sticky_enabled=\u00a0\u00bb0&Prime;][\/et_pb_image][\/et_pb_column][et_pb_column _builder_version=\u00a0\u00bb4.27.5&Prime; _module_preset=\u00a0\u00bbdefault\u00a0\u00bb type=\u00a0\u00bb1_3&Prime; theme_builder_area=\u00a0\u00bbpost_content\u00a0\u00bb][et_pb_image src=\u00a0\u00bbhttps:\/\/catholiques17.fr\/mir-sg\/wp-content\/uploads\/sites\/27\/2026\/02\/429_28.jpg\u00a0\u00bb _builder_version=\u00a0\u00bb4.27.5&Prime; _module_preset=\u00a0\u00bbdefault\u00a0\u00bb theme_builder_area=\u00a0\u00bbpost_content\u00a0\u00bb title_text=\u00a0\u00bb429_28&Prime; show_in_lightbox=\u00a0\u00bbon\u00a0\u00bb hover_enabled=\u00a0\u00bb0&Prime; sticky_enabled=\u00a0\u00bb0&Prime;][\/et_pb_image][\/et_pb_column][et_pb_column _builder_version=\u00a0\u00bb4.27.5&Prime; _module_preset=\u00a0\u00bbdefault\u00a0\u00bb type=\u00a0\u00bb1_3&Prime; theme_builder_area=\u00a0\u00bbpost_content\u00a0\u00bb][et_pb_image src=\u00a0\u00bbhttps:\/\/catholiques17.fr\/mir-sg\/wp-content\/uploads\/sites\/27\/2026\/02\/429_20.jpg\u00a0\u00bb _builder_version=\u00a0\u00bb4.27.5&Prime; _module_preset=\u00a0\u00bbdefault\u00a0\u00bb theme_builder_area=\u00a0\u00bbpost_content\u00a0\u00bb title_text=\u00a0\u00bb429_20&Prime; show_in_lightbox=\u00a0\u00bbon\u00a0\u00bb hover_enabled=\u00a0\u00bb0&Prime; sticky_enabled=\u00a0\u00bb0&Prime;][\/et_pb_image][\/et_pb_column][\/et_pb_row][\/et_pb_section]<\/p>\n","protected":false},"excerpt":{"rendered":"<p>Eglise Saint-Georges L&rsquo;\u00e9glise Saint-Georges est un \u00e9difice b\u00e2ti au XIIe si\u00e8cle. En calcaire, fin XVe et d\u00e9but XVe si\u00e8cle, les trav\u00e9es ouest de la nef sont doubl\u00e9es par un second [&hellip;]<\/p>\n","protected":false},"author":4,"featured_media":9632,"parent":8897,"menu_order":0,"comment_status":"closed","ping_status":"closed","template":"","meta":{"_et_pb_use_builder":"on","_et_pb_old_content":"","_et_gb_content_width":"","footnotes":""},"class_list":["post-8937","page","type-page","status-publish","has-post-thumbnail","hentry"],"_links":{"self":[{"href":"https:\/\/catholiques17.fr\/mir-sg\/wp-json\/wp\/v2\/pages\/8937","targetHints":{"allow":["GET"]}}],"collection":[{"href":"https:\/\/catholiques17.fr\/mir-sg\/wp-json\/wp\/v2\/pages"}],"about":[{"href":"https:\/\/catholiques17.fr\/mir-sg\/wp-json\/wp\/v2\/types\/page"}],"author":[{"embeddable":true,"href":"https:\/\/catholiques17.fr\/mir-sg\/wp-json\/wp\/v2\/users\/4"}],"replies":[{"embeddable":true,"href":"https:\/\/catholiques17.fr\/mir-sg\/wp-json\/wp\/v2\/comments?post=8937"}],"version-history":[{"count":3,"href":"https:\/\/catholiques17.fr\/mir-sg\/wp-json\/wp\/v2\/pages\/8937\/revisions"}],"predecessor-version":[{"id":9641,"href":"https:\/\/catholiques17.fr\/mir-sg\/wp-json\/wp\/v2\/pages\/8937\/revisions\/9641"}],"up":[{"embeddable":true,"href":"https:\/\/catholiques17.fr\/mir-sg\/wp-json\/wp\/v2\/pages\/8897"}],"wp:featuredmedia":[{"embeddable":true,"href":"https:\/\/catholiques17.fr\/mir-sg\/wp-json\/wp\/v2\/media\/9632"}],"wp:attachment":[{"href":"https:\/\/catholiques17.fr\/mir-sg\/wp-json\/wp\/v2\/media?parent=8937"}],"curies":[{"name":"wp","href":"https:\/\/api.w.org\/{rel}","templated":true}]}}

Saint Georges-des-Agoûts

<p>[et_pb_section fb_built= »1&Prime; theme_builder_area= »post_content » _builder_version= »4.27.5&Prime; _module_preset= »default »][et_pb_row _builder_version= »4.27.5&Prime; _module_preset= »default » theme_builder_area= »post_content »][et_pb_column _builder_version= »4.27.5&Prime; _module_preset= »default » type= »4_4&Prime; theme_builder_area= »post_content »][et_pb_text _builder_version= »4.27.5&Prime; _module_preset= »default » theme_builder_area= »post_content » hover_enabled= »0&Prime; sticky_enabled= »0&Prime;]</p>
<p><strong>Eglise Saint-Georges</strong></p>
<p>L&rsquo;église Saint-Georges est un édifice bâti au XIIe siècle. En calcaire, fin XVe et début XVe siècle, les travées ouest de la nef sont doublées par un second vaisseau au sud, et un clocher carré est élevé. Pour faire face aux Guerres de Religion, une chambre haute est édifiée; présence d&rsquo;un souterrain-refuge. Au XIXe siècle, le collatéral tardif est divisé par un mur de refend longitudinal, et reçoit un léger voûtement; le chevet est percé d&rsquo;une baie géminée néo-romane. L&rsquo;église Saint-Georges et son portail sont inscrites par arrêté du 5 décembre 2000 aux Monuments Historiques. Ainsi, l&rsquo;église présente des particularités intéressantes:<br />La façade occidentale: La façade occidentale de l&rsquo;église, bien que reconstruite, est cependant la partie curieuse de cet édifice. Elle a conservé entre deux courts pilastres arrêtés en pointe et sous un oculus, empli d&rsquo;un vitrail représentant Saint-Joseph, son portail roman à trois voussures, complété par un cordon à pointe de diamant, le tout en légère avancée, disposition assez rare en Saintonge. La grande voussure est garnie de gros bâtonnets en croix;les deux autres de motifs spéciaux.D&rsquo;abord une suite de grandes feuilles traversées par un ruban ondulé, puis des feuilles doubles (ou des fleurs), plus petites. Les deux colonnes des pieds-droits ont conservé deux chapiteaux romans travaillés et historiés. Le chapiteau de gauche est orné dé deux sirènes (trigone) mordues aux oreilles par des poissons.<br />Le mur sud, le Clocher : Du côté sud l&rsquo;ancien carré du transept est couvert d&rsquo;une coupole sur pendentif, intégrée au clocher latéral. Ce clocher carré construit en grande partie en moellons, sur l&rsquo;ancien croisillon sud, comprend deux étages; le premier a sur chaque face une ouverture non stylée, le second, deux, entre les pilastres.<br />La cloche en bronze, a été fondue en 1594. (H: 67, la: 71). Elle est classée dans la liste au titre d&rsquo;objet par les Monuments Historiques le 5/12/1908.<strong></strong></p>
<p>A l&rsquo;angle, un cadran solaire en pierre apparaît. Le mur oriental du chevet, surmonté d&rsquo;un pignon ajouré de meurtrières, est percé de deux fenêtres jumelées de style roman moderne avec pour vitraux d&rsquo;un côté la Vierge Marie et de l&rsquo;autre Joseph. Au-dessus s&rsquo;ouvre un petit oculus avec pour vitrail Saint -Georges en tenue de soldat romain avec une lance prêt à terrasser la Dragon&#8230; . Au dessus encore, à la limite de la toiture, deux fenêtres de guet apparaissent.<br />Le Mur Nord : Sur le mur latéral. Nord, se voient encore des restes de corniches de modillons et quelques arcs d&rsquo;anciennes ouvertures murées. À hauteur du chevet existe une fenêtre à colonnettes (XIIIe siècle).<br />A l&rsquo;intérieur de l&rsquo;église : Trois travées voûtées sur croisées d&rsquo;ogives à quatre branches sont séparées par des groupes de trois colonnes à chapiteaux garnis de gros feuillages.<br />Très surprenant, en entrant par la petite porte sur la gauche, on voit le premier pilier orienté en devers côté sud. .. Une véritable petite « Tour de Pise » ! ! !<br />Le chœur est encadré de quatre massifs de cinq colonnes inégales, couvert d&rsquo;une coupole sur pendentifs, a porté vraisemblablement l&rsquo;ancien clocher que l&rsquo;actuel, déplacé, a remplacé. La nerf a donc été restaurée dès la fin de l&rsquo;époque romane et a reçu des voûtes d&rsquo;ogives. Elle possède un sanctuaire à chevet plat et, sous le clocher, une petite coupole montée sur pendentifs<br />Une chapelle à plusieurs travées, ajoutée au XVe siècle, fait deuxième nef. Il existe sous l&rsquo;église une crypte, ossuaire accolé à une petite salle avec une voûte en encorbellement, sous laquelle part le souterrain-refuge.<br />Au-dessus de la crypte, le mur laisse apparaît des peintures sous le tableau, peinture à l&rsquo;huile, objet classé aux Monuments Historiques le 23-10-1991. Il représente comme iconographie Saint-Nicolas, l&rsquo;enfant, angelot, la nuée. La légende de Saint-Nicolas, évêque de Myre en Lycie, au IVe siècle, aurait ressuscité trois petits enfants mis à mort par un boucher pour être servis en nourriture. Il est donc le saint-patron de tous les jeunes garçons.</p>
<p>&nbsp;</p>
<p><strong></strong></p>
<p>[/et_pb_text][/et_pb_column][/et_pb_row][et_pb_row _builder_version= »4.27.5&Prime; _module_preset= »default » theme_builder_area= »post_content » column_structure= »1_3,1_3,1_3&Prime;][et_pb_column _builder_version= »4.27.5&Prime; _module_preset= »default » type= »1_3&Prime; theme_builder_area= »post_content »][et_pb_image src= »https://catholiques17.fr/mir-sg/wp-content/uploads/sites/27/2026/02/429_01.jpg » _builder_version= »4.27.5&Prime; _module_preset= »default » theme_builder_area= »post_content » title_text= »429_01&Prime; show_in_lightbox= »on » hover_enabled= »0&Prime; sticky_enabled= »0&Prime;][/et_pb_image][/et_pb_column][et_pb_column _builder_version= »4.27.5&Prime; _module_preset= »default » type= »1_3&Prime; theme_builder_area= »post_content »][et_pb_image src= »https://catholiques17.fr/mir-sg/wp-content/uploads/sites/27/2026/02/429_13.jpg » _builder_version= »4.27.5&Prime; _module_preset= »default » theme_builder_area= »post_content » title_text= »429_13&Prime; show_in_lightbox= »on » hover_enabled= »0&Prime; sticky_enabled= »0&Prime;][/et_pb_image][/et_pb_column][et_pb_column _builder_version= »4.27.5&Prime; _module_preset= »default » type= »1_3&Prime; theme_builder_area= »post_content »][et_pb_image src= »https://catholiques17.fr/mir-sg/wp-content/uploads/sites/27/2026/02/429_16.jpg » _builder_version= »4.27.5&Prime; _module_preset= »default » theme_builder_area= »post_content » title_text= »429_16&Prime; show_in_lightbox= »on » hover_enabled= »0&Prime; sticky_enabled= »0&Prime;][/et_pb_image][/et_pb_column][/et_pb_row][et_pb_row _builder_version= »4.27.5&Prime; _module_preset= »default » theme_builder_area= »post_content » column_structure= »1_3,1_3,1_3&Prime;][et_pb_column _builder_version= »4.27.5&Prime; _module_preset= »default » type= »1_3&Prime; theme_builder_area= »post_content »][et_pb_image src= »https://catholiques17.fr/mir-sg/wp-content/uploads/sites/27/2026/02/429_15.jpg » _builder_version= »4.27.5&Prime; _module_preset= »default » theme_builder_area= »post_content » title_text= »429_15&Prime; show_in_lightbox= »on » hover_enabled= »0&Prime; sticky_enabled= »0&Prime;][/et_pb_image][/et_pb_column][et_pb_column _builder_version= »4.27.5&Prime; _module_preset= »default » type= »1_3&Prime; theme_builder_area= »post_content »][et_pb_image src= »https://catholiques17.fr/mir-sg/wp-content/uploads/sites/27/2026/02/429_28.jpg » _builder_version= »4.27.5&Prime; _module_preset= »default » theme_builder_area= »post_content » title_text= »429_28&Prime; show_in_lightbox= »on » hover_enabled= »0&Prime; sticky_enabled= »0&Prime;][/et_pb_image][/et_pb_column][et_pb_column _builder_version= »4.27.5&Prime; _module_preset= »default » type= »1_3&Prime; theme_builder_area= »post_content »][et_pb_image src= »https://catholiques17.fr/mir-sg/wp-content/uploads/sites/27/2026/02/429_20.jpg » _builder_version= »4.27.5&Prime; _module_preset= »default » theme_builder_area= »post_content » title_text= »429_20&Prime; show_in_lightbox= »on » hover_enabled= »0&Prime; sticky_enabled= »0&Prime;][/et_pb_image][/et_pb_column][/et_pb_row][/et_pb_section]</p>

<p>Eglise Saint-Georges L&rsquo;église Saint-Georges est un édifice bâti au XIIe siècle. En calcaire, fin XVe et début XVe siècle, les travées ouest de la nef sont doublées par un second [&hellip;]</p>
