{"id":8903,"date":"2025-12-03T14:22:59","date_gmt":"2025-12-03T13:22:59","guid":{"rendered":"https:\/\/catholiques17.fr\/mir-sg\/?page_id=8903"},"modified":"2026-02-08T15:45:58","modified_gmt":"2026-02-08T14:45:58","slug":"boisredon","status":"publish","type":"page","link":"https:\/\/catholiques17.fr\/mir-sg\/nos-eglises\/boisredon\/","title":{"rendered":"Boisredon"},"content":{"rendered":"<p>[et_pb_section fb_built=\u00a0\u00bb1&Prime; theme_builder_area=\u00a0\u00bbpost_content\u00a0\u00bb _builder_version=\u00a0\u00bb4.27.5&Prime; _module_preset=\u00a0\u00bbdefault\u00a0\u00bb][et_pb_row _builder_version=\u00a0\u00bb4.27.5&Prime; _module_preset=\u00a0\u00bbdefault\u00a0\u00bb theme_builder_area=\u00a0\u00bbpost_content\u00a0\u00bb][et_pb_column _builder_version=\u00a0\u00bb4.27.5&Prime; _module_preset=\u00a0\u00bbdefault\u00a0\u00bb type=\u00a0\u00bb4_4&Prime; theme_builder_area=\u00a0\u00bbpost_content\u00a0\u00bb][et_pb_text _builder_version=\u00a0\u00bb4.27.5&Prime; _module_preset=\u00a0\u00bbdefault\u00a0\u00bb theme_builder_area=\u00a0\u00bbpost_content\u00a0\u00bb hover_enabled=\u00a0\u00bb0&Prime; sticky_enabled=\u00a0\u00bb0&Prime;]<\/p>\n<p><strong>Eglise Saint-Pierre Claver<\/strong><\/p>\n<p>\u00c9glise du XIIe si\u00e8cle, modifi\u00e9e de nombreuses fois du XVe si\u00e8cle \u00e0 nos jours.<br \/>\u00c9glise orient\u00e9e de plan simple, nef et chevet droit. Le clocher de la fin du XIXe si\u00e8cle, est en avant de la nef sur une base carr\u00e9e, il forme un porche ferm\u00e9.<br \/>Il est surmont\u00e9 d&rsquo;une petite fl\u00e8che en ardoise abritant la cloche en bronze. La porte ogivale est centr\u00e9e entre deux contreforts.<br \/>Au premier \u00e9tage du clocher, une tribune s\u2019ouvre sur la nef unique et rectangulaire. Les vo\u00fbtes \u00e0 nervures reposent sur des colonnes engag\u00e9es \u00e0 chapiteaux bruts. Celles du c\u0153ur reposent quand \u00e0 elles sur des chapiteaux \u00e0 d\u00e9cors animalier et v\u00e9g\u00e9tal.<br \/>Quelques m\u00e9daillons existent encore sur les murs lat\u00e9raux. Sur le mur nord, on distingue un grand arc plein centr\u00e9 assez bas, sans doute une sacristie adoss\u00e9e au chevet. Il existe aussi une crypte ossuaire sous le chevet.<strong><\/strong><\/p>\n<p><strong><\/strong><\/p>\n<p>[\/et_pb_text][\/et_pb_column][\/et_pb_row][et_pb_row _builder_version=\u00a0\u00bb4.27.5&Prime; _module_preset=\u00a0\u00bbdefault\u00a0\u00bb theme_builder_area=\u00a0\u00bbpost_content\u00a0\u00bb][et_pb_column _builder_version=\u00a0\u00bb4.27.5&Prime; _module_preset=\u00a0\u00bbdefault\u00a0\u00bb type=\u00a0\u00bb4_4&Prime; theme_builder_area=\u00a0\u00bbpost_content\u00a0\u00bb][et_pb_image src=\u00a0\u00bbhttps:\/\/catholiques17.fr\/mir-sg\/wp-content\/uploads\/sites\/27\/2026\/02\/050_02.jpg\u00a0\u00bb _builder_version=\u00a0\u00bb4.27.5&Prime; _module_preset=\u00a0\u00bbdefault\u00a0\u00bb theme_builder_area=\u00a0\u00bbpost_content\u00a0\u00bb title_text=\u00a0\u00bb050_02&Prime; hover_enabled=\u00a0\u00bb0&Prime; sticky_enabled=\u00a0\u00bb0&Prime;][\/et_pb_image][\/et_pb_column][\/et_pb_row][\/et_pb_section]<\/p>\n","protected":false},"excerpt":{"rendered":"<p>Eglise Saint-Pierre Claver \u00c9glise du XIIe si\u00e8cle, modifi\u00e9e de nombreuses fois du XVe si\u00e8cle \u00e0 nos jours.\u00c9glise orient\u00e9e de plan simple, nef et chevet droit. Le clocher de la fin [&hellip;]<\/p>\n","protected":false},"author":4,"featured_media":9660,"parent":8897,"menu_order":0,"comment_status":"closed","ping_status":"closed","template":"","meta":{"_et_pb_use_builder":"on","_et_pb_old_content":"","_et_gb_content_width":"","footnotes":""},"class_list":["post-8903","page","type-page","status-publish","has-post-thumbnail","hentry"],"_links":{"self":[{"href":"https:\/\/catholiques17.fr\/mir-sg\/wp-json\/wp\/v2\/pages\/8903","targetHints":{"allow":["GET"]}}],"collection":[{"href":"https:\/\/catholiques17.fr\/mir-sg\/wp-json\/wp\/v2\/pages"}],"about":[{"href":"https:\/\/catholiques17.fr\/mir-sg\/wp-json\/wp\/v2\/types\/page"}],"author":[{"embeddable":true,"href":"https:\/\/catholiques17.fr\/mir-sg\/wp-json\/wp\/v2\/users\/4"}],"replies":[{"embeddable":true,"href":"https:\/\/catholiques17.fr\/mir-sg\/wp-json\/wp\/v2\/comments?post=8903"}],"version-history":[{"count":3,"href":"https:\/\/catholiques17.fr\/mir-sg\/wp-json\/wp\/v2\/pages\/8903\/revisions"}],"predecessor-version":[{"id":9663,"href":"https:\/\/catholiques17.fr\/mir-sg\/wp-json\/wp\/v2\/pages\/8903\/revisions\/9663"}],"up":[{"embeddable":true,"href":"https:\/\/catholiques17.fr\/mir-sg\/wp-json\/wp\/v2\/pages\/8897"}],"wp:featuredmedia":[{"embeddable":true,"href":"https:\/\/catholiques17.fr\/mir-sg\/wp-json\/wp\/v2\/media\/9660"}],"wp:attachment":[{"href":"https:\/\/catholiques17.fr\/mir-sg\/wp-json\/wp\/v2\/media?parent=8903"}],"curies":[{"name":"wp","href":"https:\/\/api.w.org\/{rel}","templated":true}]}}

<p>[et_pb_section fb_built= »1&Prime; theme_builder_area= »post_content » _builder_version= »4.27.5&Prime; _module_preset= »default »][et_pb_row _builder_version= »4.27.5&Prime; _module_preset= »default » theme_builder_area= »post_content »][et_pb_column _builder_version= »4.27.5&Prime; _module_preset= »default » type= »4_4&Prime; theme_builder_area= »post_content »][et_pb_text _builder_version= »4.27.5&Prime; _module_preset= »default » theme_builder_area= »post_content » hover_enabled= »0&Prime; sticky_enabled= »0&Prime;]</p>
<p><strong>Eglise Saint-Pierre Claver</strong></p>
<p>Église du XIIe siècle, modifiée de nombreuses fois du XVe siècle à nos jours.<br />Église orientée de plan simple, nef et chevet droit. Le clocher de la fin du XIXe siècle, est en avant de la nef sur une base carrée, il forme un porche fermé.<br />Il est surmonté d&rsquo;une petite flèche en ardoise abritant la cloche en bronze. La porte ogivale est centrée entre deux contreforts.<br />Au premier étage du clocher, une tribune s’ouvre sur la nef unique et rectangulaire. Les voûtes à nervures reposent sur des colonnes engagées à chapiteaux bruts. Celles du cœur reposent quand à elles sur des chapiteaux à décors animalier et végétal.<br />Quelques médaillons existent encore sur les murs latéraux. Sur le mur nord, on distingue un grand arc plein centré assez bas, sans doute une sacristie adossée au chevet. Il existe aussi une crypte ossuaire sous le chevet.<strong></strong></p>
<p><strong></strong></p>
<p>[/et_pb_text][/et_pb_column][/et_pb_row][et_pb_row _builder_version= »4.27.5&Prime; _module_preset= »default » theme_builder_area= »post_content »][et_pb_column _builder_version= »4.27.5&Prime; _module_preset= »default » type= »4_4&Prime; theme_builder_area= »post_content »][et_pb_image src= »https://catholiques17.fr/mir-sg/wp-content/uploads/sites/27/2026/02/050_02.jpg » _builder_version= »4.27.5&Prime; _module_preset= »default » theme_builder_area= »post_content » title_text= »050_02&Prime; hover_enabled= »0&Prime; sticky_enabled= »0&Prime;][/et_pb_image][/et_pb_column][/et_pb_row][/et_pb_section]</p>

<p>Eglise Saint-Pierre Claver Église du XIIe siècle, modifiée de nombreuses fois du XVe siècle à nos jours.Église orientée de plan simple, nef et chevet droit. Le clocher de la fin [&hellip;]</p>
