{"id":5553,"date":"2021-07-30T01:08:38","date_gmt":"2021-07-29T23:08:38","guid":{"rendered":"https:\/\/catholiques17.fr\/mir-sg\/?page_id=5553"},"modified":"2025-12-03T14:19:31","modified_gmt":"2025-12-03T13:19:31","slug":"lecteurs","status":"publish","type":"page","link":"https:\/\/catholiques17.fr\/mir-sg\/les-services\/lecteurs\/","title":{"rendered":"Lecteurs"},"content":{"rendered":"\n<p>Nous devons permettre \u00e0 un maximum de paroissiens d&rsquo;\u00eatre acteur de la c\u00e9l\u00e9bration et pas simplement spectateur.<\/p>\n\n\n\n<p>Nous pouvons y arriver aussi par le lectorat en invitant le plus grand nombre de paroissiens \u00e0 se porter volontaire pour lire \u00ab\u00a0La Parole\u00a0\u00bb ou les intentions de pri\u00e8re. Il faut que ce ne soit pas toujours les m\u00eames qui lisent: plus de jeunes, des personnes nouvellement arriv\u00e9es dans notre paroisse&#8230;<\/p>\n\n\n\n<p>Mais il faut permettre \u00e0 ces personnes de s&rsquo;y pr\u00e9parer. En effet \u00ab\u00a0La Parole\u00a0\u00bb est faite pour \u00eatre \u00e9cout\u00e9e. Et donc la qualit\u00e9 de la diction est essentielle pour l&rsquo;auditoire. <\/p>\n","protected":false},"excerpt":{"rendered":"<p>Nous devons permettre \u00e0 un maximum de paroissiens d&rsquo;\u00eatre acteur de la c\u00e9l\u00e9bration et pas simplement spectateur. Nous pouvons y arriver aussi par le lectorat en invitant le plus grand [&hellip;]<\/p>\n","protected":false},"author":33,"featured_media":0,"parent":8895,"menu_order":0,"comment_status":"closed","ping_status":"closed","template":"","meta":{"_et_pb_use_builder":"off","_et_pb_old_content":"","_et_gb_content_width":"","footnotes":""},"class_list":["post-5553","page","type-page","status-publish","hentry"],"_links":{"self":[{"href":"https:\/\/catholiques17.fr\/mir-sg\/wp-json\/wp\/v2\/pages\/5553","targetHints":{"allow":["GET"]}}],"collection":[{"href":"https:\/\/catholiques17.fr\/mir-sg\/wp-json\/wp\/v2\/pages"}],"about":[{"href":"https:\/\/catholiques17.fr\/mir-sg\/wp-json\/wp\/v2\/types\/page"}],"author":[{"embeddable":true,"href":"https:\/\/catholiques17.fr\/mir-sg\/wp-json\/wp\/v2\/users\/33"}],"replies":[{"embeddable":true,"href":"https:\/\/catholiques17.fr\/mir-sg\/wp-json\/wp\/v2\/comments?post=5553"}],"version-history":[{"count":2,"href":"https:\/\/catholiques17.fr\/mir-sg\/wp-json\/wp\/v2\/pages\/5553\/revisions"}],"predecessor-version":[{"id":5557,"href":"https:\/\/catholiques17.fr\/mir-sg\/wp-json\/wp\/v2\/pages\/5553\/revisions\/5557"}],"up":[{"embeddable":true,"href":"https:\/\/catholiques17.fr\/mir-sg\/wp-json\/wp\/v2\/pages\/8895"}],"wp:attachment":[{"href":"https:\/\/catholiques17.fr\/mir-sg\/wp-json\/wp\/v2\/media?parent=5553"}],"curies":[{"name":"wp","href":"https:\/\/api.w.org\/{rel}","templated":true}]}}

<p>Nous devons permettre à un maximum de paroissiens d&rsquo;être acteur de la célébration et pas simplement spectateur.</p>



<p>Nous pouvons y arriver aussi par le lectorat en invitant le plus grand nombre de paroissiens à se porter volontaire pour lire « La Parole » ou les intentions de prière. Il faut que ce ne soit pas toujours les mêmes qui lisent: plus de jeunes, des personnes nouvellement arrivées dans notre paroisse&#8230;</p>



<p>Mais il faut permettre à ces personnes de s&rsquo;y préparer. En effet « La Parole » est faite pour être écoutée. Et donc la qualité de la diction est essentielle pour l&rsquo;auditoire. </p>

<p>Nous devons permettre à un maximum de paroissiens d&rsquo;être acteur de la célébration et pas simplement spectateur. Nous pouvons y arriver aussi par le lectorat en invitant le plus grand [&hellip;]</p>
