{"id":5411,"date":"2021-07-25T23:48:02","date_gmt":"2021-07-25T21:48:02","guid":{"rendered":"https:\/\/catholiques17.fr\/mir-sg\/?page_id=5411"},"modified":"2025-12-05T09:25:57","modified_gmt":"2025-12-05T08:25:57","slug":"le-conseil-paroissial","status":"publish","type":"page","link":"https:\/\/catholiques17.fr\/mir-sg\/la-paroisse\/le-conseil-paroissial\/","title":{"rendered":"Le Conseil Paroissial"},"content":{"rendered":"[et_pb_section fb_built=\u00a0\u00bb1&Prime; admin_label=\u00a0\u00bbsection\u00a0\u00bb _builder_version=\u00a0\u00bb4.16&Prime; global_colors_info=\u00a0\u00bb{}\u00a0\u00bb theme_builder_area=\u00a0\u00bbpost_content\u00a0\u00bb][et_pb_row admin_label=\u00a0\u00bbrow\u00a0\u00bb _builder_version=\u00a0\u00bb4.16&Prime; background_size=\u00a0\u00bbinitial\u00a0\u00bb background_position=\u00a0\u00bbtop_left\u00a0\u00bb background_repeat=\u00a0\u00bbrepeat\u00a0\u00bb global_colors_info=\u00a0\u00bb{}\u00a0\u00bb theme_builder_area=\u00a0\u00bbpost_content\u00a0\u00bb][et_pb_column type=\u00a0\u00bb4_4&Prime; _builder_version=\u00a0\u00bb4.16&Prime; custom_padding=\u00a0\u00bb|||\u00a0\u00bb global_colors_info=\u00a0\u00bb{}\u00a0\u00bb custom_padding__hover=\u00a0\u00bb|||\u00a0\u00bb theme_builder_area=\u00a0\u00bbpost_content\u00a0\u00bb][et_pb_text admin_label=\u00a0\u00bbText\u00a0\u00bb _builder_version=\u00a0\u00bb4.21.0&Prime; background_size=\u00a0\u00bbinitial\u00a0\u00bb background_position=\u00a0\u00bbtop_left\u00a0\u00bb background_repeat=\u00a0\u00bbrepeat\u00a0\u00bb hover_enabled=\u00a0\u00bb0&Prime; global_colors_info=\u00a0\u00bb{}\u00a0\u00bb theme_builder_area=\u00a0\u00bbpost_content\u00a0\u00bb sticky_enabled=\u00a0\u00bb0&Prime;]<p><\/p>\n<p class=\"has-large-font-size\">Le Conseil Pastoral<\/p>\n<p><\/p>\n<p>il aide l&rsquo;Equipe Pastorale \u00e0 r\u00e9fl\u00e9chir sur les actions pastorales \u00e0 mener. Il est donc solliciter pour proposer \u00e0 l&rsquo;Equipe Pastorale des plans d&rsquo;action sur tel ou tel aspect de la Pastorale. Il sera d&rsquo;une aide pr\u00e9cieuse pour la d\u00e9marche synodale lanc\u00e9e par le dioc\u00e8se.<\/p>\n<p><\/p>\n<p><\/p>\n<p>Les membres de l&rsquo;Equipe Pastorale font partie des membres du Conseil Pastoral.<\/p>\n<p><\/p>[\/et_pb_text][\/et_pb_column][\/et_pb_row][\/et_pb_section]","protected":false},"excerpt":{"rendered":"<p>Le Conseil Pastoral il aide l&rsquo;Equipe Pastorale \u00e0 r\u00e9fl\u00e9chir sur les actions pastorales \u00e0 mener. Il est donc solliciter pour proposer \u00e0 l&rsquo;Equipe Pastorale des plans d&rsquo;action sur tel ou [&hellip;]<\/p>\n","protected":false},"author":33,"featured_media":0,"parent":5165,"menu_order":0,"comment_status":"closed","ping_status":"closed","template":"","meta":{"_et_pb_use_builder":"on","_et_pb_old_content":"<!-- wp:paragraph {\"fontSize\":\"large\"} -->\n<p class=\"has-large-font-size\">Le Conseil Pastoral<\/p>\n<!-- \/wp:paragraph -->\n\n<!-- wp:paragraph -->\n<p>il aide l'Equipe Pastorale \u00e0 r\u00e9fl\u00e9chir sur les actions pastorales \u00e0 mener. Il est donc solliciter pour proposer \u00e0 l'Equipe Pastorale des plans d'action sur tel ou tel aspect de la Pastorale. Il sera d'une aide pr\u00e9cieuse pour la d\u00e9marche synodale lanc\u00e9e par le dioc\u00e8se.<\/p>\n<!-- \/wp:paragraph -->\n\n<!-- wp:paragraph -->\n<p>Sa nouvelle composition sera d\u00e9voil\u00e9e lors de la journ\u00e9e de rentr\u00e9e de nos deux paroisses le 19 septembre 2021.<\/p>\n<!-- \/wp:paragraph -->\n\n<!-- wp:paragraph -->\n<p>Les membres de l'Equipe Pastorale font partie des membres du Conseil Pastoral.<\/p>\n<!-- \/wp:paragraph -->","_et_gb_content_width":"","footnotes":""},"class_list":["post-5411","page","type-page","status-publish","hentry"],"_links":{"self":[{"href":"https:\/\/catholiques17.fr\/mir-sg\/wp-json\/wp\/v2\/pages\/5411","targetHints":{"allow":["GET"]}}],"collection":[{"href":"https:\/\/catholiques17.fr\/mir-sg\/wp-json\/wp\/v2\/pages"}],"about":[{"href":"https:\/\/catholiques17.fr\/mir-sg\/wp-json\/wp\/v2\/types\/page"}],"author":[{"embeddable":true,"href":"https:\/\/catholiques17.fr\/mir-sg\/wp-json\/wp\/v2\/users\/33"}],"replies":[{"embeddable":true,"href":"https:\/\/catholiques17.fr\/mir-sg\/wp-json\/wp\/v2\/comments?post=5411"}],"version-history":[{"count":5,"href":"https:\/\/catholiques17.fr\/mir-sg\/wp-json\/wp\/v2\/pages\/5411\/revisions"}],"predecessor-version":[{"id":9081,"href":"https:\/\/catholiques17.fr\/mir-sg\/wp-json\/wp\/v2\/pages\/5411\/revisions\/9081"}],"up":[{"embeddable":true,"href":"https:\/\/catholiques17.fr\/mir-sg\/wp-json\/wp\/v2\/pages\/5165"}],"wp:attachment":[{"href":"https:\/\/catholiques17.fr\/mir-sg\/wp-json\/wp\/v2\/media?parent=5411"}],"curies":[{"name":"wp","href":"https:\/\/api.w.org\/{rel}","templated":true}]}}

[et_pb_section fb_built= »1&Prime; admin_label= »section » _builder_version= »4.16&Prime; global_colors_info= »{} » theme_builder_area= »post_content »][et_pb_row admin_label= »row » _builder_version= »4.16&Prime; background_size= »initial » background_position= »top_left » background_repeat= »repeat » global_colors_info= »{} » theme_builder_area= »post_content »][et_pb_column type= »4_4&Prime; _builder_version= »4.16&Prime; custom_padding= »||| » global_colors_info= »{} » custom_padding__hover= »||| » theme_builder_area= »post_content »][et_pb_text admin_label= »Text » _builder_version= »4.21.0&Prime; background_size= »initial » background_position= »top_left » background_repeat= »repeat » hover_enabled= »0&Prime; global_colors_info= »{} » theme_builder_area= »post_content » sticky_enabled= »0&Prime;]<p></p>
<p class="has-large-font-size">Le Conseil Pastoral</p>
<p></p>
<p>il aide l&rsquo;Equipe Pastorale à réfléchir sur les actions pastorales à mener. Il est donc solliciter pour proposer à l&rsquo;Equipe Pastorale des plans d&rsquo;action sur tel ou tel aspect de la Pastorale. Il sera d&rsquo;une aide précieuse pour la démarche synodale lancée par le diocèse.</p>
<p></p>
<p></p>
<p>Les membres de l&rsquo;Equipe Pastorale font partie des membres du Conseil Pastoral.</p>
<p></p>[/et_pb_text][/et_pb_column][/et_pb_row][/et_pb_section]

<p>Le Conseil Pastoral il aide l&rsquo;Equipe Pastorale à réfléchir sur les actions pastorales à mener. Il est donc solliciter pour proposer à l&rsquo;Equipe Pastorale des plans d&rsquo;action sur tel ou [&hellip;]</p>

<!-- wp:paragraph {"fontSize":"large"} -->
<p class="has-large-font-size">Le Conseil Pastoral</p>
<!-- /wp:paragraph -->

<!-- wp:paragraph -->
<p>il aide l'Equipe Pastorale à réfléchir sur les actions pastorales à mener. Il est donc solliciter pour proposer à l'Equipe Pastorale des plans d'action sur tel ou tel aspect de la Pastorale. Il sera d'une aide précieuse pour la démarche synodale lancée par le diocèse.</p>
<!-- /wp:paragraph -->

<!-- wp:paragraph -->
<p>Sa nouvelle composition sera dévoilée lors de la journée de rentrée de nos deux paroisses le 19 septembre 2021.</p>
<!-- /wp:paragraph -->

<!-- wp:paragraph -->
<p>Les membres de l'Equipe Pastorale font partie des membres du Conseil Pastoral.</p>
<!-- /wp:paragraph -->
