{"id":5377,"date":"2021-07-25T21:57:52","date_gmt":"2021-07-25T19:57:52","guid":{"rendered":"https:\/\/catholiques17.fr\/mir-sg\/?page_id=5377"},"modified":"2025-12-04T15:33:14","modified_gmt":"2025-12-04T14:33:14","slug":"eveil-a-la-foi","status":"publish","type":"page","link":"https:\/\/catholiques17.fr\/mir-sg\/grandir-dans-la-foi\/eveil-a-la-foi\/","title":{"rendered":"Eveil \u00e0 la Foi"},"content":{"rendered":"<p>[et_pb_section fb_built=\u00a0\u00bb1&Prime; theme_builder_area=\u00a0\u00bbpost_content\u00a0\u00bb _builder_version=\u00a0\u00bb4.27.4&Prime; _module_preset=\u00a0\u00bbdefault\u00a0\u00bb custom_padding=\u00a0\u00bb10px|||||\u00a0\u00bb][et_pb_row _builder_version=\u00a0\u00bb4.27.4&Prime; _module_preset=\u00a0\u00bbdefault\u00a0\u00bb theme_builder_area=\u00a0\u00bbpost_content\u00a0\u00bb][et_pb_column _builder_version=\u00a0\u00bb4.27.4&Prime; _module_preset=\u00a0\u00bbdefault\u00a0\u00bb type=\u00a0\u00bb4_4&Prime; theme_builder_area=\u00a0\u00bbpost_content\u00a0\u00bb][et_pb_image src=\u00a0\u00bbhttps:\/\/catholiques17.fr\/mir-sg\/wp-content\/uploads\/sites\/27\/2025\/12\/EVEIL-TITRE-JPG-1.jpg\u00a0\u00bb _builder_version=\u00a0\u00bb4.27.4&Prime; _module_preset=\u00a0\u00bbdefault\u00a0\u00bb theme_builder_area=\u00a0\u00bbpost_content\u00a0\u00bb title_text=\u00a0\u00bbEVEIL-TITRE-JPG (1)\u00a0\u00bb align=\u00a0\u00bbcenter\u00a0\u00bb force_fullwidth=\u00a0\u00bbon\u00a0\u00bb hover_enabled=\u00a0\u00bb0&Prime; sticky_enabled=\u00a0\u00bb0&Prime;][\/et_pb_image][\/et_pb_column][\/et_pb_row][et_pb_row _builder_version=\u00a0\u00bb4.27.4&Prime; _module_preset=\u00a0\u00bbdefault\u00a0\u00bb theme_builder_area=\u00a0\u00bbpost_content\u00a0\u00bb][et_pb_column _builder_version=\u00a0\u00bb4.27.4&Prime; _module_preset=\u00a0\u00bbdefault\u00a0\u00bb type=\u00a0\u00bb4_4&Prime; theme_builder_area=\u00a0\u00bbpost_content\u00a0\u00bb][et_pb_text _builder_version=\u00a0\u00bb4.27.4&Prime; _module_preset=\u00a0\u00bbdefault\u00a0\u00bb theme_builder_area=\u00a0\u00bbpost_content\u00a0\u00bb hover_enabled=\u00a0\u00bb0&Prime; sticky_enabled=\u00a0\u00bb0&Prime;]<\/p>\n<p><span>Les petits enfants s\u2019\u00e9veillent \u00e0 la vie en explorant ce qui les entoure. Ils s\u2019impr\u00e8gnent de ce qu\u2019ils c\u00f4toient. L\u2019\u00e9veil \u00e0 la foi est indissociable de l\u2019\u00e9veil \u00e0 la vie. C\u2019est un lieu d\u2019initiation \u00e0 la culture chr\u00e9tienne et \u00e0 la vie de foi. Les enfants ont des questions (pas toujours formul\u00e9es), parfois relay\u00e9es par les parents\u00a0: \u00ab\u00a0Qui sont les amis de J\u00e9sus\u00a0?\u00a0\u00bb, \u00ab\u00a0Quand on meurt, c\u2019est pour longtemps\u00a0?\u00a0\u00bb, \u00ab\u00a0Pourquoi il y a des m\u00e9chants\u00a0?\u00a0\u00bb, \u00ab\u00a0Que c\u2019est beau\u00a0!\u00a0\u00bb\u2026<\/span><\/p>\n<p>[\/et_pb_text][\/et_pb_column][\/et_pb_row][et_pb_row _builder_version=\u00a0\u00bb4.27.4&Prime; _module_preset=\u00a0\u00bbdefault\u00a0\u00bb theme_builder_area=\u00a0\u00bbpost_content\u00a0\u00bb][et_pb_column _builder_version=\u00a0\u00bb4.27.4&Prime; _module_preset=\u00a0\u00bbdefault\u00a0\u00bb type=\u00a0\u00bb4_4&Prime; theme_builder_area=\u00a0\u00bbpost_content\u00a0\u00bb][et_pb_divider _builder_version=\u00a0\u00bb4.27.4&Prime; _module_preset=\u00a0\u00bbdefault\u00a0\u00bb theme_builder_area=\u00a0\u00bbpost_content\u00a0\u00bb color=\u00a0\u00bb#327F51&Prime; divider_weight=\u00a0\u00bb2px\u00a0\u00bb hover_enabled=\u00a0\u00bb0&Prime; sticky_enabled=\u00a0\u00bb0&Prime;][\/et_pb_divider][\/et_pb_column][\/et_pb_row][et_pb_row _builder_version=\u00a0\u00bb4.27.4&Prime; _module_preset=\u00a0\u00bbdefault\u00a0\u00bb theme_builder_area=\u00a0\u00bbpost_content\u00a0\u00bb][et_pb_column _builder_version=\u00a0\u00bb4.27.4&Prime; _module_preset=\u00a0\u00bbdefault\u00a0\u00bb type=\u00a0\u00bb4_4&Prime; theme_builder_area=\u00a0\u00bbpost_content\u00a0\u00bb][et_pb_text _builder_version=\u00a0\u00bb4.27.4&Prime; _module_preset=\u00a0\u00bbdefault\u00a0\u00bb theme_builder_area=\u00a0\u00bbpost_content\u00a0\u00bb hover_enabled=\u00a0\u00bb0&Prime; sticky_enabled=\u00a0\u00bb0&Prime;]<\/p>\n<p style=\"text-align: center;\">DANS NOTRE PAROISSE :<\/p>\n<p>[\/et_pb_text][\/et_pb_column][\/et_pb_row][\/et_pb_section]<\/p>\n","protected":false},"excerpt":{"rendered":"<p>Les petits enfants s\u2019\u00e9veillent \u00e0 la vie en explorant ce qui les entoure. Ils s\u2019impr\u00e8gnent de ce qu\u2019ils c\u00f4toient. L\u2019\u00e9veil \u00e0 la foi est indissociable de l\u2019\u00e9veil \u00e0 la vie. [&hellip;]<\/p>\n","protected":false},"author":33,"featured_media":0,"parent":8858,"menu_order":0,"comment_status":"closed","ping_status":"closed","template":"","meta":{"_et_pb_use_builder":"on","_et_pb_old_content":"","_et_gb_content_width":"","footnotes":""},"class_list":["post-5377","page","type-page","status-publish","hentry"],"_links":{"self":[{"href":"https:\/\/catholiques17.fr\/mir-sg\/wp-json\/wp\/v2\/pages\/5377","targetHints":{"allow":["GET"]}}],"collection":[{"href":"https:\/\/catholiques17.fr\/mir-sg\/wp-json\/wp\/v2\/pages"}],"about":[{"href":"https:\/\/catholiques17.fr\/mir-sg\/wp-json\/wp\/v2\/types\/page"}],"author":[{"embeddable":true,"href":"https:\/\/catholiques17.fr\/mir-sg\/wp-json\/wp\/v2\/users\/33"}],"replies":[{"embeddable":true,"href":"https:\/\/catholiques17.fr\/mir-sg\/wp-json\/wp\/v2\/comments?post=5377"}],"version-history":[{"count":8,"href":"https:\/\/catholiques17.fr\/mir-sg\/wp-json\/wp\/v2\/pages\/5377\/revisions"}],"predecessor-version":[{"id":8996,"href":"https:\/\/catholiques17.fr\/mir-sg\/wp-json\/wp\/v2\/pages\/5377\/revisions\/8996"}],"up":[{"embeddable":true,"href":"https:\/\/catholiques17.fr\/mir-sg\/wp-json\/wp\/v2\/pages\/8858"}],"wp:attachment":[{"href":"https:\/\/catholiques17.fr\/mir-sg\/wp-json\/wp\/v2\/media?parent=5377"}],"curies":[{"name":"wp","href":"https:\/\/api.w.org\/{rel}","templated":true}]}}

Eveil à la Foi

<p>[et_pb_section fb_built= »1&Prime; theme_builder_area= »post_content » _builder_version= »4.27.4&Prime; _module_preset= »default » custom_padding= »10px||||| »][et_pb_row _builder_version= »4.27.4&Prime; _module_preset= »default » theme_builder_area= »post_content »][et_pb_column _builder_version= »4.27.4&Prime; _module_preset= »default » type= »4_4&Prime; theme_builder_area= »post_content »][et_pb_image src= »https://catholiques17.fr/mir-sg/wp-content/uploads/sites/27/2025/12/EVEIL-TITRE-JPG-1.jpg » _builder_version= »4.27.4&Prime; _module_preset= »default » theme_builder_area= »post_content » title_text= »EVEIL-TITRE-JPG (1) » align= »center » force_fullwidth= »on » hover_enabled= »0&Prime; sticky_enabled= »0&Prime;][/et_pb_image][/et_pb_column][/et_pb_row][et_pb_row _builder_version= »4.27.4&Prime; _module_preset= »default » theme_builder_area= »post_content »][et_pb_column _builder_version= »4.27.4&Prime; _module_preset= »default » type= »4_4&Prime; theme_builder_area= »post_content »][et_pb_text _builder_version= »4.27.4&Prime; _module_preset= »default » theme_builder_area= »post_content » hover_enabled= »0&Prime; sticky_enabled= »0&Prime;]</p>
<p><span>Les petits enfants s’éveillent à la vie en explorant ce qui les entoure. Ils s’imprègnent de ce qu’ils côtoient. L’éveil à la foi est indissociable de l’éveil à la vie. C’est un lieu d’initiation à la culture chrétienne et à la vie de foi. Les enfants ont des questions (pas toujours formulées), parfois relayées par les parents : « Qui sont les amis de Jésus ? », « Quand on meurt, c’est pour longtemps ? », « Pourquoi il y a des méchants ? », « Que c’est beau ! »…</span></p>
<p>[/et_pb_text][/et_pb_column][/et_pb_row][et_pb_row _builder_version= »4.27.4&Prime; _module_preset= »default » theme_builder_area= »post_content »][et_pb_column _builder_version= »4.27.4&Prime; _module_preset= »default » type= »4_4&Prime; theme_builder_area= »post_content »][et_pb_divider _builder_version= »4.27.4&Prime; _module_preset= »default » theme_builder_area= »post_content » color= »#327F51&Prime; divider_weight= »2px » hover_enabled= »0&Prime; sticky_enabled= »0&Prime;][/et_pb_divider][/et_pb_column][/et_pb_row][et_pb_row _builder_version= »4.27.4&Prime; _module_preset= »default » theme_builder_area= »post_content »][et_pb_column _builder_version= »4.27.4&Prime; _module_preset= »default » type= »4_4&Prime; theme_builder_area= »post_content »][et_pb_text _builder_version= »4.27.4&Prime; _module_preset= »default » theme_builder_area= »post_content » hover_enabled= »0&Prime; sticky_enabled= »0&Prime;]</p>
<p style="text-align: center;">DANS NOTRE PAROISSE :</p>
<p>[/et_pb_text][/et_pb_column][/et_pb_row][/et_pb_section]</p>

<p>Les petits enfants s’éveillent à la vie en explorant ce qui les entoure. Ils s’imprègnent de ce qu’ils côtoient. L’éveil à la foi est indissociable de l’éveil à la vie. [&hellip;]</p>
