{"id":248,"date":"2019-07-18T19:59:10","date_gmt":"2019-07-18T17:59:10","guid":{"rendered":"https:\/\/catholiques17.fr\/mir-sg\/?page_id=248"},"modified":"2025-12-09T17:26:28","modified_gmt":"2025-12-09T16:26:28","slug":"le-sacrement-des-malades","status":"publish","type":"page","link":"https:\/\/catholiques17.fr\/mir-sg\/etapes-de-la-vie\/le-sacrement-des-malades\/","title":{"rendered":"Le sacrement des malades"},"content":{"rendered":"<p>[et_pb_section fb_built=\u00a0\u00bb1&Prime; _builder_version=\u00a0\u00bb4.16&Prime; custom_padding=\u00a0\u00bb4px|||||\u00a0\u00bb global_colors_info=\u00a0\u00bb{}\u00a0\u00bb theme_builder_area=\u00a0\u00bbpost_content\u00a0\u00bb][et_pb_row _builder_version=\u00a0\u00bb4.16&Prime; background_size=\u00a0\u00bbinitial\u00a0\u00bb background_position=\u00a0\u00bbtop_left\u00a0\u00bb background_repeat=\u00a0\u00bbrepeat\u00a0\u00bb custom_padding=\u00a0\u00bb3px|||||\u00a0\u00bb global_colors_info=\u00a0\u00bb{}\u00a0\u00bb theme_builder_area=\u00a0\u00bbpost_content\u00a0\u00bb][et_pb_column type=\u00a0\u00bb4_4&Prime; _builder_version=\u00a0\u00bb4.16&Prime; custom_padding=\u00a0\u00bb|||\u00a0\u00bb global_colors_info=\u00a0\u00bb{}\u00a0\u00bb custom_padding__hover=\u00a0\u00bb|||\u00a0\u00bb theme_builder_area=\u00a0\u00bbpost_content\u00a0\u00bb][et_pb_image src=\u00a0\u00bbhttps:\/\/catholiques17.fr\/mir-sg\/wp-content\/uploads\/sites\/27\/2025\/12\/Sacrement-des-malades.jpg\u00a0\u00bb title_text=\u00a0\u00bbSacrement-des-malades\u00a0\u00bb align=\u00a0\u00bbcenter\u00a0\u00bb force_fullwidth=\u00a0\u00bbon\u00a0\u00bb _builder_version=\u00a0\u00bb4.27.4&Prime; _module_preset=\u00a0\u00bbdefault\u00a0\u00bb border_radii=\u00a0\u00bbon|20px|20px|20px|20px\u00a0\u00bb global_colors_info=\u00a0\u00bb{}\u00a0\u00bb theme_builder_area=\u00a0\u00bbpost_content\u00a0\u00bb][\/et_pb_image][\/et_pb_column][\/et_pb_row][et_pb_row _builder_version=\u00a0\u00bb4.27.4&Prime; _module_preset=\u00a0\u00bbdefault\u00a0\u00bb global_colors_info=\u00a0\u00bb{}\u00a0\u00bb theme_builder_area=\u00a0\u00bbpost_content\u00a0\u00bb][et_pb_column type=\u00a0\u00bb4_4&Prime; _builder_version=\u00a0\u00bb4.27.4&Prime; _module_preset=\u00a0\u00bbdefault\u00a0\u00bb global_colors_info=\u00a0\u00bb{}\u00a0\u00bb theme_builder_area=\u00a0\u00bbpost_content\u00a0\u00bb][et_pb_text _builder_version=\u00a0\u00bb4.27.4&Prime; _module_preset=\u00a0\u00bbdefault\u00a0\u00bb global_colors_info=\u00a0\u00bb{}\u00a0\u00bb theme_builder_area=\u00a0\u00bbpost_content\u00a0\u00bb]<\/p>\n<p><span style=\"color: #000000\">\u00ab\u00a0L\u2019un de vous est malade ? Qu\u2019il appelle les Anciens en fonction dans l\u2019\u00c9glise : ils prieront sur lui apr\u00e8s lui avoir fait une onction d\u2019huile au nom du Seigneur. Cette pri\u00e8re inspir\u00e9e par la foi sauvera le malade : le Seigneur le rel\u00e8vera et, s\u2019il a commis des p\u00e9ch\u00e9s, il recevra le pardon.\u00a0\u00bb<\/span><\/p>\n<p><span style=\"color: #000000\"> <em>(\u00c9pitre de saint Jacques, chapitre 5, 14-15)<\/em><\/span><\/p>\n<p>[\/et_pb_text][\/et_pb_column][\/et_pb_row][et_pb_row _builder_version=\u00a0\u00bb4.27.4&Prime; _module_preset=\u00a0\u00bbdefault\u00a0\u00bb global_colors_info=\u00a0\u00bb{}\u00a0\u00bb theme_builder_area=\u00a0\u00bbpost_content\u00a0\u00bb][et_pb_column type=\u00a0\u00bb4_4&Prime; _builder_version=\u00a0\u00bb4.27.4&Prime; _module_preset=\u00a0\u00bbdefault\u00a0\u00bb global_colors_info=\u00a0\u00bb{}\u00a0\u00bb theme_builder_area=\u00a0\u00bbpost_content\u00a0\u00bb][et_pb_text _builder_version=\u00a0\u00bb4.27.4&Prime; _module_preset=\u00a0\u00bbdefault\u00a0\u00bb global_colors_info=\u00a0\u00bb{}\u00a0\u00bb theme_builder_area=\u00a0\u00bbpost_content\u00a0\u00bb]<\/p>\n<p>Le Sacrement d\u2019onction des malades est un sacrement de gu\u00e9rison qui vise \u00e0 apporter la force spirituelle et physique aux personnes confront\u00e9es \u00e0 la maladie grave, \u00e0 la vieillesse ou \u00e0 d\u2019autres fragilit\u00e9s physiques ou psychologiques. Ce sacrement est \u00e9galement destin\u00e9 aux personnes qui sont sur le point de subir une op\u00e9ration importante. Tout fid\u00e8le catholique confront\u00e9 \u00e0 une maladie s\u00e9rieuse ou \u00e0 une fragilit\u00e9 physique peut recevoir le Sacrement d\u2019onction des malades. Ce sacrement est d\u00e9crit dans l\u2019\u00c9p\u00eetre de saint Jacques (Jacques 5, 14-15), o\u00f9 il est recommand\u00e9 aux malades d\u2019appeler les anciens de l\u2019\u00c9glise pour recevoir l\u2019onction et la pri\u00e8re de gu\u00e9rison.<\/p>\n<p><strong>Il peut \u00eatre re\u00e7u \u00e0 plusieurs reprises au cours de la vie<\/strong>, en fonction de la gravit\u00e9 de la maladie ou de la n\u00e9cessit\u00e9 de renouveler la gr\u00e2ce re\u00e7ue. Ce sacrement est un signe de la pr\u00e9sence de Dieu aux c\u00f4t\u00e9s des personnes souffrantes. Il constitue une source de r\u00e9confort et de force spirituelle pour faire face aux \u00e9preuves de la maladie et de la souffrance.<\/p>\n<p><strong>Pour recevoir ce sacrement dans notre secteur pastoral<\/strong>, il est recommand\u00e9 de consulter le planning des c\u00e9l\u00e9brations ou de contacter le cur\u00e9 de la paroisse. Celui-ci pourra organiser un moment propice pour l\u2019administration de ce sacrement en fonction des besoins et des disponibilit\u00e9s.<\/p>\n<p>[\/et_pb_text][\/et_pb_column][\/et_pb_row][et_pb_row _builder_version=\u00a0\u00bb4.27.4&Prime; _module_preset=\u00a0\u00bbdefault\u00a0\u00bb global_colors_info=\u00a0\u00bb{}\u00a0\u00bb theme_builder_area=\u00a0\u00bbpost_content\u00a0\u00bb][et_pb_column type=\u00a0\u00bb4_4&Prime; _builder_version=\u00a0\u00bb4.27.4&Prime; _module_preset=\u00a0\u00bbdefault\u00a0\u00bb global_colors_info=\u00a0\u00bb{}\u00a0\u00bb theme_builder_area=\u00a0\u00bbpost_content\u00a0\u00bb][et_pb_divider divider_weight=\u00a0\u00bb2px\u00a0\u00bb _builder_version=\u00a0\u00bb4.27.4&Prime; _module_preset=\u00a0\u00bbdefault\u00a0\u00bb global_colors_info=\u00a0\u00bb{}\u00a0\u00bb theme_builder_area=\u00a0\u00bbpost_content\u00a0\u00bb][\/et_pb_divider][\/et_pb_column][\/et_pb_row][et_pb_row _builder_version=\u00a0\u00bb4.27.4&Prime; _module_preset=\u00a0\u00bbdefault\u00a0\u00bb global_colors_info=\u00a0\u00bb{}\u00a0\u00bb theme_builder_area=\u00a0\u00bbpost_content\u00a0\u00bb][et_pb_column type=\u00a0\u00bb4_4&Prime; _builder_version=\u00a0\u00bb4.27.4&Prime; _module_preset=\u00a0\u00bbdefault\u00a0\u00bb global_colors_info=\u00a0\u00bb{}\u00a0\u00bb theme_builder_area=\u00a0\u00bbpost_content\u00a0\u00bb][et_pb_text _builder_version=\u00a0\u00bb4.27.4&Prime; _module_preset=\u00a0\u00bbdefault\u00a0\u00bb background_color=\u00a0\u00bb#64A47F\u00a0\u00bb hover_enabled=\u00a0\u00bb0&Prime; global_colors_info=\u00a0\u00bb{}\u00a0\u00bb theme_builder_area=\u00a0\u00bbpost_content\u00a0\u00bb text_line_height=\u00a0\u00bb0.9em\u00a0\u00bb sticky_enabled=\u00a0\u00bb0&Prime;]<\/p>\n<p style=\"text-align: center\"><span><\/span><\/p>\n<p style=\"text-align: center\"><span><\/span><\/p>\n<p style=\"text-align: center\"><strong><span style=\"color: #ffffff\">En cas d\u2019urgence, on appelle le cur\u00e9 pour fixer l\u2019heure pour recevoir le sacrement des malades.<\/span><\/strong><\/p>\n<p style=\"text-align: center\"><strong><span style=\"color: #ffffff\">Contactez- nous :<\/span><\/strong><\/p>\n<p style=\"text-align: center\"><span style=\"color: #ffffff\"><a href=\"mailto:paroisse.mir.sg@gmail.com\" style=\"color: #ffffff\">paroisse.mir.sg@gmail.com <\/a>&#8211;\u00a0 05 46 70 28 11<\/span><span style=\"color: #ffffff\"><\/span><\/p>\n<p style=\"text-align: center\"><span style=\"color: #ffffff\"><\/span><\/p>\n<p style=\"text-align: center\"><span style=\"color: #ffffff\"><strong>Presbyt\u00e8re<\/strong> de Mirambeau<\/span><\/p>\n<p style=\"text-align: center\"><span style=\"color: #ffffff\">\u00a011 rue des Recollets<\/span><\/p>\n<p style=\"text-align: center\"><span style=\"color: #ffffff\">\u00a0 \u00a0 17150 Mirambeau<\/span><\/p>\n<p style=\"text-align: center\"><span style=\"color: #ffffff\"><strong>Permanences du secr\u00e9tariat :\u00a0 \u00a0\u00a0<\/strong>Les jeudis de 14h30 \u00e0 16h30 et les samedis de 9h30 \u00e0 11h30<\/span><\/p>\n<p style=\"text-align: center\"><span><span style=\"color: #ffffff\"><\/span><\/span><\/p>\n<p style=\"text-align: center\"><span><span style=\"color: #ffffff\"><\/span><\/span><\/p>\n<p>[\/et_pb_text][\/et_pb_column][\/et_pb_row][\/et_pb_section]<\/p>\n","protected":false},"excerpt":{"rendered":"<p>\u00ab\u00a0L\u2019un de vous est malade ? Qu\u2019il appelle les Anciens en fonction dans l\u2019\u00c9glise : ils prieront sur lui apr\u00e8s lui avoir fait une onction d\u2019huile au nom du Seigneur. [&hellip;]<\/p>\n","protected":false},"author":1,"featured_media":0,"parent":222,"menu_order":0,"comment_status":"closed","ping_status":"closed","template":"","meta":{"_et_pb_use_builder":"on","_et_pb_old_content":"<!-- wp:paragraph -->\n<p>Le <a href=\"http:\/\/eglise.catholique.fr\/approfondir-sa-foi\/la-celebration-de-la-foi\/les-sacrements\/le-sacrement-des-malades\/\" target=\"_blank\" rel=\"noreferrer noopener\">sacrement des malades<\/a> (\u00e0 ne pas confondre avec l\u2019extr\u00eame\nonction) a pour but de donner une aide sp\u00e9ciale au chr\u00e9tien confront\u00e9 aux difficult\u00e9s\nd\u2019une maladie grave ou de la vieillesse.<\/p>\n<!-- \/wp:paragraph -->\n\n<!-- wp:paragraph {\"backgroundColor\":\"very-light-gray\"} -->\n<p class=\"has-very-light-gray-background-color has-background\"><em><strong>\u00ab&nbsp;Par cette onction sainte, que le\nSeigneur en sa grande bont\u00e9 vous r\u00e9conforte par la gr\u00e2ce de l\u2019Esprit Saint.\nAinsi, vous ayant lib\u00e9r\u00e9 de tous p\u00e9ch\u00e9s, qu\u2019il vous sauve et vous\nrel\u00e8ve.&nbsp;\u00bb<\/strong><\/em><\/p>\n<!-- \/wp:paragraph -->\n\n<!-- wp:paragraph -->\n<p><\/p>\n<!-- \/wp:paragraph -->","_et_gb_content_width":"","footnotes":""},"class_list":["post-248","page","type-page","status-publish","hentry"],"_links":{"self":[{"href":"https:\/\/catholiques17.fr\/mir-sg\/wp-json\/wp\/v2\/pages\/248","targetHints":{"allow":["GET"]}}],"collection":[{"href":"https:\/\/catholiques17.fr\/mir-sg\/wp-json\/wp\/v2\/pages"}],"about":[{"href":"https:\/\/catholiques17.fr\/mir-sg\/wp-json\/wp\/v2\/types\/page"}],"author":[{"embeddable":true,"href":"https:\/\/catholiques17.fr\/mir-sg\/wp-json\/wp\/v2\/users\/1"}],"replies":[{"embeddable":true,"href":"https:\/\/catholiques17.fr\/mir-sg\/wp-json\/wp\/v2\/comments?post=248"}],"version-history":[{"count":11,"href":"https:\/\/catholiques17.fr\/mir-sg\/wp-json\/wp\/v2\/pages\/248\/revisions"}],"predecessor-version":[{"id":9220,"href":"https:\/\/catholiques17.fr\/mir-sg\/wp-json\/wp\/v2\/pages\/248\/revisions\/9220"}],"up":[{"embeddable":true,"href":"https:\/\/catholiques17.fr\/mir-sg\/wp-json\/wp\/v2\/pages\/222"}],"wp:attachment":[{"href":"https:\/\/catholiques17.fr\/mir-sg\/wp-json\/wp\/v2\/media?parent=248"}],"curies":[{"name":"wp","href":"https:\/\/api.w.org\/{rel}","templated":true}]}}

<p>[et_pb_section fb_built= »1&Prime; _builder_version= »4.16&Prime; custom_padding= »4px||||| » global_colors_info= »{} » theme_builder_area= »post_content »][et_pb_row _builder_version= »4.16&Prime; background_size= »initial » background_position= »top_left » background_repeat= »repeat » custom_padding= »3px||||| » global_colors_info= »{} » theme_builder_area= »post_content »][et_pb_column type= »4_4&Prime; _builder_version= »4.16&Prime; custom_padding= »||| » global_colors_info= »{} » custom_padding__hover= »||| » theme_builder_area= »post_content »][et_pb_image src= »https://catholiques17.fr/mir-sg/wp-content/uploads/sites/27/2025/12/Sacrement-des-malades.jpg » title_text= »Sacrement-des-malades » align= »center » force_fullwidth= »on » _builder_version= »4.27.4&Prime; _module_preset= »default » border_radii= »on|20px|20px|20px|20px » global_colors_info= »{} » theme_builder_area= »post_content »][/et_pb_image][/et_pb_column][/et_pb_row][et_pb_row _builder_version= »4.27.4&Prime; _module_preset= »default » global_colors_info= »{} » theme_builder_area= »post_content »][et_pb_column type= »4_4&Prime; _builder_version= »4.27.4&Prime; _module_preset= »default » global_colors_info= »{} » theme_builder_area= »post_content »][et_pb_text _builder_version= »4.27.4&Prime; _module_preset= »default » global_colors_info= »{} » theme_builder_area= »post_content »]</p>
<p><span style="color: #000000">« L’un de vous est malade ? Qu’il appelle les Anciens en fonction dans l’Église : ils prieront sur lui après lui avoir fait une onction d’huile au nom du Seigneur. Cette prière inspirée par la foi sauvera le malade : le Seigneur le relèvera et, s’il a commis des péchés, il recevra le pardon. »</span></p>
<p><span style="color: #000000"> <em>(Épitre de saint Jacques, chapitre 5, 14-15)</em></span></p>
<p>[/et_pb_text][/et_pb_column][/et_pb_row][et_pb_row _builder_version= »4.27.4&Prime; _module_preset= »default » global_colors_info= »{} » theme_builder_area= »post_content »][et_pb_column type= »4_4&Prime; _builder_version= »4.27.4&Prime; _module_preset= »default » global_colors_info= »{} » theme_builder_area= »post_content »][et_pb_text _builder_version= »4.27.4&Prime; _module_preset= »default » global_colors_info= »{} » theme_builder_area= »post_content »]</p>
<p>Le Sacrement d’onction des malades est un sacrement de guérison qui vise à apporter la force spirituelle et physique aux personnes confrontées à la maladie grave, à la vieillesse ou à d’autres fragilités physiques ou psychologiques. Ce sacrement est également destiné aux personnes qui sont sur le point de subir une opération importante. Tout fidèle catholique confronté à une maladie sérieuse ou à une fragilité physique peut recevoir le Sacrement d’onction des malades. Ce sacrement est décrit dans l’Épître de saint Jacques (Jacques 5, 14-15), où il est recommandé aux malades d’appeler les anciens de l’Église pour recevoir l’onction et la prière de guérison.</p>
<p><strong>Il peut être reçu à plusieurs reprises au cours de la vie</strong>, en fonction de la gravité de la maladie ou de la nécessité de renouveler la grâce reçue. Ce sacrement est un signe de la présence de Dieu aux côtés des personnes souffrantes. Il constitue une source de réconfort et de force spirituelle pour faire face aux épreuves de la maladie et de la souffrance.</p>
<p><strong>Pour recevoir ce sacrement dans notre secteur pastoral</strong>, il est recommandé de consulter le planning des célébrations ou de contacter le curé de la paroisse. Celui-ci pourra organiser un moment propice pour l’administration de ce sacrement en fonction des besoins et des disponibilités.</p>
<p>[/et_pb_text][/et_pb_column][/et_pb_row][et_pb_row _builder_version= »4.27.4&Prime; _module_preset= »default » global_colors_info= »{} » theme_builder_area= »post_content »][et_pb_column type= »4_4&Prime; _builder_version= »4.27.4&Prime; _module_preset= »default » global_colors_info= »{} » theme_builder_area= »post_content »][et_pb_divider divider_weight= »2px » _builder_version= »4.27.4&Prime; _module_preset= »default » global_colors_info= »{} » theme_builder_area= »post_content »][/et_pb_divider][/et_pb_column][/et_pb_row][et_pb_row _builder_version= »4.27.4&Prime; _module_preset= »default » global_colors_info= »{} » theme_builder_area= »post_content »][et_pb_column type= »4_4&Prime; _builder_version= »4.27.4&Prime; _module_preset= »default » global_colors_info= »{} » theme_builder_area= »post_content »][et_pb_text _builder_version= »4.27.4&Prime; _module_preset= »default » background_color= »#64A47F » hover_enabled= »0&Prime; global_colors_info= »{} » theme_builder_area= »post_content » text_line_height= »0.9em » sticky_enabled= »0&Prime;]</p>
<p style="text-align: center"><span></span></p>
<p style="text-align: center"><span></span></p>
<p style="text-align: center"><strong><span style="color: #ffffff">En cas d’urgence, on appelle le curé pour fixer l’heure pour recevoir le sacrement des malades.</span></strong></p>
<p style="text-align: center"><strong><span style="color: #ffffff">Contactez- nous :</span></strong></p>
<p style="text-align: center"><span style="color: #ffffff"><a href="mailto:paroisse.mir.sg@gmail.com" style="color: #ffffff">paroisse.mir.sg@gmail.com </a>&#8211;  05 46 70 28 11</span><span style="color: #ffffff"></span></p>
<p style="text-align: center"><span style="color: #ffffff"></span></p>
<p style="text-align: center"><span style="color: #ffffff"><strong>Presbytère</strong> de Mirambeau</span></p>
<p style="text-align: center"><span style="color: #ffffff"> 11 rue des Recollets</span></p>
<p style="text-align: center"><span style="color: #ffffff">    17150 Mirambeau</span></p>
<p style="text-align: center"><span style="color: #ffffff"><strong>Permanences du secrétariat :    </strong>Les jeudis de 14h30 à 16h30 et les samedis de 9h30 à 11h30</span></p>
<p style="text-align: center"><span><span style="color: #ffffff"></span></span></p>
<p style="text-align: center"><span><span style="color: #ffffff"></span></span></p>
<p>[/et_pb_text][/et_pb_column][/et_pb_row][/et_pb_section]</p>

<p>« L’un de vous est malade ? Qu’il appelle les Anciens en fonction dans l’Église : ils prieront sur lui après lui avoir fait une onction d’huile au nom du Seigneur. [&hellip;]</p>

<!-- wp:paragraph -->
<p>Le <a href="http://eglise.catholique.fr/approfondir-sa-foi/la-celebration-de-la-foi/les-sacrements/le-sacrement-des-malades/" target="_blank" rel="noreferrer noopener">sacrement des malades</a> (à ne pas confondre avec l’extrême
onction) a pour but de donner une aide spéciale au chrétien confronté aux difficultés
d’une maladie grave ou de la vieillesse.</p>
<!-- /wp:paragraph -->

<!-- wp:paragraph {"backgroundColor":"very-light-gray"} -->
<p class="has-very-light-gray-background-color has-background"><em><strong>«&nbsp;Par cette onction sainte, que le
Seigneur en sa grande bonté vous réconforte par la grâce de l’Esprit Saint.
Ainsi, vous ayant libéré de tous péchés, qu’il vous sauve et vous
relève.&nbsp;»</strong></em></p>
<!-- /wp:paragraph -->

<!-- wp:paragraph -->
<p></p>
<!-- /wp:paragraph -->
