{"id":235,"date":"2019-07-18T19:47:57","date_gmt":"2019-07-18T17:47:57","guid":{"rendered":"https:\/\/catholiques17.fr\/mir-sg\/?page_id=235"},"modified":"2025-12-09T17:13:32","modified_gmt":"2025-12-09T16:13:32","slug":"leucharistie","status":"publish","type":"page","link":"https:\/\/catholiques17.fr\/mir-sg\/etapes-de-la-vie\/leucharistie\/","title":{"rendered":"L&rsquo;eucharistie"},"content":{"rendered":"<p>[et_pb_section fb_built=\u00a0\u00bb1&Prime; _builder_version=\u00a0\u00bb4.16&Prime; custom_padding=\u00a0\u00bb4px|||||\u00a0\u00bb global_colors_info=\u00a0\u00bb{}\u00a0\u00bb theme_builder_area=\u00a0\u00bbpost_content\u00a0\u00bb][et_pb_row _builder_version=\u00a0\u00bb4.16&Prime; _module_preset=\u00a0\u00bbdefault\u00a0\u00bb custom_padding=\u00a0\u00bb14px|||||\u00a0\u00bb global_colors_info=\u00a0\u00bb{}\u00a0\u00bb theme_builder_area=\u00a0\u00bbpost_content\u00a0\u00bb][et_pb_column type=\u00a0\u00bb4_4&Prime; _builder_version=\u00a0\u00bb4.16&Prime; _module_preset=\u00a0\u00bbdefault\u00a0\u00bb global_colors_info=\u00a0\u00bb{}\u00a0\u00bb theme_builder_area=\u00a0\u00bbpost_content\u00a0\u00bb][et_pb_image src=\u00a0\u00bbhttps:\/\/catholiques17.fr\/mir-sg\/wp-content\/uploads\/sites\/27\/2025\/12\/Eucharistie-1.jpeg\u00a0\u00bb title_text=\u00a0\u00bbEucharistie (1)\u00a0\u00bb align=\u00a0\u00bbcenter\u00a0\u00bb force_fullwidth=\u00a0\u00bbon\u00a0\u00bb _builder_version=\u00a0\u00bb4.27.4&Prime; _module_preset=\u00a0\u00bbdefault\u00a0\u00bb border_radii=\u00a0\u00bbon|20px|20px|20px|20px\u00a0\u00bb global_colors_info=\u00a0\u00bb{}\u00a0\u00bb theme_builder_area=\u00a0\u00bbpost_content\u00a0\u00bb][\/et_pb_image][et_pb_text _builder_version=\u00a0\u00bb4.27.4&Prime; _module_preset=\u00a0\u00bbdefault\u00a0\u00bb width=\u00a0\u00bb88.9%\u00a0\u00bb custom_padding=\u00a0\u00bb|||85px||\u00a0\u00bb global_colors_info=\u00a0\u00bb{}\u00a0\u00bb theme_builder_area=\u00a0\u00bbpost_content\u00a0\u00bb]<\/p>\n<p style=\"text-align: center\"><span style=\"color: #000000\"><strong>\u00ab\u00a0Ceci est mon Corps qui va \u00eatre donn\u00e9 pour vous et cette coupe est la nouvelle alliance en mon sang, qui va \u00eatre vers\u00e9 pour vous\u00a0\u00bb <\/strong><\/span><\/p>\n<p style=\"text-align: center\"><span style=\"color: #000000\">(Luc, chapitre 22, versets 19 \u00e0 20)<\/span><\/p>\n<p>.<\/p>\n<p>[\/et_pb_text][\/et_pb_column][\/et_pb_row][et_pb_row _builder_version=\u00a0\u00bb4.27.4&Prime; _module_preset=\u00a0\u00bbdefault\u00a0\u00bb global_colors_info=\u00a0\u00bb{}\u00a0\u00bb theme_builder_area=\u00a0\u00bbpost_content\u00a0\u00bb][et_pb_column type=\u00a0\u00bb4_4&Prime; _builder_version=\u00a0\u00bb4.27.4&Prime; _module_preset=\u00a0\u00bbdefault\u00a0\u00bb global_colors_info=\u00a0\u00bb{}\u00a0\u00bb theme_builder_area=\u00a0\u00bbpost_content\u00a0\u00bb][et_pb_text _builder_version=\u00a0\u00bb4.27.4&Prime; _module_preset=\u00a0\u00bbdefault\u00a0\u00bb global_colors_info=\u00a0\u00bb{}\u00a0\u00bb theme_builder_area=\u00a0\u00bbpost_content\u00a0\u00bb]<\/p>\n<p>La premi\u00e8re Communion, c\u2019est recevoir pour la premi\u00e8re fois le corps du Christ sous forme d\u2019hostie consacr\u00e9e par le pr\u00eatre : c\u2019est le sacrement de l\u2019Eucharistie. Il s\u2019agit d\u2019un sacrement de l\u2019initiation chr\u00e9tienne, mais qu\u2019on ne peut recevoir que si l\u2019on a \u00e9t\u00e9 baptis\u00e9. Le mot Eucharistie vient du grec et signifie \u00ab merci \u00bb. C\u2019est \u00e9galement le terme pour d\u00e9signer la messe : c\u2019est le repas o\u00f9 J\u00e9sus dit merci, rend gr\u00e2ce \u00e0 son P\u00e8re parce que son amour est plus fort que le mal et la mort.<\/p>\n<p>Pour tout enfant qui a commenc\u00e9 \u00e0 d\u00e9couvrir Dieu et le Christ il est propos\u00e9 une pr\u00e9paration \u00e0 la premi\u00e8re des communions. Ce sacrement est une deuxi\u00e8me \u00e9tape dans l\u2019itin\u00e9raire des chr\u00e9tiens. Cet itin\u00e9raire commence avec le bapt\u00eame et s\u2019ach\u00e8vera avec le sacrement de la confirmation. Avec ses parents, ils sont invit\u00e9s \u00e0 entrer dans le myst\u00e8re de ce pain-corps du Christ; \u00e0 vivre une exp\u00e9rience avec la communaut\u00e9. Comme cette derni\u00e8re l\u2019enfant et sa famille r\u00e9pondent \u00e0 l\u2019invitation du Christ pour partager le repas du don de la vie de J\u00e9sus.<\/p>\n<p>Tout au long de cette route il sera accompagn\u00e9 dans la pri\u00e8re par la pri\u00e8re de la communaut\u00e9 paroissiale. Puis apr\u00e8s P\u00e2ques, apr\u00e8s une rencontre avec le pr\u00eatre, sa famille est invit\u00e9e \u00e0 venir r\u00e9guli\u00e8rement \u00e0 la messe avec son enfant jusqu\u2019\u00e0 sa premi\u00e8re communion. A partir de ce jour l\u00e0, et tous les dimanches s\u2019il le d\u00e9sire, il pourra comme les autres chr\u00e9tiens, fortifier sa foi en participant \u00e0 l\u2019eucharistie.<\/p>\n<p>[\/et_pb_text][\/et_pb_column][\/et_pb_row][et_pb_row _builder_version=\u00a0\u00bb4.27.4&Prime; _module_preset=\u00a0\u00bbdefault\u00a0\u00bb global_colors_info=\u00a0\u00bb{}\u00a0\u00bb theme_builder_area=\u00a0\u00bbpost_content\u00a0\u00bb][et_pb_column type=\u00a0\u00bb4_4&Prime; _builder_version=\u00a0\u00bb4.27.4&Prime; _module_preset=\u00a0\u00bbdefault\u00a0\u00bb global_colors_info=\u00a0\u00bb{}\u00a0\u00bb theme_builder_area=\u00a0\u00bbpost_content\u00a0\u00bb][et_pb_divider divider_weight=\u00a0\u00bb2px\u00a0\u00bb _builder_version=\u00a0\u00bb4.27.4&Prime; _module_preset=\u00a0\u00bbdefault\u00a0\u00bb global_colors_info=\u00a0\u00bb{}\u00a0\u00bb theme_builder_area=\u00a0\u00bbpost_content\u00a0\u00bb][\/et_pb_divider][\/et_pb_column][\/et_pb_row][et_pb_row _builder_version=\u00a0\u00bb4.27.4&Prime; _module_preset=\u00a0\u00bbdefault\u00a0\u00bb global_colors_info=\u00a0\u00bb{}\u00a0\u00bb theme_builder_area=\u00a0\u00bbpost_content\u00a0\u00bb][et_pb_column type=\u00a0\u00bb4_4&Prime; _builder_version=\u00a0\u00bb4.27.4&Prime; _module_preset=\u00a0\u00bbdefault\u00a0\u00bb global_colors_info=\u00a0\u00bb{}\u00a0\u00bb theme_builder_area=\u00a0\u00bbpost_content\u00a0\u00bb][et_pb_text _builder_version=\u00a0\u00bb4.27.4&Prime; _module_preset=\u00a0\u00bbdefault\u00a0\u00bb background_color=\u00a0\u00bb#64A47F\u00a0\u00bb hover_enabled=\u00a0\u00bb0&Prime; global_colors_info=\u00a0\u00bb{}\u00a0\u00bb theme_builder_area=\u00a0\u00bbpost_content\u00a0\u00bb text_line_height=\u00a0\u00bb0.7em\u00a0\u00bb sticky_enabled=\u00a0\u00bb0&Prime;]<\/p>\n<h4 style=\"text-align: center\"><span><\/span><\/h4>\n<h4 style=\"text-align: center\"><\/h4>\n<h4 style=\"text-align: center\"><\/h4>\n<h4 style=\"text-align: center\"><strong><span style=\"color: #ffffff\">Vous souhaitez obtenir des informations pour se pr\u00e9parer \u00e0 la premi\u00e8re communion ?<\/span><\/strong><\/h4>\n<h4 style=\"text-align: center\"><\/h4>\n<h4 style=\"text-align: center\"><strong><span style=\"color: #ffffff\">Contactez-nous :<\/span><\/strong><\/h4>\n<p style=\"text-align: center\"><span style=\"color: #ffffff\"><\/span><\/p>\n<p style=\"text-align: center\"><span style=\"color: #ffffff\"><a href=\"mailto:paroisse.mir.sg@gmail.com\" style=\"color: #ffffff\">paroisse.mir.sg@gmail.com <\/a>&#8211;\u00a0 05 46 70 28 11<\/span><span style=\"color: #ffffff\"><\/span><\/p>\n<p style=\"text-align: center\"><span style=\"color: #ffffff\"><\/span><\/p>\n<p style=\"text-align: center\"><span style=\"color: #ffffff\"><strong>Presbyt\u00e8re<\/strong> de Mirambeau<\/span><\/p>\n<p style=\"text-align: center\"><span style=\"color: #ffffff\">\u00a011 rue des Recollets<\/span><\/p>\n<p style=\"text-align: center\"><span style=\"color: #ffffff\">\u00a0 \u00a0 17150 Mirambeau<\/span><\/p>\n<p style=\"text-align: center\"><span style=\"color: #ffffff\"><strong>Permanences du secr\u00e9tariat :\u00a0 \u00a0\u00a0<\/strong>Les jeudis de 14h30 \u00e0 16h30 et les samedis de 9h30 \u00e0 11h30<\/span><\/p>\n<p>&nbsp;<\/p>\n<p>[\/et_pb_text][\/et_pb_column][\/et_pb_row][\/et_pb_section]<\/p>\n","protected":false},"excerpt":{"rendered":"<p>\u00ab\u00a0Ceci est mon Corps qui va \u00eatre donn\u00e9 pour vous et cette coupe est la nouvelle alliance en mon sang, qui va \u00eatre vers\u00e9 pour vous\u00a0\u00bb (Luc, chapitre 22, versets [&hellip;]<\/p>\n","protected":false},"author":1,"featured_media":0,"parent":222,"menu_order":0,"comment_status":"closed","ping_status":"closed","template":"","meta":{"_et_pb_use_builder":"on","_et_pb_old_content":"<!-- wp:paragraph {\"backgroundColor\":\"pale-cyan-blue\",\"textColor\":\"very-dark-gray\"} -->\n<p class=\"has-very-dark-gray-color has-pale-cyan-blue-background-color has-text-color has-background\"><strong>L'Eucharistie, premi\u00e8re des communions <\/strong><\/p>\n<!-- \/wp:paragraph -->\n\n<!-- wp:paragraph -->\n<p>La premi\u00e8re des communions est un moment cl\u00e9 dans la vie d'un chr\u00e9tien : c'est en effet la premi\u00e8re fois qu'il re\u00e7oit J\u00e9sus-Christ sous la forme&nbsp;d'une hostie&nbsp;consacr\u00e9e au cours de la messe. Ce myst\u00e8re de l'Eucharistie, instaur\u00e9 par J\u00e9sus lui-m\u00eame la veille de sa mort,&nbsp;est&nbsp;l'un des sept sacrements de l'Eglise catholique.&nbsp;V\u00e9cu en communaut\u00e9, il initie le chr\u00e9tien \u00e0 la vie \"en communion\" avec le Christ, source de Paix et de Joie.<\/p>\n<!-- \/wp:paragraph -->\n\n<!-- wp:paragraph -->\n<p>Deux conditions sont n\u00e9cessaires pour communier:\n<strong>\u00eatre baptis\u00e9 et vouloir vivre en amiti\u00e9 avec le Christ.&nbsp;<\/strong>La\npremi\u00e8re des communions est le plus souvent&nbsp;propos\u00e9e aux enfants de CM1\napr\u00e8s un cheminement de 2 ans en cat\u00e9ch\u00e8se. Pour chaque demande particuli\u00e8re,\nles parents d\u00e9cideront avec les cat\u00e9chistes et le pr\u00eatre accompagnateur ce qui\nest le plus adapt\u00e9 pour leur enfant.<\/p>\n<!-- \/wp:paragraph -->\n\n<!-- wp:paragraph -->\n<p>Les parents des enfants qui d\u00e9sirent faire la premi\u00e8re des communions sont\npri\u00e9s de s'adresser \u00e0 Sophie Grenier (06.27.77.74.95)<\/p>\n<!-- \/wp:paragraph -->\n\n<!-- wp:paragraph -->\n<p><em>Ce sacrement n'est pas r\u00e9serv\u00e9 aux enfants ! Les adultes&nbsp;peuvent\naussi s'y pr\u00e9parer&nbsp;\u00e0 travers le cat\u00e9chum\u00e9nat, souvent en parall\u00e8le d'une\npr\u00e9paration au bapt\u00eame.<\/em><\/p>\n<!-- \/wp:paragraph -->","_et_gb_content_width":"","footnotes":""},"class_list":["post-235","page","type-page","status-publish","hentry"],"_links":{"self":[{"href":"https:\/\/catholiques17.fr\/mir-sg\/wp-json\/wp\/v2\/pages\/235","targetHints":{"allow":["GET"]}}],"collection":[{"href":"https:\/\/catholiques17.fr\/mir-sg\/wp-json\/wp\/v2\/pages"}],"about":[{"href":"https:\/\/catholiques17.fr\/mir-sg\/wp-json\/wp\/v2\/types\/page"}],"author":[{"embeddable":true,"href":"https:\/\/catholiques17.fr\/mir-sg\/wp-json\/wp\/v2\/users\/1"}],"replies":[{"embeddable":true,"href":"https:\/\/catholiques17.fr\/mir-sg\/wp-json\/wp\/v2\/comments?post=235"}],"version-history":[{"count":11,"href":"https:\/\/catholiques17.fr\/mir-sg\/wp-json\/wp\/v2\/pages\/235\/revisions"}],"predecessor-version":[{"id":9209,"href":"https:\/\/catholiques17.fr\/mir-sg\/wp-json\/wp\/v2\/pages\/235\/revisions\/9209"}],"up":[{"embeddable":true,"href":"https:\/\/catholiques17.fr\/mir-sg\/wp-json\/wp\/v2\/pages\/222"}],"wp:attachment":[{"href":"https:\/\/catholiques17.fr\/mir-sg\/wp-json\/wp\/v2\/media?parent=235"}],"curies":[{"name":"wp","href":"https:\/\/api.w.org\/{rel}","templated":true}]}}

<p>[et_pb_section fb_built= »1&Prime; _builder_version= »4.16&Prime; custom_padding= »4px||||| » global_colors_info= »{} » theme_builder_area= »post_content »][et_pb_row _builder_version= »4.16&Prime; _module_preset= »default » custom_padding= »14px||||| » global_colors_info= »{} » theme_builder_area= »post_content »][et_pb_column type= »4_4&Prime; _builder_version= »4.16&Prime; _module_preset= »default » global_colors_info= »{} » theme_builder_area= »post_content »][et_pb_image src= »https://catholiques17.fr/mir-sg/wp-content/uploads/sites/27/2025/12/Eucharistie-1.jpeg » title_text= »Eucharistie (1) » align= »center » force_fullwidth= »on » _builder_version= »4.27.4&Prime; _module_preset= »default » border_radii= »on|20px|20px|20px|20px » global_colors_info= »{} » theme_builder_area= »post_content »][/et_pb_image][et_pb_text _builder_version= »4.27.4&Prime; _module_preset= »default » width= »88.9% » custom_padding= »|||85px|| » global_colors_info= »{} » theme_builder_area= »post_content »]</p>
<p style="text-align: center"><span style="color: #000000"><strong>« Ceci est mon Corps qui va être donné pour vous et cette coupe est la nouvelle alliance en mon sang, qui va être versé pour vous » </strong></span></p>
<p style="text-align: center"><span style="color: #000000">(Luc, chapitre 22, versets 19 à 20)</span></p>
<p>.</p>
<p>[/et_pb_text][/et_pb_column][/et_pb_row][et_pb_row _builder_version= »4.27.4&Prime; _module_preset= »default » global_colors_info= »{} » theme_builder_area= »post_content »][et_pb_column type= »4_4&Prime; _builder_version= »4.27.4&Prime; _module_preset= »default » global_colors_info= »{} » theme_builder_area= »post_content »][et_pb_text _builder_version= »4.27.4&Prime; _module_preset= »default » global_colors_info= »{} » theme_builder_area= »post_content »]</p>
<p>La première Communion, c’est recevoir pour la première fois le corps du Christ sous forme d’hostie consacrée par le prêtre : c’est le sacrement de l’Eucharistie. Il s’agit d’un sacrement de l’initiation chrétienne, mais qu’on ne peut recevoir que si l’on a été baptisé. Le mot Eucharistie vient du grec et signifie « merci ». C’est également le terme pour désigner la messe : c’est le repas où Jésus dit merci, rend grâce à son Père parce que son amour est plus fort que le mal et la mort.</p>
<p>Pour tout enfant qui a commencé à découvrir Dieu et le Christ il est proposé une préparation à la première des communions. Ce sacrement est une deuxième étape dans l’itinéraire des chrétiens. Cet itinéraire commence avec le baptême et s’achèvera avec le sacrement de la confirmation. Avec ses parents, ils sont invités à entrer dans le mystère de ce pain-corps du Christ; à vivre une expérience avec la communauté. Comme cette dernière l’enfant et sa famille répondent à l’invitation du Christ pour partager le repas du don de la vie de Jésus.</p>
<p>Tout au long de cette route il sera accompagné dans la prière par la prière de la communauté paroissiale. Puis après Pâques, après une rencontre avec le prêtre, sa famille est invitée à venir régulièrement à la messe avec son enfant jusqu’à sa première communion. A partir de ce jour là, et tous les dimanches s’il le désire, il pourra comme les autres chrétiens, fortifier sa foi en participant à l’eucharistie.</p>
<p>[/et_pb_text][/et_pb_column][/et_pb_row][et_pb_row _builder_version= »4.27.4&Prime; _module_preset= »default » global_colors_info= »{} » theme_builder_area= »post_content »][et_pb_column type= »4_4&Prime; _builder_version= »4.27.4&Prime; _module_preset= »default » global_colors_info= »{} » theme_builder_area= »post_content »][et_pb_divider divider_weight= »2px » _builder_version= »4.27.4&Prime; _module_preset= »default » global_colors_info= »{} » theme_builder_area= »post_content »][/et_pb_divider][/et_pb_column][/et_pb_row][et_pb_row _builder_version= »4.27.4&Prime; _module_preset= »default » global_colors_info= »{} » theme_builder_area= »post_content »][et_pb_column type= »4_4&Prime; _builder_version= »4.27.4&Prime; _module_preset= »default » global_colors_info= »{} » theme_builder_area= »post_content »][et_pb_text _builder_version= »4.27.4&Prime; _module_preset= »default » background_color= »#64A47F » hover_enabled= »0&Prime; global_colors_info= »{} » theme_builder_area= »post_content » text_line_height= »0.7em » sticky_enabled= »0&Prime;]</p>
<h4 style="text-align: center"><span></span></h4>
<h4 style="text-align: center"></h4>
<h4 style="text-align: center"></h4>
<h4 style="text-align: center"><strong><span style="color: #ffffff">Vous souhaitez obtenir des informations pour se préparer à la première communion ?</span></strong></h4>
<h4 style="text-align: center"></h4>
<h4 style="text-align: center"><strong><span style="color: #ffffff">Contactez-nous :</span></strong></h4>
<p style="text-align: center"><span style="color: #ffffff"></span></p>
<p style="text-align: center"><span style="color: #ffffff"><a href="mailto:paroisse.mir.sg@gmail.com" style="color: #ffffff">paroisse.mir.sg@gmail.com </a>&#8211;  05 46 70 28 11</span><span style="color: #ffffff"></span></p>
<p style="text-align: center"><span style="color: #ffffff"></span></p>
<p style="text-align: center"><span style="color: #ffffff"><strong>Presbytère</strong> de Mirambeau</span></p>
<p style="text-align: center"><span style="color: #ffffff"> 11 rue des Recollets</span></p>
<p style="text-align: center"><span style="color: #ffffff">    17150 Mirambeau</span></p>
<p style="text-align: center"><span style="color: #ffffff"><strong>Permanences du secrétariat :    </strong>Les jeudis de 14h30 à 16h30 et les samedis de 9h30 à 11h30</span></p>
<p>&nbsp;</p>
<p>[/et_pb_text][/et_pb_column][/et_pb_row][/et_pb_section]</p>

<p>« Ceci est mon Corps qui va être donné pour vous et cette coupe est la nouvelle alliance en mon sang, qui va être versé pour vous » (Luc, chapitre 22, versets [&hellip;]</p>

<!-- wp:paragraph {"backgroundColor":"pale-cyan-blue","textColor":"very-dark-gray"} -->
<p class="has-very-dark-gray-color has-pale-cyan-blue-background-color has-text-color has-background"><strong>L'Eucharistie, première des communions </strong></p>
<!-- /wp:paragraph -->

<!-- wp:paragraph -->
<p>La première des communions est un moment clé dans la vie d'un chrétien : c'est en effet la première fois qu'il reçoit Jésus-Christ sous la forme&nbsp;d'une hostie&nbsp;consacrée au cours de la messe. Ce mystère de l'Eucharistie, instauré par Jésus lui-même la veille de sa mort,&nbsp;est&nbsp;l'un des sept sacrements de l'Eglise catholique.&nbsp;Vécu en communauté, il initie le chrétien à la vie "en communion" avec le Christ, source de Paix et de Joie.</p>
<!-- /wp:paragraph -->

<!-- wp:paragraph -->
<p>Deux conditions sont nécessaires pour communier:
<strong>être baptisé et vouloir vivre en amitié avec le Christ.&nbsp;</strong>La
première des communions est le plus souvent&nbsp;proposée aux enfants de CM1
après un cheminement de 2 ans en catéchèse. Pour chaque demande particulière,
les parents décideront avec les catéchistes et le prêtre accompagnateur ce qui
est le plus adapté pour leur enfant.</p>
<!-- /wp:paragraph -->

<!-- wp:paragraph -->
<p>Les parents des enfants qui désirent faire la première des communions sont
priés de s'adresser à Sophie Grenier (06.27.77.74.95)</p>
<!-- /wp:paragraph -->

<!-- wp:paragraph -->
<p><em>Ce sacrement n'est pas réservé aux enfants ! Les adultes&nbsp;peuvent
aussi s'y préparer&nbsp;à travers le catéchuménat, souvent en parallèle d'une
préparation au baptême.</em></p>
<!-- /wp:paragraph -->
