{"id":5825,"date":"2021-09-08T19:21:26","date_gmt":"2021-09-08T17:21:26","guid":{"rendered":"https:\/\/catholiques17.fr\/matha\/?page_id=5825"},"modified":"2025-07-31T20:58:07","modified_gmt":"2025-07-31T18:58:07","slug":"leveil-a-la-foi-pour-les-enfants-de-3-a-7-ans","status":"publish","type":"page","link":"https:\/\/catholiques17.fr\/matha\/leveil-a-la-foi-pour-les-enfants-de-3-a-7-ans\/","title":{"rendered":"L&rsquo;\u00e9veil \u00e0 la foi pour les enfants de 4 \u00e0 7 ans"},"content":{"rendered":"\n<p><strong><em>\u00ab L&rsquo;Evangile nous propose l&rsquo;amiti\u00e9 avec J\u00e9sus et l&rsquo;amour fraternel \u00bb Joie de l&rsquo;\u00e9vangile &#8211; Pape Fran\u00e7ois<\/em><\/strong><\/p>\n\n\n\n<p class=\"has-vivid-cyan-blue-color has-text-color\"><strong>Qu\u2019est-ce que l\u2019\u00c9veil \u00e0 la Foi&nbsp;?<\/strong><\/p>\n\n\n\n<p>\u00ab&nbsp;\u00c9veiller un enfant \u00e0 la Foi c\u2019est l\u2019accompagner dans la d\u00e9couverte de Dieu, l\u2019initier \u00e0 la vie chr\u00e9tienne par la pri\u00e8re, les f\u00eates et les rites. C\u2019est l\u2019aider \u00e0 prendre conscience du tr\u00e9sor d\u2019amour que Dieu a d\u00e9pos\u00e9 dans son c\u0153ur et l\u2019inviter \u00e0 le rencontrer. \u00c9veil \u00e0 la Foi et \u00e9veil \u00e0 la Vie sont en r\u00e9alit\u00e9 indissociables&nbsp;\u00bb. (<a href=\"http:\/\/www.eglise.catholique.fr\" target=\"_blank\" rel=\"noreferrer noopener\">http:\/\/www.eglise.catholique.fr<\/a><a href=\"https:\/\/eglise.catholique.fr\/glossaire\/eveil-a-la-foi\/\" target=\"_blank\" rel=\"noreferrer noopener\">https:\/\/eglise.catholique.fr\/glossaire\/eveil-a-la-foi\/<\/a>)<\/p>\n\n\n\n<p class=\"has-vivid-cyan-blue-color has-text-color\"><strong>A qui s\u2019adresse-t-il&nbsp;?<\/strong><\/p>\n\n\n\n<p>Aux enfants de 4 \u00e0 7 ans. <em>(Information et invitation par courrier \u00e0 tous les enfants baptis\u00e9s sur notre paroisse pour la premi\u00e8re rencontre de l\u2019ann\u00e9e scolaire.&nbsp; Affiche dans l\u2019\u00e9glise, \u00e0 la chapelle et article dans le journal paroissial)<br><\/em>Vous avez choisi de baptiser votre enfant. Vous vous \u00eates engag\u00e9s ce jour-l\u00e0 \u00e0 lui faire conna\u00eetre l\u2019\u00c9vangile et \u00e0 l\u2019\u00e9lever dans la foi.<\/p>\n\n\n\n<p>Vous voulez faire baptiser votre enfant de plus de 3 ans, vous l\u2019accompagnez pour lui faire conna\u00eetre J\u00e9sus Christ aux rencontres d\u2019\u00c9veil \u00e0 la foi sur la paroisse.<\/p>\n\n\n\n<p class=\"has-vivid-cyan-blue-color has-text-color\"><strong>Les enfants s\u2019ouvrent \u00e0 Dieu&nbsp;:<\/strong><\/p>\n\n\n\n<p>L\u2019\u00e9veil fait appel aux sens, \u00e0 l\u2019imagination, aux gestes et mots tr\u00e8s simples de la vie quotidienne. Il est de l\u2019ordre de l\u2019impr\u00e9gnation et non de l\u2019explication\u2026<br>La p\u00e9riode de la petite enfance est une p\u00e9riode o\u00f9 l\u2019enfant s\u2019\u00e9veille \u00e0 la vie, \u00e0 la perception du monde et des personnes qui l\u2019entourent.<br>C\u2019est \u00e0 travers leurs exp\u00e9riences et celles des adultes qui les entourent que les jeunes enfants sont \u00e9veill\u00e9s \u00e0 la pr\u00e9sence de Dieu et introduits dans la vie chr\u00e9tienne.<br>Quand la vie s\u2019\u00e9veille devant le petit enfant qui va de d\u00e9couvertes en d\u00e9couvertes, l\u2019admiration&nbsp;est toujours l\u00e0.<\/p>\n\n\n\n<p class=\"has-vivid-cyan-blue-color has-text-color\"><strong>Organisation de l\u2019ann\u00e9e et choix des th\u00e8mes&nbsp;:<\/strong><\/p>\n\n\n\n<p>L\u2019\u00e9quipe d\u2019animation organise 7 rencontres par an autour d\u2019un th\u00e8me et en utilisant la m\u00e9thode \u00ab\u00a0Cadeaux de Dieu\u00a0\u00bb propos\u00e9e par le dioc\u00e8se, Pomme d\u2019Api Soleil et autres supports adapt\u00e9s.<\/p>\n\n\n\n<p>Chaque rencontre s\u2019appuie sur la Parole de Dieu \u00e0 partir d\u2019une petite r\u00e9flexion et de plusieurs activit\u00e9s. Les parents pr\u00e9sents peuvent s\u2019associent volontiers aux activit\u00e9s et aux r\u00e9flexions.<\/p>\n\n\n\n<p>Les enfants repartent apr\u00e8s chaque rencontre avec un feuillet qui comportent un chant, la Parole de Dieu, une pri\u00e8re, un dessin \u00e0 colorier, un puzzle ou un domino en couleurs pour reconstituer l\u2019histoire\u2026<\/p>\n\n\n\n<p>Ces rencontres cr\u00e9ent des liens entre parents de m\u00eame \u00e2ge, des liens entre les familles que l\u2019on ne pourrait pas forcement cr\u00e9er en dehors de l\u2019Eglise.<\/p>\n\n\n\n<p>C\u2019est un chemin spirituel pour les familles et les enfants qui leur permet de d\u00e9couvrir ou de red\u00e9couvrir la vie de J\u00e9sus-Christ et de porter un regard de foi sur notre r\u00e9alit\u00e9 humaine.<\/p>\n\n\n\n<p class=\"has-vivid-cyan-blue-color has-text-color has-link-color wp-elements-13cffe075bb5596ceb8356372144c3bd\"><strong>Le th\u00e8me de cette ann\u00e9e : \u00ab\u00a0les merveilles de la nature\u00a0\u00bb<\/strong><\/p>\n\n\n\n<figure class=\"wp-block-gallery has-nested-images columns-default is-cropped wp-block-gallery-1 is-layout-flex wp-block-gallery-is-layout-flex\">\n<figure class=\"wp-block-image size-large\"><img loading=\"lazy\" decoding=\"async\" width=\"740\" height=\"539\" data-id=\"10673\" src=\"https:\/\/catholiques17.fr\/matha\/wp-content\/uploads\/sites\/15\/2025\/07\/affiche-2025-eveil-foi-sans-cadre.jpeg\" alt=\"\" class=\"wp-image-10673\" srcset=\"https:\/\/catholiques17.fr\/matha\/wp-content\/uploads\/sites\/15\/2025\/07\/affiche-2025-eveil-foi-sans-cadre.jpeg 740w, https:\/\/catholiques17.fr\/matha\/wp-content\/uploads\/sites\/15\/2025\/07\/affiche-2025-eveil-foi-sans-cadre-480x350.jpeg 480w\" sizes=\"(min-width: 0px) and (max-width: 480px) 480px, (min-width: 481px) 740px, 100vw\" \/><\/figure>\n<\/figure>\n\n\n\n<p class=\"has-vivid-cyan-blue-color has-text-color\"><strong>Dates et horaires des rencontres ; contact&nbsp;:<\/strong><\/p>\n\n\n\n<p>Les rencontres ont lieu le samedi apr\u00e8s-midi, les enfants et les parents sont accueillis d\u00e8s 15h dans la grande salle de la maison paroissiale. 16h30\/17 h&nbsp;&nbsp; Go\u00fbter<\/p>\n\n\n\n<p>4 octobre 2025 ; 15 novembre ; 6 d\u00e9cembre ; 24 janvier 2026 ; 7 mars ;  25 avril ; 30 mai 2026<\/p>\n\n\n\n<p>Contact : Val\u00e9rie Mayeur 06 13 58 23 05 &#8211; paroisse-matha@orange.fr<\/p>\n\n\n\n<p>Quelques exemples de th\u00e8mes abord\u00e9s les ann\u00e9es pr\u00e9c\u00e9dentes :<\/p>\n\n\n\n<p>2024-2025 : <\/p>\n\n\n\n<figure class=\"wp-block-image size-full\"><img loading=\"lazy\" decoding=\"async\" width=\"363\" height=\"512\" src=\"https:\/\/catholiques17.fr\/matha\/wp-content\/uploads\/sites\/15\/2024\/08\/Eveil-a-la-foi-2024-2025_1.jpg\" alt=\"\" class=\"wp-image-9654\" srcset=\"https:\/\/catholiques17.fr\/matha\/wp-content\/uploads\/sites\/15\/2024\/08\/Eveil-a-la-foi-2024-2025_1.jpg 363w, https:\/\/catholiques17.fr\/matha\/wp-content\/uploads\/sites\/15\/2024\/08\/Eveil-a-la-foi-2024-2025_1-213x300.jpg 213w\" sizes=\"(max-width: 363px) 100vw, 363px\" \/><\/figure>\n\n\n\n<p class=\"has-vivid-cyan-blue-color has-text-color\"><strong>2022-2023 : Mais moi, j&rsquo;ai envie<\/strong><\/p>\n\n\n\n<figure class=\"wp-block-image size-medium is-resized\"><img loading=\"lazy\" decoding=\"async\" width=\"300\" height=\"165\" src=\"https:\/\/catholiques17.fr\/matha\/wp-content\/uploads\/sites\/15\/2022\/08\/Eveil-a-la-foi-2022-2023-300x165.jpg\" alt=\"\" class=\"wp-image-7246\" style=\"width:405px\" \/><\/figure>\n\n\n\n<p class=\"has-vivid-cyan-blue-color has-text-color\"><strong>2021-2022 : Les merveilles de la nature<\/strong><\/p>\n\n\n\n<p>\u00ab&nbsp;Observons la nature&nbsp;\u00bb&nbsp; <br>\u00ab&nbsp;Des fleurs pour Dieu&nbsp;\u00bb<br>\u00ab&nbsp;St Fran\u00e7ois d\u2019Assise, po\u00e8te de Dieu&nbsp;\u00bb<br>\u00ab&nbsp;Je fais attention \u00e0 la nature&nbsp;\u00bb<br>\u00ab&nbsp;Je vois des grains de vie&nbsp;\u00bb<br>\u00ab&nbsp;L\u2019eau source de vie&nbsp;\u00bb<\/p>\n\n\n\n<figure class=\"wp-block-image size-large is-resized\"><img loading=\"lazy\" decoding=\"async\" width=\"540\" height=\"386\" src=\"https:\/\/catholiques17.fr\/matha\/wp-content\/uploads\/sites\/15\/2021\/09\/Eveil-a-la-foi-2021.jpg.png\" alt=\"\" class=\"wp-image-5828\" style=\"width:405px;height:290px\" srcset=\"https:\/\/catholiques17.fr\/matha\/wp-content\/uploads\/sites\/15\/2021\/09\/Eveil-a-la-foi-2021.jpg.png 540w, https:\/\/catholiques17.fr\/matha\/wp-content\/uploads\/sites\/15\/2021\/09\/Eveil-a-la-foi-2021.jpg-480x343.png 480w\" sizes=\"(min-width: 0px) and (max-width: 480px) 480px, (min-width: 481px) 540px, 100vw\" \/><\/figure>\n\n\n\n<p class=\"has-vivid-cyan-blue-color has-text-color\"><strong>2020-2021&nbsp;: Les animaux dans la bible (S\u00e9rie \u00ab&nbsp;La parole des animaux&nbsp;\u00bb)<\/strong><\/p>\n\n\n\n<p>\u00ab&nbsp;Albine et la colombe de No\u00e9&nbsp;\u00bb <em>Gen\u00e8se 8, 6-12 : No\u00e9 et la colombe.<\/em><br>\u00ab&nbsp;Ronchon le corbeau d\u2019Elie&nbsp;\u00bb<em>Premier livre des Rois (17, 1-16)<\/em><br>\u00ab&nbsp;Milane l&rsquo;\u00e2ne de la cr\u00e8che&nbsp;\u00bb<br>\u00ab&nbsp;P\u00e9tula la baleine de Jonas&nbsp;\u00bb<br>\u00ab&nbsp;Clairon le coq de Pierre&nbsp;\u00bb <em>Marc 14<\/em><br>\u00ab&nbsp;Belle la brebis du bon Berger&nbsp;\u00bb <em>Parabole du Bon Berger<\/em><\/p>\n\n\n\n<figure class=\"wp-block-image size-large is-resized\"><img loading=\"lazy\" decoding=\"async\" width=\"499\" height=\"356\" src=\"https:\/\/catholiques17.fr\/matha\/wp-content\/uploads\/sites\/15\/2021\/09\/Eveil-a-la-foi-Noe-1.jpg\" alt=\"\" class=\"wp-image-5832\" style=\"width:374px;height:267px\" srcset=\"https:\/\/catholiques17.fr\/matha\/wp-content\/uploads\/sites\/15\/2021\/09\/Eveil-a-la-foi-Noe-1.jpg 499w, https:\/\/catholiques17.fr\/matha\/wp-content\/uploads\/sites\/15\/2021\/09\/Eveil-a-la-foi-Noe-1-480x342.jpg 480w\" sizes=\"(min-width: 0px) and (max-width: 480px) 480px, (min-width: 481px) 499px, 100vw\" \/><\/figure>\n\n\n\n<p class=\"has-vivid-cyan-blue-color has-text-color\"><strong>2019-2020&nbsp;: Sentiments et \u00e9motions<\/strong><\/p>\n\n\n\n<p>\u00ab&nbsp;L&rsquo;amiti\u00e9 \u2013 Vivre ensemble&nbsp;\u00bb<br>\u00ab&nbsp;Chagrin \u2013 Consolation \u2013 esp\u00e9rance&nbsp;\u00bb<br>\u00ab&nbsp;Joie \u2013 Bonheur \u2013 Tendresse&nbsp;\u00bb<br>\u00ab&nbsp;Col\u00e8re \u2013 Conflit \u2013 Pardon&nbsp;\u00bb<br>\u00ab&nbsp;Peur et Confiance&nbsp;\u00bb<br>\u00ab&nbsp;Attente-Patience-Envie&nbsp;\u00bb<\/p>\n\n\n\n<p class=\"has-vivid-cyan-blue-color has-text-color\"><strong>2018-2019&nbsp;: L\u2019ann\u00e9e liturgique<\/strong><\/p>\n\n\n\n<p class=\"has-vivid-cyan-blue-color has-text-color\"><strong>2017-2018&nbsp;: Les symboles du bapt\u00eame<\/strong><\/p>\n\n\n\n<p>Premier th\u00e8me \u00e9tait \u00ab&nbsp;j\u2019aime mon pr\u00e9nom&nbsp;et je r\u00e9ponds \u00e0 l\u2019appel de mon pr\u00e9nom&nbsp;\u00bb, comme Samuel r\u00e9pond \u00e0 l\u2019appel de Dieu <em>(1Samuel3, 1-10)<\/em>&nbsp;: \u00ab&nbsp;Me voici&nbsp;!&nbsp;\u00bb&nbsp;<br>&nbsp;\u00ab&nbsp;Le signe de croix marque de Dieu&nbsp;\u00bb <em>Thessaloniciens<\/em><br>&nbsp;\u00ab&nbsp;La lumi\u00e8re de No\u00ebl&nbsp;\u00bb <em>Luc 2, 1-20<\/em><br>&nbsp;\u00ab&nbsp;L\u2019eau source de vie&nbsp;\u00bb <em>Matthieu 3, 13-17<\/em><br>&nbsp;\u00ab&nbsp;Dieu rend fort le jeune David&nbsp;\u00bb <em>Samuel 1, 15-17<\/em><br>\u00ab&nbsp;Vous avez rev\u00eatu le Christ&nbsp;\u00bb <em>Galates 3,10<\/em><\/p>\n\n\n\n<p><\/p>\n","protected":false},"excerpt":{"rendered":"<p>\u00ab L&rsquo;Evangile nous propose l&rsquo;amiti\u00e9 avec J\u00e9sus et l&rsquo;amour fraternel \u00bb Joie de l&rsquo;\u00e9vangile &#8211; Pape Fran\u00e7ois Qu\u2019est-ce que l\u2019\u00c9veil \u00e0 la Foi&nbsp;? \u00ab&nbsp;\u00c9veiller un enfant \u00e0 la Foi c\u2019est [&hellip;]<\/p>\n","protected":false},"author":20,"featured_media":10671,"parent":0,"menu_order":0,"comment_status":"closed","ping_status":"closed","template":"","meta":{"_et_pb_use_builder":"off","_et_pb_old_content":"<!-- wp:paragraph -->\n<p><strong><em>\u00ab L'Evangile nous propose l'amiti\u00e9 avec J\u00e9sus et l'amour fraternel \u00bb Joie de l'\u00e9vangile - Pape Fran\u00e7ois<\/em><\/strong><\/p>\n<!-- \/wp:paragraph -->\n\n<!-- wp:paragraph {\"style\":{\"color\":{\"text\":\"#00baad\"}}} -->\n<p class=\"has-text-color\" style=\"color:#00baad\"><strong>Qu\u2019est-ce que l\u2019\u00c9veil \u00e0 la Foi\u00a0?<\/strong><\/p>\n<!-- \/wp:paragraph -->\n\n<!-- wp:paragraph -->\n<p>\u00ab\u00a0\u00c9veiller un enfant \u00e0 la Foi c\u2019est l\u2019accompagner dans la d\u00e9couverte de Dieu, l\u2019initier \u00e0 la vie chr\u00e9tienne par la pri\u00e8re, les f\u00eates et les rites. C\u2019est l\u2019aider \u00e0 prendre conscience du tr\u00e9sor d\u2019amour que Dieu a d\u00e9pos\u00e9 dans son c\u0153ur et l\u2019inviter \u00e0 le rencontrer. \u00c9veil \u00e0 la Foi et \u00e9veil \u00e0 la Vie sont en r\u00e9alit\u00e9 indissociables\u00a0\u00bb. (<a href=\"http:\/\/www.eglise.catholique.fr\" target=\"_blank\" rel=\"noreferrer noopener\">http:\/\/www.eglise.catholique.fr<\/a><a href=\"https:\/\/eglise.catholique.fr\/glossaire\/eveil-a-la-foi\/\" target=\"_blank\" rel=\"noreferrer noopener\">https:\/\/eglise.catholique.fr\/glossaire\/eveil-a-la-foi\/<\/a>)<\/p>\n<!-- \/wp:paragraph -->\n\n<!-- wp:paragraph {\"style\":{\"color\":{\"text\":\"#00baad\"}}} -->\n<p class=\"has-text-color\" style=\"color:#00baad\"><strong>A qui s\u2019adresse-t-il\u00a0?<\/strong><\/p>\n<!-- \/wp:paragraph -->\n\n<!-- wp:paragraph -->\n<p>Aux enfants de 3 \u00e0 7 ans. <em>(Information et invitation par courrier \u00e0 tous les enfants baptis\u00e9s sur notre paroisse pour la premi\u00e8re rencontre de l\u2019ann\u00e9e scolaire.\u00a0 Affiche dans l\u2019\u00e9glise, \u00e0 la chapelle et article dans le journal paroissial)<br><\/em>Vous avez choisi de baptiser votre enfant. Vous vous \u00eates engag\u00e9s ce jour-l\u00e0 \u00e0 lui faire conna\u00eetre l\u2019\u00c9vangile et \u00e0 l\u2019\u00e9lever dans la foi.<\/p>\n<!-- \/wp:paragraph -->\n\n<!-- wp:paragraph -->\n<p>Vous voulez faire baptiser votre enfant de plus de 3 ans, vous l\u2019accompagnez pour lui faire conna\u00eetre J\u00e9sus Christ aux rencontres d\u2019\u00c9veil \u00e0 la foi sur la paroisse.<\/p>\n<!-- \/wp:paragraph -->\n\n<!-- wp:paragraph {\"style\":{\"color\":{\"text\":\"#00baad\"}}} -->\n<p class=\"has-text-color\" style=\"color:#00baad\"><strong>Les enfants s\u2019ouvrent \u00e0 Dieu&nbsp;:<\/strong><\/p>\n<!-- \/wp:paragraph -->\n\n<!-- wp:paragraph -->\n<p>L\u2019\u00e9veil fait appel aux sens, \u00e0 l\u2019imagination, aux gestes et mots tr\u00e8s simples de la vie quotidienne. Il est de l\u2019ordre de l\u2019impr\u00e9gnation et non de l\u2019explication\u2026<br>La p\u00e9riode de la petite enfance est une p\u00e9riode o\u00f9 l\u2019enfant s\u2019\u00e9veille \u00e0 la vie, \u00e0 la perception du monde et des personnes qui l\u2019entourent.<br>C\u2019est \u00e0 travers leurs exp\u00e9riences et celles des adultes qui les entourent que les jeunes enfants sont \u00e9veill\u00e9s \u00e0 la pr\u00e9sence de Dieu et introduits dans la vie chr\u00e9tienne.<br>Quand la vie s\u2019\u00e9veille devant le petit enfant qui va de d\u00e9couvertes en d\u00e9couvertes, l\u2019admiration&nbsp;est toujours l\u00e0.<\/p>\n<!-- \/wp:paragraph -->\n\n<!-- wp:paragraph {\"style\":{\"color\":{\"text\":\"#00baad\"}}} -->\n<p class=\"has-text-color\" style=\"color:#00baad\"><strong>Organisation de l\u2019ann\u00e9e et choix des th\u00e8mes&nbsp;:<\/strong><\/p>\n<!-- \/wp:paragraph -->\n\n<!-- wp:paragraph -->\n<p>L\u2019\u00e9quipe d\u2019animation organise 6 rencontres par an autour d\u2019un th\u00e8me et en utilisant la m\u00e9thode \u00ab\u00a0Cadeaux de Dieu\u00a0\u00bb propos\u00e9e par le dioc\u00e8se, Pomme d\u2019Api Soleil et autres supports adapt\u00e9s.<\/p>\n<!-- \/wp:paragraph -->\n\n<!-- wp:paragraph -->\n<p>Quelques exemples de th\u00e8mes abord\u00e9s :<\/p>\n<!-- \/wp:paragraph -->\n\n<!-- wp:paragraph {\"textColor\":\"vivid-green-cyan\"} -->\n<p class=\"has-vivid-green-cyan-color has-text-color\"><strong>2017-2018\u00a0: Les symboles du bapt\u00eame<\/strong><\/p>\n<!-- \/wp:paragraph -->\n\n<!-- wp:paragraph -->\n<p>Premier th\u00e8me \u00e9tait \u00ab\u00a0j\u2019aime mon pr\u00e9nom\u00a0et je r\u00e9ponds \u00e0 l\u2019appel de mon pr\u00e9nom\u00a0\u00bb, comme Samuel r\u00e9pond \u00e0 l\u2019appel de Dieu <em>(1Samuel3, 1-10)<\/em>\u00a0: \u00ab\u00a0Me voici\u00a0!\u00a0\u00bb\u00a0<br>\u00a0\u00ab\u00a0Le signe de croix marque de Dieu\u00a0\u00bb <em>Thessaloniciens<\/em><br>\u00a0\u00ab\u00a0La lumi\u00e8re de No\u00ebl\u00a0\u00bb <em>Luc 2, 1-20<\/em><br>\u00a0\u00ab\u00a0L\u2019eau source de vie\u00a0\u00bb <em>Matthieu 3, 13-17<\/em><br>\u00a0\u00ab\u00a0Dieu rend fort le jeune David\u00a0\u00bb <em>Samuel 1, 15-17<\/em><br>\u00ab\u00a0Vous avez rev\u00eatu le Christ\u00a0\u00bb <em>Galates 3,10<\/em><\/p>\n<!-- \/wp:paragraph -->\n\n<!-- wp:paragraph {\"textColor\":\"vivid-green-cyan\"} -->\n<p class=\"has-vivid-green-cyan-color has-text-color\"><strong>2018-2019\u00a0: L\u2019ann\u00e9e liturgique<\/strong><\/p>\n<!-- \/wp:paragraph -->\n\n<!-- wp:paragraph {\"textColor\":\"vivid-green-cyan\"} -->\n<p class=\"has-vivid-green-cyan-color has-text-color\"><strong>2019-2020\u00a0: Sentiments et \u00e9motions<\/strong><\/p>\n<!-- \/wp:paragraph -->\n\n<!-- wp:paragraph -->\n<p>\u00ab\u00a0L'amiti\u00e9 \u2013 Vivre ensemble\u00a0\u00bb<br>\u00ab\u00a0Chagrin \u2013 Consolation \u2013 esp\u00e9rance\u00a0\u00bb<br>\u00ab\u00a0Joie \u2013 Bonheur \u2013 Tendresse\u00a0\u00bb<br>\u00ab\u00a0Col\u00e8re \u2013 Conflit \u2013 Pardon\u00a0\u00bb<br>\u00ab\u00a0Peur et Confiance\u00a0\u00bb<br>\u00ab\u00a0Attente-Patience-Envie\u00a0\u00bb<\/p>\n<!-- \/wp:paragraph -->\n\n<!-- wp:paragraph {\"textColor\":\"vivid-green-cyan\"} -->\n<p class=\"has-vivid-green-cyan-color has-text-color\"><strong>2020-2021\u00a0: Les animaux dans la bible (S\u00e9rie \u00ab\u00a0La parole des animaux\u00a0\u00bb)<\/strong><\/p>\n<!-- \/wp:paragraph -->\n\n<!-- wp:paragraph -->\n<p>\u00ab\u00a0Albine et la colombe de No\u00e9\u00a0\u00bb <em>Gen\u00e8se 8, 6-12 : No\u00e9 et la colombe.<\/em><br>\u00ab\u00a0Ronchon le corbeau d\u2019Elie\u00a0\u00bb<em>Premier livre des Rois (17, 1-16)<\/em><br>\u00ab\u00a0Milane l'\u00e2ne de la cr\u00e8che\u00a0\u00bb<br>\u00ab\u00a0P\u00e9tula la baleine de Jonas\u00a0\u00bb<br>\u00ab\u00a0Clairon le coq de Pierre\u00a0\u00bb <em>Marc 14<\/em><br>\u00ab\u00a0Belle la brebis du bon Berger\u00a0\u00bb <em>Parabole du Bon Berger<\/em><\/p>\n<!-- \/wp:paragraph -->\n\n<!-- wp:image {\"id\":5832,\"width\":374,\"height\":267,\"sizeSlug\":\"large\",\"linkDestination\":\"none\"} -->\n<figure class=\"wp-block-image size-large is-resized\"><img src=\"https:\/\/catholiques17.fr\/matha\/wp-content\/uploads\/sites\/15\/2021\/09\/Eveil-a-la-foi-Noe-1.jpg\" alt=\"\" class=\"wp-image-5832\" width=\"374\" height=\"267\" \/><\/figure>\n<!-- \/wp:image -->\n\n<!-- wp:paragraph {\"textColor\":\"vivid-green-cyan\"} -->\n<p class=\"has-vivid-green-cyan-color has-text-color\"><strong>2021-2022 : Les merveilles de la nature<\/strong><\/p>\n<!-- \/wp:paragraph -->\n\n<!-- wp:paragraph -->\n<p>\u00ab\u00a0Observons la nature\u00a0\u00bb\u00a0 <br>\u00ab\u00a0Des fleurs pour Dieu\u00a0\u00bb<br>\u00ab\u00a0St Fran\u00e7ois d\u2019Assise, po\u00e8te de Dieu\u00a0\u00bb<br>\u00ab\u00a0Je fais attention \u00e0 la nature\u00a0\u00bb<br>\u00ab\u00a0Je vois des grains de vie\u00a0\u00bb<br>\u00ab\u00a0L\u2019eau source de vie\u00a0\u00bb<\/p>\n<!-- \/wp:paragraph -->\n\n<!-- wp:image {\"id\":5828,\"width\":405,\"height\":290,\"sizeSlug\":\"large\",\"linkDestination\":\"none\"} -->\n<figure class=\"wp-block-image size-large is-resized\"><img src=\"https:\/\/catholiques17.fr\/matha\/wp-content\/uploads\/sites\/15\/2021\/09\/Eveil-a-la-foi-2021.jpg.png\" alt=\"\" class=\"wp-image-5828\" width=\"405\" height=\"290\" \/><\/figure>\n<!-- \/wp:image -->\n\n<!-- wp:paragraph -->\n<p>Chaque rencontre s\u2019appuie sur la Parole de Dieu \u00e0 partir d\u2019une petite r\u00e9flexion et de plusieurs activit\u00e9s. Les parents pr\u00e9sents peuvent s\u2019associent volontiers aux activit\u00e9s et aux r\u00e9flexions.<\/p>\n<!-- \/wp:paragraph -->\n\n<!-- wp:paragraph -->\n<p>Les enfants repartent apr\u00e8s chaque rencontre avec un feuillet qui comportent un chant, la Parole de Dieu, une pri\u00e8re, un dessin \u00e0 colorier, un puzzle ou un domino en couleurs pour reconstituer l\u2019histoire\u2026<\/p>\n<!-- \/wp:paragraph -->\n\n<!-- wp:paragraph -->\n<p>Ces rencontres cr\u00e9ent des liens entre parents de m\u00eame \u00e2ge, des liens entre les familles que l\u2019on ne pourrait pas forcement cr\u00e9er en dehors de l\u2019Eglise.<\/p>\n<!-- \/wp:paragraph -->\n\n<!-- wp:paragraph -->\n<p>C\u2019est un chemin spirituel pour les familles et les enfants qui leur permet de d\u00e9couvrir ou de red\u00e9couvrir la vie de J\u00e9sus-Christ et de porter un regard de foi sur notre r\u00e9alit\u00e9 humaine.<strong><\/strong><\/p>\n<!-- \/wp:paragraph -->\n\n<!-- wp:paragraph {\"style\":{\"color\":{\"text\":\"#00baad\"}}} -->\n<p class=\"has-text-color\" style=\"color:#00baad\"><strong>Horaires des rencontres\u00a0:<\/strong><\/p>\n<!-- \/wp:paragraph -->\n\n<!-- wp:paragraph -->\n<p>Les rencontres ont lieu le samedi apr\u00e8s-midi, les enfants et les parents sont accueillis d\u00e8s 15h dans la grande salle de la maison paroissiale.<br>16h30\/17 h\u00a0\u00a0 Go\u00fbter<\/p>\n<!-- \/wp:paragraph -->","_et_gb_content_width":"","footnotes":""},"class_list":["post-5825","page","type-page","status-publish","has-post-thumbnail","hentry"],"_links":{"self":[{"href":"https:\/\/catholiques17.fr\/matha\/wp-json\/wp\/v2\/pages\/5825","targetHints":{"allow":["GET"]}}],"collection":[{"href":"https:\/\/catholiques17.fr\/matha\/wp-json\/wp\/v2\/pages"}],"about":[{"href":"https:\/\/catholiques17.fr\/matha\/wp-json\/wp\/v2\/types\/page"}],"author":[{"embeddable":true,"href":"https:\/\/catholiques17.fr\/matha\/wp-json\/wp\/v2\/users\/20"}],"replies":[{"embeddable":true,"href":"https:\/\/catholiques17.fr\/matha\/wp-json\/wp\/v2\/comments?post=5825"}],"version-history":[{"count":11,"href":"https:\/\/catholiques17.fr\/matha\/wp-json\/wp\/v2\/pages\/5825\/revisions"}],"predecessor-version":[{"id":10674,"href":"https:\/\/catholiques17.fr\/matha\/wp-json\/wp\/v2\/pages\/5825\/revisions\/10674"}],"wp:featuredmedia":[{"embeddable":true,"href":"https:\/\/catholiques17.fr\/matha\/wp-json\/wp\/v2\/media\/10671"}],"wp:attachment":[{"href":"https:\/\/catholiques17.fr\/matha\/wp-json\/wp\/v2\/media?parent=5825"}],"curies":[{"name":"wp","href":"https:\/\/api.w.org\/{rel}","templated":true}]}}