{"id":4949,"date":"2021-03-24T10:54:47","date_gmt":"2021-03-24T09:54:47","guid":{"rendered":"https:\/\/catholiques17.fr\/matha\/?page_id=4949"},"modified":"2021-03-24T11:05:51","modified_gmt":"2021-03-24T10:05:51","slug":"nos-villages-et-nos-eglises","status":"publish","type":"page","link":"https:\/\/catholiques17.fr\/matha\/paroisse-matha\/nos-villages-et-nos-eglises\/","title":{"rendered":"Nos villages et nos \u00e9glises"},"content":{"rendered":"<p>[et_pb_section fb_built=\u00a0\u00bb1&Prime; _builder_version=\u00a0\u00bb4.9.2&Prime; _module_preset=\u00a0\u00bbdefault\u00a0\u00bb custom_padding=\u00a0\u00bb7px||13px|||\u00a0\u00bb][et_pb_row _builder_version=\u00a0\u00bb4.9.2&Prime; _module_preset=\u00a0\u00bbdefault\u00a0\u00bb custom_padding=\u00a0\u00bb||10px|||\u00a0\u00bb][et_pb_column _builder_version=\u00a0\u00bb4.9.2&Prime; _module_preset=\u00a0\u00bbdefault\u00a0\u00bb type=\u00a0\u00bb4_4&Prime;][et_pb_text _builder_version=\u00a0\u00bb4.9.2&Prime; _module_preset=\u00a0\u00bbdefault\u00a0\u00bb hover_enabled=\u00a0\u00bb0&Prime; sticky_enabled=\u00a0\u00bb0&Prime;]<\/p>\n<p>Notre paroisse compte <strong>26 \u00e9glises dont 10 sont class\u00e9es monument historique<\/strong> : Bagnizeau, Beauvais-sur-Matha, Cress\u00e9, Gourvillette, Haimps, Macqueville, Massac, Matha-Marestay, Matha-St H\u00e9rie, St Ouen la Th\u00e8ne.<\/p>\n<p>Cette page renvoie aux images et commentaires d\u2019architecture du site <a href=\"http:\/\/ch.lerolle.free.fr\/eglises17\/index.php\">\u201cEglises en Charente-Maritime\u201d<\/a> cr\u00e9\u00e9 par Michel Caron et maintenu par Christophe Lerolle<br \/>Les communes de la paroisse sont class\u00e9es par ordre alphab\u00e9tique.<\/p>\n<p>[\/et_pb_text][\/et_pb_column][\/et_pb_row][et_pb_row _builder_version=\u00a0\u00bb4.9.2&Prime; _module_preset=\u00a0\u00bbdefault\u00a0\u00bb][et_pb_column _builder_version=\u00a0\u00bb4.9.2&Prime; _module_preset=\u00a0\u00bbdefault\u00a0\u00bb type=\u00a0\u00bb4_4&Prime;][et_pb_text _builder_version=\u00a0\u00bb4.9.2&Prime; _module_preset=\u00a0\u00bbdefault\u00a0\u00bb hover_enabled=\u00a0\u00bb0&Prime; sticky_enabled=\u00a0\u00bb0&Prime;]<\/p>\n<p><strong>Commune-Saint patron<\/strong><br \/>Bagnizeau <a href=\"http:\/\/ch.lerolle.free.fr\/eglises17\/bagnizeau_eglise_saint-vivien.php\">St Vivien<\/a><br \/>Ballans <a href=\"http:\/\/ch.lerolle.free.fr\/eglises17\/ballans_eglise_saint-jacques.php\">St Jacques le Majeur<\/a><br \/>Bazauges <a href=\"http:\/\/ch.lerolle.free.fr\/eglises17\/bazauges_eglise_saint-martin.php\">St Martin<\/a><br \/>Beauvais sur Matha <a href=\"http:\/\/ch.lerolle.free.fr\/eglises17\/beauvais-sur-mathas_eglise_notre-dame-de-l'assomption.php\">Notre Dame de l\u2019Assomption<\/a><br \/>Blanzac les Matha <a href=\"http:\/\/ch.lerolle.free.fr\/eglises17\/blanzac-les-mathas_eglise_saint-pierre_et_saint-paul.php\">St Pierre<\/a><br \/>Bresdon <a href=\"http:\/\/ch.lerolle.free.fr\/eglises17\/bresdon_eglise_saint-alban.php\">St Alban<\/a><br \/>Brie sous Matha <a href=\"http:\/\/ch.lerolle.free.fr\/eglises17\/brie-sous-mathas_eglise_saint-pierre.php\">St Pierre<\/a><br \/>Courcerac <a href=\"http:\/\/ch.lerolle.free.fr\/eglises17\/courcerac_eglise_saint-romain.php\">St Romain<\/a><br \/>Cress\u00e9 <a href=\"http:\/\/ch.lerolle.free.fr\/eglises17\/cresse_eglise_priorale_de_la_transfiguration.php\">Saint Sauveur dans le myst\u00e8re de la Transfiguration<\/a><br \/>Gibourne <a href=\"http:\/\/ch.lerolle.free.fr\/eglises17\/gibourne_eglise_saint-martial.php\">Saint Martial<\/a><br \/>Gourvillette<a href=\"http:\/\/ch.lerolle.free.fr\/eglises17\/gourvillette_eglise_saint-martial.php\"> St Martial<\/a><br \/>Haimps <a href=\"http:\/\/ch.lerolle.free.fr\/eglises17\/haimps_eglise_saint-symphorien.php\">St Symphorien<\/a><br \/>La Brousse <a href=\"http:\/\/ch.lerolle.free.fr\/eglises17\/la-brousse_chapelle_saint-louis.php\">St Louis<\/a><br \/>Les Touches de P\u00e9rigny <a href=\"http:\/\/ch.lerolle.free.fr\/eglises17\/les-touches-de-perigny_eglise_notre-dame-de-l'assomption.php\">Notre Dame de l\u2019Assomption<\/a><br \/>Louzignac <a href=\"http:\/\/ch.lerolle.free.fr\/eglises17\/louzignac_eglise_saint-martial.php\">St Martial<\/a><br \/>Macqueville <a href=\"http:\/\/ch.lerolle.free.fr\/eglises17\/macqueville_eglise_saint-etienne.php\">St Etienne<\/a><br \/>Massac <a href=\"http:\/\/ch.lerolle.free.fr\/eglises17\/massac_eglise_de_l'assomption.php\">Notre Dame de l\u2019Assomption<\/a><br \/>Matha <a href=\"http:\/\/ch.lerolle.free.fr\/eglises17\/matha_eglise_saint-herie.php\">St H\u00e9rie<\/a><br \/>Matha <a href=\"http:\/\/ch.lerolle.free.fr\/eglises17\/matha-marestay_eglise_saint-pierre.php\">St Pierre \u2013 Marestay<\/a><br \/>Matha Chapelle Notre Dame de la Providence<br \/>Mons <a href=\"http:\/\/ch.lerolle.free.fr\/eglises17\/mons_eglise_saint-sevrin.php\">St S\u00e9verin<\/a><br \/>Neuvicq le Ch\u00e2teau <a href=\"http:\/\/ch.lerolle.free.fr\/eglises17\/neuvicq-le-chateau_eglise_saint-martin.php\">St Martin<\/a><br \/>Prignac <a href=\"http:\/\/ch.lerolle.free.fr\/eglises17\/prignac_eglise_saint-pierre.php\">St Pierre<\/a><br \/>St Ouen la Th\u00e8ne<a href=\"http:\/\/ch.lerolle.free.fr\/eglises17\/saint-ouen-la-thene_eglise_saint-alban.php\"> St Alban<\/a><br \/>Siecq <a href=\"http:\/\/ch.lerolle.free.fr\/eglises17\/siecq_eglise_saint-julien.php\">St Julien<\/a><br \/>Sonnac<a href=\"http:\/\/ch.lerolle.free.fr\/eglises17\/sonnac_eglise_saint-etienne.php\"> St Etienne<\/a><br \/>Thors <a href=\"http:\/\/ch.lerolle.free.fr\/eglises17\/thors_eglise_sainte_madeleine.php\">Ste Madeleine<\/a><\/p>\n<p>[\/et_pb_text][\/et_pb_column][\/et_pb_row][\/et_pb_section]<\/p>\n","protected":false},"excerpt":{"rendered":"<p>Notre paroisse compte 26 \u00e9glises dont 10 sont class\u00e9es monument historique : Bagnizeau, Beauvais-sur-Matha, Cress\u00e9, Gourvillette, Haimps, Macqueville, Massac, Matha-Marestay, Matha-St H\u00e9rie, St Ouen la Th\u00e8ne. Cette page renvoie aux [&hellip;]<\/p>\n","protected":false},"author":4,"featured_media":0,"parent":6,"menu_order":0,"comment_status":"closed","ping_status":"closed","template":"","meta":{"_et_pb_use_builder":"on","_et_pb_old_content":"","_et_gb_content_width":"","footnotes":""},"class_list":["post-4949","page","type-page","status-publish","hentry"],"_links":{"self":[{"href":"https:\/\/catholiques17.fr\/matha\/wp-json\/wp\/v2\/pages\/4949","targetHints":{"allow":["GET"]}}],"collection":[{"href":"https:\/\/catholiques17.fr\/matha\/wp-json\/wp\/v2\/pages"}],"about":[{"href":"https:\/\/catholiques17.fr\/matha\/wp-json\/wp\/v2\/types\/page"}],"author":[{"embeddable":true,"href":"https:\/\/catholiques17.fr\/matha\/wp-json\/wp\/v2\/users\/4"}],"replies":[{"embeddable":true,"href":"https:\/\/catholiques17.fr\/matha\/wp-json\/wp\/v2\/comments?post=4949"}],"version-history":[{"count":2,"href":"https:\/\/catholiques17.fr\/matha\/wp-json\/wp\/v2\/pages\/4949\/revisions"}],"predecessor-version":[{"id":4952,"href":"https:\/\/catholiques17.fr\/matha\/wp-json\/wp\/v2\/pages\/4949\/revisions\/4952"}],"up":[{"embeddable":true,"href":"https:\/\/catholiques17.fr\/matha\/wp-json\/wp\/v2\/pages\/6"}],"wp:attachment":[{"href":"https:\/\/catholiques17.fr\/matha\/wp-json\/wp\/v2\/media?parent=4949"}],"curies":[{"name":"wp","href":"https:\/\/api.w.org\/{rel}","templated":true}]}}