{"id":4944,"date":"2021-03-24T10:51:50","date_gmt":"2021-03-24T09:51:50","guid":{"rendered":"https:\/\/catholiques17.fr\/matha\/?page_id=4944"},"modified":"2023-10-19T10:33:35","modified_gmt":"2023-10-19T08:33:35","slug":"mcr-mouvement-chretien-des-retraites","status":"publish","type":"page","link":"https:\/\/catholiques17.fr\/matha\/paroisse-matha\/mouvement-et-service\/mcr-mouvement-chretien-des-retraites\/","title":{"rendered":"MCR &#8211; Mouvement Chr\u00e9tien des Retrait\u00e9s"},"content":{"rendered":"\n<p class=\"has-vivid-cyan-blue-color has-text-color\"><strong>Le MCR , c\u2019est quoi ? <\/strong><\/p>\n\n\n\n<p>C\u2019est un Mouvement qui existe dans tous les dioc\u00e8ses de France. En juin 2023, il a f\u00eat\u00e9 ses 60 ans \u00e0 Lourdes \u2026<br><br>C\u2019est un lieu de rencontre o\u00f9 se retrouvent des personnes de tous les horizons sociaux de 60 \u00e0 95 ans, o\u00f9 l\u2019on peut s\u2019exprimer librement, nouer des relations, se faire des amis, rompre la solitude.<br><br>C\u2019est aussi un lieu de r\u00e9flexion o\u00f9 chacun vient parler de son exp\u00e9rience et o\u00f9 tous acceptent la libre confrontation des id\u00e9es et des sentiments.<\/p>\n\n\n\n<p class=\"has-vivid-cyan-blue-color has-text-color\"><strong>Comment \u00e7a se passe ?<\/strong><\/p>\n\n\n\n<p>Les r\u00e9unions mensuelles doivent \u00eatre des moments de parole et d\u2019\u00e9coute, d\u2019amiti\u00e9 et de confidences, sans jugement. On y apprend ensemble \u00e0 poser sur les \u00e9v\u00e8nements un deuxi\u00e8me regard que l\u2019on appelle \u00ab la relecture \u00bb qui nous invite \u00e0 voir comment J\u00e9sus les aurait vus bien au-del\u00e0 de nos propres mesquineries.<\/p>\n\n\n\n<p>Chacun peut, dans ces moments de rencontre, approfondir sa r\u00e9flexion spirituelle, dialoguer de mani\u00e8re enrichissante en s\u2019\u00e9levant au-dessus des constats d\u00e9sabus\u00e9s, des analyses courtes et des bilans mat\u00e9rialistes et retrouver ainsi les valeurs essentielles qui donnent sens \u00e0 la vie.<\/p>\n\n\n\n<p>Durant la pand\u00e9mie, le MCR a lutt\u00e9 contre l\u2019isolement par la cr\u00e9ation et la diffusion d\u2019un message quotidien fraternel, \u00ab\u00a0Le Clin d\u2019\u0153il\u00a0\u00bb (par Internet) puis \u00ab\u00a0La Minute\u00a0\u00bb (par t\u00e9l\u00e9phone et Internet) auxquels tous les membres ont \u00e9t\u00e9 invit\u00e9s \u00e0 participer.<\/p>\n\n\n\n<p>Tous les ans, un th\u00e8me d&rsquo;ann\u00e9e ; <br>&#8211; en 2020-2021 : la Sant\u00e9 &#8230; \u00e0 notre \u00e2ge quel d\u00e9fi !<br>&#8211; en 2021-2022 : allons vers les autres &#8230; La vie, c&rsquo;est l&rsquo;art de la rencontre<br>&#8211; en 2022-2023 :<br>&#8211; en 2023-2024 : Osons l&rsquo;avenir dans un monde incertain<\/p>\n\n\n\n<figure class=\"wp-block-gallery has-nested-images columns-default is-cropped wp-block-gallery-1 is-layout-flex wp-block-gallery-is-layout-flex\">\n<figure class=\"wp-block-image size-full\"><img loading=\"lazy\" decoding=\"async\" width=\"567\" height=\"800\" data-id=\"8660\" src=\"https:\/\/catholiques17.fr\/matha\/wp-content\/uploads\/sites\/15\/2023\/09\/Livret-2020-2021-1.jpg\" alt=\"\" class=\"wp-image-8660\" srcset=\"https:\/\/catholiques17.fr\/matha\/wp-content\/uploads\/sites\/15\/2023\/09\/Livret-2020-2021-1.jpg 567w, https:\/\/catholiques17.fr\/matha\/wp-content\/uploads\/sites\/15\/2023\/09\/Livret-2020-2021-1-480x677.jpg 480w\" sizes=\"(min-width: 0px) and (max-width: 480px) 480px, (min-width: 481px) 567px, 100vw\" \/><\/figure>\n\n\n\n<figure class=\"wp-block-image size-large\"><img loading=\"lazy\" decoding=\"async\" width=\"313\" height=\"436\" data-id=\"8656\" src=\"https:\/\/catholiques17.fr\/matha\/wp-content\/uploads\/sites\/15\/2023\/09\/Livret-2022-2023.jpg\" alt=\"\" class=\"wp-image-8656\" srcset=\"https:\/\/catholiques17.fr\/matha\/wp-content\/uploads\/sites\/15\/2023\/09\/Livret-2022-2023.jpg 313w, https:\/\/catholiques17.fr\/matha\/wp-content\/uploads\/sites\/15\/2023\/09\/Livret-2022-2023-215x300.jpg 215w\" sizes=\"(max-width: 313px) 100vw, 313px\" \/><\/figure>\n\n\n\n<figure class=\"wp-block-image size-full\"><img loading=\"lazy\" decoding=\"async\" width=\"567\" height=\"800\" data-id=\"8659\" src=\"https:\/\/catholiques17.fr\/matha\/wp-content\/uploads\/sites\/15\/2023\/09\/Livret-2023-2024-1.jpg\" alt=\"\" class=\"wp-image-8659\" srcset=\"https:\/\/catholiques17.fr\/matha\/wp-content\/uploads\/sites\/15\/2023\/09\/Livret-2023-2024-1.jpg 567w, https:\/\/catholiques17.fr\/matha\/wp-content\/uploads\/sites\/15\/2023\/09\/Livret-2023-2024-1-480x677.jpg 480w\" sizes=\"(min-width: 0px) and (max-width: 480px) 480px, (min-width: 481px) 567px, 100vw\" \/><\/figure>\n<\/figure>\n\n\n\n<p class=\"has-vivid-cyan-blue-color has-text-color\"><strong>Dans notre paroisse du Pays de Matha, deux \u00e9quipes se r\u00e9unissent r\u00e9guli\u00e8rement \u00e0 Matha et \u00e0 Beauvais-sur-Matha.<\/strong><\/p>\n\n\n\n<p>Des \u00e9quipes ouvertes, qu&rsquo;il est toujours possible de rejoindre, au moins \u00ab\u00a0pour voir\u00a0\u00bb &#8230;<\/p>\n\n\n\n<p>Contacts :<br>Matha : Bernadette Baudry T\u00e9l. 05 46 26 13 32<br>Beauvais : Anna Moreau T\u00e9l. 05 46 26 20 15<\/p>\n\n\n\n<p>Pour en savoir plus : <a href=\"https:\/\/mcr.asso.fr\/\">https:\/\/m<\/a><a href=\"https:\/\/mcr.asso.fr\/\" target=\"_blank\" rel=\"noreferrer noopener\">cr.asso.fr\/<\/a><\/p>\n","protected":false},"excerpt":{"rendered":"<p>Le MCR , c\u2019est quoi ? C\u2019est un Mouvement qui existe dans tous les dioc\u00e8ses de France. En juin 2023, il a f\u00eat\u00e9 ses 60 ans \u00e0 Lourdes \u2026 C\u2019est [&hellip;]<\/p>\n","protected":false},"author":20,"featured_media":5214,"parent":4942,"menu_order":0,"comment_status":"closed","ping_status":"closed","template":"","meta":{"_et_pb_use_builder":"off","_et_pb_old_content":"","_et_gb_content_width":"","footnotes":""},"class_list":["post-4944","page","type-page","status-publish","has-post-thumbnail","hentry"],"_links":{"self":[{"href":"https:\/\/catholiques17.fr\/matha\/wp-json\/wp\/v2\/pages\/4944","targetHints":{"allow":["GET"]}}],"collection":[{"href":"https:\/\/catholiques17.fr\/matha\/wp-json\/wp\/v2\/pages"}],"about":[{"href":"https:\/\/catholiques17.fr\/matha\/wp-json\/wp\/v2\/types\/page"}],"author":[{"embeddable":true,"href":"https:\/\/catholiques17.fr\/matha\/wp-json\/wp\/v2\/users\/20"}],"replies":[{"embeddable":true,"href":"https:\/\/catholiques17.fr\/matha\/wp-json\/wp\/v2\/comments?post=4944"}],"version-history":[{"count":10,"href":"https:\/\/catholiques17.fr\/matha\/wp-json\/wp\/v2\/pages\/4944\/revisions"}],"predecessor-version":[{"id":8748,"href":"https:\/\/catholiques17.fr\/matha\/wp-json\/wp\/v2\/pages\/4944\/revisions\/8748"}],"up":[{"embeddable":true,"href":"https:\/\/catholiques17.fr\/matha\/wp-json\/wp\/v2\/pages\/4942"}],"wp:featuredmedia":[{"embeddable":true,"href":"https:\/\/catholiques17.fr\/matha\/wp-json\/wp\/v2\/media\/5214"}],"wp:attachment":[{"href":"https:\/\/catholiques17.fr\/matha\/wp-json\/wp\/v2\/media?parent=4944"}],"curies":[{"name":"wp","href":"https:\/\/api.w.org\/{rel}","templated":true}]}}

MCR &#8211; Mouvement Chrétien des Retraités

<p class="has-vivid-cyan-blue-color has-text-color"><strong>Le MCR , c’est quoi ? </strong></p>



<p>C’est un Mouvement qui existe dans tous les diocèses de France. En juin 2023, il a fêté ses 60 ans à Lourdes …<br><br>C’est un lieu de rencontre où se retrouvent des personnes de tous les horizons sociaux de 60 à 95 ans, où l’on peut s’exprimer librement, nouer des relations, se faire des amis, rompre la solitude.<br><br>C’est aussi un lieu de réflexion où chacun vient parler de son expérience et où tous acceptent la libre confrontation des idées et des sentiments.</p>



<p class="has-vivid-cyan-blue-color has-text-color"><strong>Comment ça se passe ?</strong></p>



<p>Les réunions mensuelles doivent être des moments de parole et d’écoute, d’amitié et de confidences, sans jugement. On y apprend ensemble à poser sur les évènements un deuxième regard que l’on appelle « la relecture » qui nous invite à voir comment Jésus les aurait vus bien au-delà de nos propres mesquineries.</p>



<p>Chacun peut, dans ces moments de rencontre, approfondir sa réflexion spirituelle, dialoguer de manière enrichissante en s’élevant au-dessus des constats désabusés, des analyses courtes et des bilans matérialistes et retrouver ainsi les valeurs essentielles qui donnent sens à la vie.</p>



<p>Durant la pandémie, le MCR a lutté contre l’isolement par la création et la diffusion d’un message quotidien fraternel, « Le Clin d’œil » (par Internet) puis « La Minute » (par téléphone et Internet) auxquels tous les membres ont été invités à participer.</p>



<p>Tous les ans, un thème d&rsquo;année ; <br>&#8211; en 2020-2021 : la Santé &#8230; à notre âge quel défi !<br>&#8211; en 2021-2022 : allons vers les autres &#8230; La vie, c&rsquo;est l&rsquo;art de la rencontre<br>&#8211; en 2022-2023 :<br>&#8211; en 2023-2024 : Osons l&rsquo;avenir dans un monde incertain</p>



<figure class="wp-block-gallery has-nested-images columns-default is-cropped wp-block-gallery-1 is-layout-flex wp-block-gallery-is-layout-flex">
<figure class="wp-block-image size-full"><img loading="lazy" decoding="async" width="567" height="800" data-id="8660" src="https://catholiques17.fr/matha/wp-content/uploads/sites/15/2023/09/Livret-2020-2021-1.jpg" alt="" class="wp-image-8660" srcset="https://catholiques17.fr/matha/wp-content/uploads/sites/15/2023/09/Livret-2020-2021-1.jpg 567w, https://catholiques17.fr/matha/wp-content/uploads/sites/15/2023/09/Livret-2020-2021-1-480x677.jpg 480w" sizes="(min-width: 0px) and (max-width: 480px) 480px, (min-width: 481px) 567px, 100vw" /></figure>



<figure class="wp-block-image size-large"><img loading="lazy" decoding="async" width="313" height="436" data-id="8656" src="https://catholiques17.fr/matha/wp-content/uploads/sites/15/2023/09/Livret-2022-2023.jpg" alt="" class="wp-image-8656" srcset="https://catholiques17.fr/matha/wp-content/uploads/sites/15/2023/09/Livret-2022-2023.jpg 313w, https://catholiques17.fr/matha/wp-content/uploads/sites/15/2023/09/Livret-2022-2023-215x300.jpg 215w" sizes="(max-width: 313px) 100vw, 313px" /></figure>



<figure class="wp-block-image size-full"><img loading="lazy" decoding="async" width="567" height="800" data-id="8659" src="https://catholiques17.fr/matha/wp-content/uploads/sites/15/2023/09/Livret-2023-2024-1.jpg" alt="" class="wp-image-8659" srcset="https://catholiques17.fr/matha/wp-content/uploads/sites/15/2023/09/Livret-2023-2024-1.jpg 567w, https://catholiques17.fr/matha/wp-content/uploads/sites/15/2023/09/Livret-2023-2024-1-480x677.jpg 480w" sizes="(min-width: 0px) and (max-width: 480px) 480px, (min-width: 481px) 567px, 100vw" /></figure>
</figure>



<p class="has-vivid-cyan-blue-color has-text-color"><strong>Dans notre paroisse du Pays de Matha, deux équipes se réunissent régulièrement à Matha et à Beauvais-sur-Matha.</strong></p>



<p>Des équipes ouvertes, qu&rsquo;il est toujours possible de rejoindre, au moins « pour voir » &#8230;</p>



<p>Contacts :<br>Matha : Bernadette Baudry Tél. 05 46 26 13 32<br>Beauvais : Anna Moreau Tél. 05 46 26 20 15</p>



<p>Pour en savoir plus : <a href="https://mcr.asso.fr/">https://m</a><a href="https://mcr.asso.fr/" target="_blank" rel="noreferrer noopener">cr.asso.fr/</a></p>

<p>Le MCR , c’est quoi ? C’est un Mouvement qui existe dans tous les diocèses de France. En juin 2023, il a fêté ses 60 ans à Lourdes … C’est [&hellip;]</p>
