{"id":4937,"date":"2021-03-24T10:47:22","date_gmt":"2021-03-24T09:47:22","guid":{"rendered":"https:\/\/catholiques17.fr\/matha\/?page_id=4937"},"modified":"2021-03-24T10:50:34","modified_gmt":"2021-03-24T09:50:34","slug":"ccfd-terre-solidaire","status":"publish","type":"page","link":"https:\/\/catholiques17.fr\/matha\/paroisse-matha\/solidarite\/ccfd-terre-solidaire\/","title":{"rendered":"CCFD &#8211; Terre solidaire"},"content":{"rendered":"<p>[et_pb_section fb_built=\u00a0\u00bb1&Prime; _builder_version=\u00a0\u00bb4.9.2&Prime; _module_preset=\u00a0\u00bbdefault\u00a0\u00bb custom_padding=\u00a0\u00bb4px|||||\u00a0\u00bb][et_pb_row _builder_version=\u00a0\u00bb4.9.2&Prime; _module_preset=\u00a0\u00bbdefault\u00a0\u00bb][et_pb_column _builder_version=\u00a0\u00bb4.9.2&Prime; _module_preset=\u00a0\u00bbdefault\u00a0\u00bb type=\u00a0\u00bb4_4&Prime;][et_pb_image src=\u00a0\u00bbhttps:\/\/catholiques17.fr\/matha\/wp-content\/uploads\/sites\/15\/2021\/03\/CCFD-Terre-solidaire.png\u00a0\u00bb _builder_version=\u00a0\u00bb4.9.2&Prime; _module_preset=\u00a0\u00bbdefault\u00a0\u00bb title_text=\u00a0\u00bbCCFD-Terre-solidaire\u00a0\u00bb align=\u00a0\u00bbcenter\u00a0\u00bb hover_enabled=\u00a0\u00bb0&Prime; sticky_enabled=\u00a0\u00bb0&Prime;][\/et_pb_image][\/et_pb_column][\/et_pb_row][et_pb_row _builder_version=\u00a0\u00bb4.9.2&Prime; _module_preset=\u00a0\u00bbdefault\u00a0\u00bb custom_padding=\u00a0\u00bb7px|||||\u00a0\u00bb][et_pb_column _builder_version=\u00a0\u00bb4.9.2&Prime; _module_preset=\u00a0\u00bbdefault\u00a0\u00bb type=\u00a0\u00bb4_4&Prime;][et_pb_text _builder_version=\u00a0\u00bb4.9.2&Prime; _module_preset=\u00a0\u00bbdefault\u00a0\u00bb hover_enabled=\u00a0\u00bb0&Prime; sticky_enabled=\u00a0\u00bb0&Prime;]<\/p>\n<p><strong>Contacts:<\/strong><br \/>C\u00e9cile MEUNIER \u260f 06 84 50 31 36 @ meunier.cecile@wanadoo.fr<br \/>Annick BONNEAU \u260f <strong>05 46 59 98 90<\/strong><\/p>\n<p>\u00e0 Matha : Val\u00e9rie MAYEUR \u260f 06 13 58 23 05<\/p>\n<p>Le <strong>Comit\u00e9 catholique contre la faim et pour le d\u00e9veloppement <\/strong>&#8211; Terre Solidaire est la premi\u00e8re ONG de d\u00e9veloppement en France. Reconnue d\u2019utilit\u00e9 publique en 1984, l\u2019association a re\u00e7u en 1993 le label Grande Cause Nationale et a le statut de consultant aupr\u00e8s du Conseil \u00e9conomique et social des Nations unies. Depuis plus de 50 ans, le CCFD-Terre Solidaire est mobilis\u00e9 contre la faim dans le monde.<\/p>\n<p>Soutenir des actions locales dans les pays du Sud. Sensibiliser l\u2019opinion fran\u00e7aise \u00e0 la solidarit\u00e9 internationale. Agir sur les causes profondes de la pauvret\u00e9 par le plaidoyer.<\/p>\n<p>Pour en savoir plus cliquer i<a href=\"http:\/\/ccfd-terresolidaire.org\/qui-sommes-nous\/?canal=orixa_grants&amp;gclid=CNzFypSnyMsCFVRsGwodF0AAwA\">ci<\/a><\/p>\n<p>[\/et_pb_text][\/et_pb_column][\/et_pb_row][\/et_pb_section]<\/p>\n","protected":false},"excerpt":{"rendered":"<p>Contacts:C\u00e9cile MEUNIER \u260f 06 84 50 31 36 @ meunier.cecile@wanadoo.frAnnick BONNEAU \u260f 05 46 59 98 90 \u00e0 Matha : Val\u00e9rie MAYEUR \u260f 06 13 58 23 05 Le Comit\u00e9 [&hellip;]<\/p>\n","protected":false},"author":4,"featured_media":0,"parent":4927,"menu_order":0,"comment_status":"closed","ping_status":"closed","template":"","meta":{"_et_pb_use_builder":"on","_et_pb_old_content":"","_et_gb_content_width":"","footnotes":""},"class_list":["post-4937","page","type-page","status-publish","hentry"],"_links":{"self":[{"href":"https:\/\/catholiques17.fr\/matha\/wp-json\/wp\/v2\/pages\/4937","targetHints":{"allow":["GET"]}}],"collection":[{"href":"https:\/\/catholiques17.fr\/matha\/wp-json\/wp\/v2\/pages"}],"about":[{"href":"https:\/\/catholiques17.fr\/matha\/wp-json\/wp\/v2\/types\/page"}],"author":[{"embeddable":true,"href":"https:\/\/catholiques17.fr\/matha\/wp-json\/wp\/v2\/users\/4"}],"replies":[{"embeddable":true,"href":"https:\/\/catholiques17.fr\/matha\/wp-json\/wp\/v2\/comments?post=4937"}],"version-history":[{"count":2,"href":"https:\/\/catholiques17.fr\/matha\/wp-json\/wp\/v2\/pages\/4937\/revisions"}],"predecessor-version":[{"id":4941,"href":"https:\/\/catholiques17.fr\/matha\/wp-json\/wp\/v2\/pages\/4937\/revisions\/4941"}],"up":[{"embeddable":true,"href":"https:\/\/catholiques17.fr\/matha\/wp-json\/wp\/v2\/pages\/4927"}],"wp:attachment":[{"href":"https:\/\/catholiques17.fr\/matha\/wp-json\/wp\/v2\/media?parent=4937"}],"curies":[{"name":"wp","href":"https:\/\/api.w.org\/{rel}","templated":true}]}}

<p>[et_pb_section fb_built= »1&Prime; _builder_version= »4.9.2&Prime; _module_preset= »default » custom_padding= »4px||||| »][et_pb_row _builder_version= »4.9.2&Prime; _module_preset= »default »][et_pb_column _builder_version= »4.9.2&Prime; _module_preset= »default » type= »4_4&Prime;][et_pb_image src= »https://catholiques17.fr/matha/wp-content/uploads/sites/15/2021/03/CCFD-Terre-solidaire.png » _builder_version= »4.9.2&Prime; _module_preset= »default » title_text= »CCFD-Terre-solidaire » align= »center » hover_enabled= »0&Prime; sticky_enabled= »0&Prime;][/et_pb_image][/et_pb_column][/et_pb_row][et_pb_row _builder_version= »4.9.2&Prime; _module_preset= »default » custom_padding= »7px||||| »][et_pb_column _builder_version= »4.9.2&Prime; _module_preset= »default » type= »4_4&Prime;][et_pb_text _builder_version= »4.9.2&Prime; _module_preset= »default » hover_enabled= »0&Prime; sticky_enabled= »0&Prime;]</p>
<p><strong>Contacts:</strong><br />Cécile MEUNIER ☏ 06 84 50 31 36 @ meunier.cecile@wanadoo.fr<br />Annick BONNEAU ☏ <strong>05 46 59 98 90</strong></p>
<p>à Matha : Valérie MAYEUR ☏ 06 13 58 23 05</p>
<p>Le <strong>Comité catholique contre la faim et pour le développement </strong>&#8211; Terre Solidaire est la première ONG de développement en France. Reconnue d’utilité publique en 1984, l’association a reçu en 1993 le label Grande Cause Nationale et a le statut de consultant auprès du Conseil économique et social des Nations unies. Depuis plus de 50 ans, le CCFD-Terre Solidaire est mobilisé contre la faim dans le monde.</p>
<p>Soutenir des actions locales dans les pays du Sud. Sensibiliser l’opinion française à la solidarité internationale. Agir sur les causes profondes de la pauvreté par le plaidoyer.</p>
<p>Pour en savoir plus cliquer i<a href="http://ccfd-terresolidaire.org/qui-sommes-nous/?canal=orixa_grants&amp;gclid=CNzFypSnyMsCFVRsGwodF0AAwA">ci</a></p>
<p>[/et_pb_text][/et_pb_column][/et_pb_row][/et_pb_section]</p>

<p>Contacts:Cécile MEUNIER ☏ 06 84 50 31 36 @ meunier.cecile@wanadoo.frAnnick BONNEAU ☏ 05 46 59 98 90 à Matha : Valérie MAYEUR ☏ 06 13 58 23 05 Le Comité [&hellip;]</p>
