{"id":6517,"date":"2023-03-03T11:19:40","date_gmt":"2023-03-03T10:19:40","guid":{"rendered":"https:\/\/catholiques17.fr\/marie-eustelle\/?page_id=6517"},"modified":"2023-03-03T11:24:30","modified_gmt":"2023-03-03T10:24:30","slug":"prier-pour-la-beatification","status":"publish","type":"page","link":"https:\/\/catholiques17.fr\/marie-eustelle\/prier-pour-la-beatification\/","title":{"rendered":"Prier pour la b\u00e9atification"},"content":{"rendered":"<p>[et_pb_section fb_built=\u00a0\u00bb1&Prime; theme_builder_area=\u00a0\u00bbpost_content\u00a0\u00bb _builder_version=\u00a0\u00bb4.17.6&Prime; _module_preset=\u00a0\u00bbdefault\u00a0\u00bb][et_pb_row _builder_version=\u00a0\u00bb4.17.6&Prime; _module_preset=\u00a0\u00bbdefault\u00a0\u00bb theme_builder_area=\u00a0\u00bbpost_content\u00a0\u00bb column_structure=\u00a0\u00bb2_5,3_5&Prime;][et_pb_column _builder_version=\u00a0\u00bb4.17.6&Prime; _module_preset=\u00a0\u00bbdefault\u00a0\u00bb type=\u00a0\u00bb2_5&Prime; theme_builder_area=\u00a0\u00bbpost_content\u00a0\u00bb][et_pb_image src=\u00a0\u00bbhttps:\/\/catholiques17.fr\/marie-eustelle\/wp-content\/uploads\/sites\/35\/2023\/01\/tombe-au-cimetiere-st-pallais.jpg\u00a0\u00bb _builder_version=\u00a0\u00bb4.17.6&Prime; _module_preset=\u00a0\u00bbdefault\u00a0\u00bb theme_builder_area=\u00a0\u00bbpost_content\u00a0\u00bb title_text=\u00a0\u00bbtombe-au-cimetiere-st-pallais\u00a0\u00bb hover_enabled=\u00a0\u00bb0&Prime; sticky_enabled=\u00a0\u00bb0&Prime;][\/et_pb_image][\/et_pb_column][et_pb_column _builder_version=\u00a0\u00bb4.17.6&Prime; _module_preset=\u00a0\u00bbdefault\u00a0\u00bb type=\u00a0\u00bb3_5&Prime; theme_builder_area=\u00a0\u00bbpost_content\u00a0\u00bb][et_pb_text _builder_version=\u00a0\u00bb4.17.6&Prime; _module_preset=\u00a0\u00bbdefault\u00a0\u00bb theme_builder_area=\u00a0\u00bbpost_content\u00a0\u00bb hover_enabled=\u00a0\u00bb0&Prime; sticky_enabled=\u00a0\u00bb0&Prime;]<\/p>\n<p>Nous travaillons \u00e0 la cause de b\u00e9atification de Marie-Eustelle, pour qu&rsquo;elle soit un jour reconnue bienheureuse et propos\u00e9e en exemple aux chr\u00e9tiens du monde entier.<\/p>\n<p>Pour que cette cause progresse, nous avons besoin de vos pri\u00e8res. Vous pouvez m\u00eame vous engager \u00e0 prier r\u00e9guli\u00e8rement avec nous, en remplissant le formulaire ci-dessous.<\/p>\n<p>[\/et_pb_text][et_pb_cta title=\u00a0\u00bbPri\u00e8re pour la b\u00e9atification de Marie-Eustelle\u00a0\u00bb button_text=\u00a0\u00bbClics\u00a0\u00bb _builder_version=\u00a0\u00bb4.17.6&Prime; _module_preset=\u00a0\u00bbdefault\u00a0\u00bb background_color=\u00a0\u00bb#356D89&Prime; hover_enabled=\u00a0\u00bb0&Prime; global_colors_info=\u00a0\u00bb{}\u00a0\u00bb theme_builder_area=\u00a0\u00bbpost_content\u00a0\u00bb locked=\u00a0\u00bboff\u00a0\u00bb sticky_enabled=\u00a0\u00bb0&Prime;]<\/p>\n<p>Seigneur,<\/p>\n<p>Toi qui as guid\u00e9 et soutenu Marie-Eustelle dans ses combats spirituels, nous Te demandons, avec son aide, de soutenir et de garder dans la paix toutes les personnes qui oeuvreront pour sa b\u00e9atification et toutes celles qui les accompagneront par la pri\u00e8re. Pour la gloire de Dieu et le salut des \u00e2mes.<\/p>\n<p>Amen<\/p>\n<p>[\/et_pb_cta][\/et_pb_column][\/et_pb_row][et_pb_row _builder_version=\u00a0\u00bb4.17.6&Prime; _module_preset=\u00a0\u00bbdefault\u00a0\u00bb theme_builder_area=\u00a0\u00bbpost_content\u00a0\u00bb][et_pb_column _builder_version=\u00a0\u00bb4.17.6&Prime; _module_preset=\u00a0\u00bbdefault\u00a0\u00bb type=\u00a0\u00bb4_4&Prime; theme_builder_area=\u00a0\u00bbpost_content\u00a0\u00bb][et_pb_contact_form email=\u00a0\u00bbcommunication@diocese17.fr\u00a0\u00bb _builder_version=\u00a0\u00bb4.17.6&Prime; _module_preset=\u00a0\u00bbdefault\u00a0\u00bb _unique_id=\u00a0\u00bb8ddda371-5559-4b38-a3ae-f5c3ad527933&Prime; hover_enabled=\u00a0\u00bb0&Prime; locked=\u00a0\u00bboff\u00a0\u00bb global_colors_info=\u00a0\u00bb{}\u00a0\u00bb theme_builder_area=\u00a0\u00bbpost_content\u00a0\u00bb sticky_enabled=\u00a0\u00bb0&Prime;][et_pb_contact_field field_id=\u00a0\u00bbSujet\u00a0\u00bb field_title=\u00a0\u00bbSujet\u00a0\u00bb field_type=\u00a0\u00bbselect\u00a0\u00bb select_options=\u00a0\u00bb%91{%22value%22:%22Je veux m&rsquo;engager \u00e0 prier pour la b\u00e9atification%22,%22checked%22:0,%22dragID%22:1},{%22value%22:%22Autre sujet%22,%22checked%22:0,%22dragID%22:3}%93&Prime; fullwidth_field=\u00a0\u00bbon\u00a0\u00bb _builder_version=\u00a0\u00bb4.17.6&Prime; _module_preset=\u00a0\u00bbdefault\u00a0\u00bb hover_enabled=\u00a0\u00bb0&Prime; global_colors_info=\u00a0\u00bb{}\u00a0\u00bb theme_builder_area=\u00a0\u00bbpost_content\u00a0\u00bb sticky_enabled=\u00a0\u00bb0&Prime;][\/et_pb_contact_field][et_pb_contact_field field_id=\u00a0\u00bbNom\u00a0\u00bb field_title=\u00a0\u00bbMon nom\u00a0\u00bb fullwidth_field=\u00a0\u00bbon\u00a0\u00bb _builder_version=\u00a0\u00bb4.17.6&Prime; _module_preset=\u00a0\u00bbdefault\u00a0\u00bb global_colors_info=\u00a0\u00bb{}\u00a0\u00bb field_title__hover_enabled=\u00a0\u00bbon|desktop\u00a0\u00bb field_title__hover=\u00a0\u00bbMon nom\u00a0\u00bb theme_builder_area=\u00a0\u00bbpost_content\u00a0\u00bb][\/et_pb_contact_field][et_pb_contact_field field_id=\u00a0\u00bbMail\u00a0\u00bb field_title=\u00a0\u00bbAdresse mail\u00a0\u00bb fullwidth_field=\u00a0\u00bbon\u00a0\u00bb _builder_version=\u00a0\u00bb4.17.6&Prime; _module_preset=\u00a0\u00bbdefault\u00a0\u00bb global_colors_info=\u00a0\u00bb{}\u00a0\u00bb theme_builder_area=\u00a0\u00bbpost_content\u00a0\u00bb][\/et_pb_contact_field][et_pb_contact_field field_id=\u00a0\u00bbMessage\u00a0\u00bb field_title=\u00a0\u00bbMon message\u00a0\u00bb field_type=\u00a0\u00bbtext\u00a0\u00bb fullwidth_field=\u00a0\u00bbon\u00a0\u00bb _builder_version=\u00a0\u00bb4.17.6&Prime; global_colors_info=\u00a0\u00bb{}\u00a0\u00bb button_text_size__hover_enabled=\u00a0\u00bboff\u00a0\u00bb button_one_text_size__hover_enabled=\u00a0\u00bboff\u00a0\u00bb button_two_text_size__hover_enabled=\u00a0\u00bboff\u00a0\u00bb button_text_color__hover_enabled=\u00a0\u00bboff\u00a0\u00bb button_one_text_color__hover_enabled=\u00a0\u00bboff\u00a0\u00bb button_two_text_color__hover_enabled=\u00a0\u00bboff\u00a0\u00bb button_border_width__hover_enabled=\u00a0\u00bboff\u00a0\u00bb button_one_border_width__hover_enabled=\u00a0\u00bboff\u00a0\u00bb button_two_border_width__hover_enabled=\u00a0\u00bboff\u00a0\u00bb button_border_color__hover_enabled=\u00a0\u00bboff\u00a0\u00bb button_one_border_color__hover_enabled=\u00a0\u00bboff\u00a0\u00bb button_two_border_color__hover_enabled=\u00a0\u00bboff\u00a0\u00bb button_border_radius__hover_enabled=\u00a0\u00bboff\u00a0\u00bb button_one_border_radius__hover_enabled=\u00a0\u00bboff\u00a0\u00bb button_two_border_radius__hover_enabled=\u00a0\u00bboff\u00a0\u00bb button_letter_spacing__hover_enabled=\u00a0\u00bboff\u00a0\u00bb button_one_letter_spacing__hover_enabled=\u00a0\u00bboff\u00a0\u00bb button_two_letter_spacing__hover_enabled=\u00a0\u00bboff\u00a0\u00bb button_bg_color__hover_enabled=\u00a0\u00bboff\u00a0\u00bb button_one_bg_color__hover_enabled=\u00a0\u00bboff\u00a0\u00bb button_two_bg_color__hover_enabled=\u00a0\u00bboff\u00a0\u00bb theme_builder_area=\u00a0\u00bbpost_content\u00a0\u00bb][\/et_pb_contact_field][\/et_pb_contact_form][\/et_pb_column][\/et_pb_row][\/et_pb_section]<\/p>\n","protected":false},"excerpt":{"rendered":"<p>Nous travaillons \u00e0 la cause de b\u00e9atification de Marie-Eustelle, pour qu&rsquo;elle soit un jour reconnue bienheureuse et propos\u00e9e en exemple aux chr\u00e9tiens du monde entier. Pour que cette cause progresse, [&hellip;]<\/p>\n","protected":false},"author":41,"featured_media":0,"parent":0,"menu_order":0,"comment_status":"closed","ping_status":"closed","template":"","meta":{"_et_pb_use_builder":"on","_et_pb_old_content":"","_et_gb_content_width":"","footnotes":""},"class_list":["post-6517","page","type-page","status-publish","hentry"],"_links":{"self":[{"href":"https:\/\/catholiques17.fr\/marie-eustelle\/wp-json\/wp\/v2\/pages\/6517","targetHints":{"allow":["GET"]}}],"collection":[{"href":"https:\/\/catholiques17.fr\/marie-eustelle\/wp-json\/wp\/v2\/pages"}],"about":[{"href":"https:\/\/catholiques17.fr\/marie-eustelle\/wp-json\/wp\/v2\/types\/page"}],"author":[{"embeddable":true,"href":"https:\/\/catholiques17.fr\/marie-eustelle\/wp-json\/wp\/v2\/users\/41"}],"replies":[{"embeddable":true,"href":"https:\/\/catholiques17.fr\/marie-eustelle\/wp-json\/wp\/v2\/comments?post=6517"}],"version-history":[{"count":3,"href":"https:\/\/catholiques17.fr\/marie-eustelle\/wp-json\/wp\/v2\/pages\/6517\/revisions"}],"predecessor-version":[{"id":6530,"href":"https:\/\/catholiques17.fr\/marie-eustelle\/wp-json\/wp\/v2\/pages\/6517\/revisions\/6530"}],"wp:attachment":[{"href":"https:\/\/catholiques17.fr\/marie-eustelle\/wp-json\/wp\/v2\/media?parent=6517"}],"curies":[{"name":"wp","href":"https:\/\/api.w.org\/{rel}","templated":true}]}}

Prier pour la béatification

<p>[et_pb_section fb_built= »1&Prime; theme_builder_area= »post_content » _builder_version= »4.17.6&Prime; _module_preset= »default »][et_pb_row _builder_version= »4.17.6&Prime; _module_preset= »default » theme_builder_area= »post_content » column_structure= »2_5,3_5&Prime;][et_pb_column _builder_version= »4.17.6&Prime; _module_preset= »default » type= »2_5&Prime; theme_builder_area= »post_content »][et_pb_image src= »https://catholiques17.fr/marie-eustelle/wp-content/uploads/sites/35/2023/01/tombe-au-cimetiere-st-pallais.jpg » _builder_version= »4.17.6&Prime; _module_preset= »default » theme_builder_area= »post_content » title_text= »tombe-au-cimetiere-st-pallais » hover_enabled= »0&Prime; sticky_enabled= »0&Prime;][/et_pb_image][/et_pb_column][et_pb_column _builder_version= »4.17.6&Prime; _module_preset= »default » type= »3_5&Prime; theme_builder_area= »post_content »][et_pb_text _builder_version= »4.17.6&Prime; _module_preset= »default » theme_builder_area= »post_content » hover_enabled= »0&Prime; sticky_enabled= »0&Prime;]</p>
<p>Nous travaillons à la cause de béatification de Marie-Eustelle, pour qu&rsquo;elle soit un jour reconnue bienheureuse et proposée en exemple aux chrétiens du monde entier.</p>
<p>Pour que cette cause progresse, nous avons besoin de vos prières. Vous pouvez même vous engager à prier régulièrement avec nous, en remplissant le formulaire ci-dessous.</p>
<p>[/et_pb_text][et_pb_cta title= »Prière pour la béatification de Marie-Eustelle » button_text= »Clics » _builder_version= »4.17.6&Prime; _module_preset= »default » background_color= »#356D89&Prime; hover_enabled= »0&Prime; global_colors_info= »{} » theme_builder_area= »post_content » locked= »off » sticky_enabled= »0&Prime;]</p>
<p>Seigneur,</p>
<p>Toi qui as guidé et soutenu Marie-Eustelle dans ses combats spirituels, nous Te demandons, avec son aide, de soutenir et de garder dans la paix toutes les personnes qui oeuvreront pour sa béatification et toutes celles qui les accompagneront par la prière. Pour la gloire de Dieu et le salut des âmes.</p>
<p>Amen</p>
<p>[/et_pb_cta][/et_pb_column][/et_pb_row][et_pb_row _builder_version= »4.17.6&Prime; _module_preset= »default » theme_builder_area= »post_content »][et_pb_column _builder_version= »4.17.6&Prime; _module_preset= »default » type= »4_4&Prime; theme_builder_area= »post_content »][et_pb_contact_form email= »communication@diocese17.fr » _builder_version= »4.17.6&Prime; _module_preset= »default » _unique_id= »8ddda371-5559-4b38-a3ae-f5c3ad527933&Prime; hover_enabled= »0&Prime; locked= »off » global_colors_info= »{} » theme_builder_area= »post_content » sticky_enabled= »0&Prime;][et_pb_contact_field field_id= »Sujet » field_title= »Sujet » field_type= »select » select_options= »%91{%22value%22:%22Je veux m&rsquo;engager à prier pour la béatification%22,%22checked%22:0,%22dragID%22:1},{%22value%22:%22Autre sujet%22,%22checked%22:0,%22dragID%22:3}%93&Prime; fullwidth_field= »on » _builder_version= »4.17.6&Prime; _module_preset= »default » hover_enabled= »0&Prime; global_colors_info= »{} » theme_builder_area= »post_content » sticky_enabled= »0&Prime;][/et_pb_contact_field][et_pb_contact_field field_id= »Nom » field_title= »Mon nom » fullwidth_field= »on » _builder_version= »4.17.6&Prime; _module_preset= »default » global_colors_info= »{} » field_title__hover_enabled= »on|desktop » field_title__hover= »Mon nom » theme_builder_area= »post_content »][/et_pb_contact_field][et_pb_contact_field field_id= »Mail » field_title= »Adresse mail » fullwidth_field= »on » _builder_version= »4.17.6&Prime; _module_preset= »default » global_colors_info= »{} » theme_builder_area= »post_content »][/et_pb_contact_field][et_pb_contact_field field_id= »Message » field_title= »Mon message » field_type= »text » fullwidth_field= »on » _builder_version= »4.17.6&Prime; global_colors_info= »{} » button_text_size__hover_enabled= »off » button_one_text_size__hover_enabled= »off » button_two_text_size__hover_enabled= »off » button_text_color__hover_enabled= »off » button_one_text_color__hover_enabled= »off » button_two_text_color__hover_enabled= »off » button_border_width__hover_enabled= »off » button_one_border_width__hover_enabled= »off » button_two_border_width__hover_enabled= »off » button_border_color__hover_enabled= »off » button_one_border_color__hover_enabled= »off » button_two_border_color__hover_enabled= »off » button_border_radius__hover_enabled= »off » button_one_border_radius__hover_enabled= »off » button_two_border_radius__hover_enabled= »off » button_letter_spacing__hover_enabled= »off » button_one_letter_spacing__hover_enabled= »off » button_two_letter_spacing__hover_enabled= »off » button_bg_color__hover_enabled= »off » button_one_bg_color__hover_enabled= »off » button_two_bg_color__hover_enabled= »off » theme_builder_area= »post_content »][/et_pb_contact_field][/et_pb_contact_form][/et_pb_column][/et_pb_row][/et_pb_section]</p>

<p>Nous travaillons à la cause de béatification de Marie-Eustelle, pour qu&rsquo;elle soit un jour reconnue bienheureuse et proposée en exemple aux chrétiens du monde entier. Pour que cette cause progresse, [&hellip;]</p>
