{"id":6493,"date":"2023-03-03T10:22:10","date_gmt":"2023-03-03T09:22:10","guid":{"rendered":"https:\/\/catholiques17.fr\/marie-eustelle\/?page_id=6493"},"modified":"2023-03-03T10:22:11","modified_gmt":"2023-03-03T09:22:11","slug":"marie-eustelle-aujourdhui","status":"publish","type":"page","link":"https:\/\/catholiques17.fr\/marie-eustelle\/marie-eustelle-aujourdhui\/","title":{"rendered":"Marie-Eustelle aujourd&rsquo;hui"},"content":{"rendered":"<p>[et_pb_section fb_built=\u00a0\u00bb1&Prime; theme_builder_area=\u00a0\u00bbpost_content\u00a0\u00bb _builder_version=\u00a0\u00bb4.17.6&Prime; _module_preset=\u00a0\u00bbdefault\u00a0\u00bb][et_pb_row _builder_version=\u00a0\u00bb4.17.6&Prime; _module_preset=\u00a0\u00bbdefault\u00a0\u00bb theme_builder_area=\u00a0\u00bbpost_content\u00a0\u00bb][et_pb_column _builder_version=\u00a0\u00bb4.17.6&Prime; _module_preset=\u00a0\u00bbdefault\u00a0\u00bb type=\u00a0\u00bb4_4&Prime; theme_builder_area=\u00a0\u00bbpost_content\u00a0\u00bb][et_pb_slider _builder_version=\u00a0\u00bb4.17.6&Prime; _module_preset=\u00a0\u00bbdefault\u00a0\u00bb theme_builder_area=\u00a0\u00bbpost_content\u00a0\u00bb background_color=\u00a0\u00bb#356D89&Prime; hover_enabled=\u00a0\u00bb0&Prime; sticky_enabled=\u00a0\u00bb0&Prime;][et_pb_slide heading=\u00a0\u00bbQue peut nous apprendre Marie-Eustelle ?\u00a0\u00bb button_text=\u00a0\u00bbLire l&rsquo;article\u00a0\u00bb _builder_version=\u00a0\u00bb4.17.6&Prime; _module_preset=\u00a0\u00bbdefault\u00a0\u00bb theme_builder_area=\u00a0\u00bbpost_content\u00a0\u00bb button_link=\u00a0\u00bbhttps:\/\/catholiques17.fr\/marie-eustelle\/marie-eustelle-pour-aujourdhui\u00a0\u00bb hover_enabled=\u00a0\u00bb0&Prime; sticky_enabled=\u00a0\u00bb0&Prime;]<\/p>\n<p>Pr\u00e8s de 200 ans apr\u00e8s sa mort, que peut nous apprendre cette jeune femme, ling\u00e8re, la\u00efque ?\u00a0<\/p>\n<p>[\/et_pb_slide][et_pb_slide heading=\u00a0\u00bbLa cause de b\u00e9atification\u00a0\u00bb button_text=\u00a0\u00bbLire l&rsquo;article\u00a0\u00bb _builder_version=\u00a0\u00bb4.17.6&Prime; _module_preset=\u00a0\u00bbdefault\u00a0\u00bb theme_builder_area=\u00a0\u00bbpost_content\u00a0\u00bb button_link=\u00a0\u00bbhttps:\/\/catholiques17.fr\/marie-eustelle\/la-cause-de-beatification\/\u00a0\u00bb hover_enabled=\u00a0\u00bb0&Prime; sticky_enabled=\u00a0\u00bb0&Prime;]<\/p>\n<p>Qu&rsquo;est-ce qu&rsquo;un saint, un bienheureux ? Comment le devient-on ? Qui sont les acteurs de la b\u00e9atification ?<\/p>\n<p>[\/et_pb_slide][et_pb_slide heading=\u00a0\u00bbQu&rsquo;est-ce que la saintet\u00e9 ?\u00a0\u00bb button_text=\u00a0\u00bbLire la lettre %22Gaudete et Exsultate%22&Prime; _builder_version=\u00a0\u00bb4.17.6&Prime; _module_preset=\u00a0\u00bbdefault\u00a0\u00bb theme_builder_area=\u00a0\u00bbpost_content\u00a0\u00bb button_link=\u00a0\u00bbhttps:\/\/catholiques17.fr\/marie-eustelle\/gaudete-et-exsultate-lappel-a-la-saintete-du-pape-francois\/\u00a0\u00bb hover_enabled=\u00a0\u00bb0&Prime; sticky_enabled=\u00a0\u00bb0&Prime;]<\/p>\n<p>Avec le pape Fran\u00e7ois, d\u00e9couvrez l&rsquo;appel \u00e0 la saintet\u00e9 qui est lanc\u00e9 \u00e0 tous les chr\u00e9tiens.<\/p>\n<p>[\/et_pb_slide][\/et_pb_slider][\/et_pb_column][\/et_pb_row][\/et_pb_section]<\/p>\n","protected":false},"excerpt":{"rendered":"<p>Pr\u00e8s de 200 ans apr\u00e8s sa mort, que peut nous apprendre cette jeune femme, ling\u00e8re, la\u00efque ?\u00a0Qu&rsquo;est-ce qu&rsquo;un saint, un bienheureux ? Comment le devient-on ? Qui sont les acteurs [&hellip;]<\/p>\n","protected":false},"author":41,"featured_media":0,"parent":0,"menu_order":0,"comment_status":"closed","ping_status":"closed","template":"","meta":{"_et_pb_use_builder":"on","_et_pb_old_content":"","_et_gb_content_width":"","footnotes":""},"class_list":["post-6493","page","type-page","status-publish","hentry"],"_links":{"self":[{"href":"https:\/\/catholiques17.fr\/marie-eustelle\/wp-json\/wp\/v2\/pages\/6493","targetHints":{"allow":["GET"]}}],"collection":[{"href":"https:\/\/catholiques17.fr\/marie-eustelle\/wp-json\/wp\/v2\/pages"}],"about":[{"href":"https:\/\/catholiques17.fr\/marie-eustelle\/wp-json\/wp\/v2\/types\/page"}],"author":[{"embeddable":true,"href":"https:\/\/catholiques17.fr\/marie-eustelle\/wp-json\/wp\/v2\/users\/41"}],"replies":[{"embeddable":true,"href":"https:\/\/catholiques17.fr\/marie-eustelle\/wp-json\/wp\/v2\/comments?post=6493"}],"version-history":[{"count":2,"href":"https:\/\/catholiques17.fr\/marie-eustelle\/wp-json\/wp\/v2\/pages\/6493\/revisions"}],"predecessor-version":[{"id":6500,"href":"https:\/\/catholiques17.fr\/marie-eustelle\/wp-json\/wp\/v2\/pages\/6493\/revisions\/6500"}],"wp:attachment":[{"href":"https:\/\/catholiques17.fr\/marie-eustelle\/wp-json\/wp\/v2\/media?parent=6493"}],"curies":[{"name":"wp","href":"https:\/\/api.w.org\/{rel}","templated":true}]}}

<p>[et_pb_section fb_built= »1&Prime; theme_builder_area= »post_content » _builder_version= »4.17.6&Prime; _module_preset= »default »][et_pb_row _builder_version= »4.17.6&Prime; _module_preset= »default » theme_builder_area= »post_content »][et_pb_column _builder_version= »4.17.6&Prime; _module_preset= »default » type= »4_4&Prime; theme_builder_area= »post_content »][et_pb_slider _builder_version= »4.17.6&Prime; _module_preset= »default » theme_builder_area= »post_content » background_color= »#356D89&Prime; hover_enabled= »0&Prime; sticky_enabled= »0&Prime;][et_pb_slide heading= »Que peut nous apprendre Marie-Eustelle ? » button_text= »Lire l&rsquo;article » _builder_version= »4.17.6&Prime; _module_preset= »default » theme_builder_area= »post_content » button_link= »https://catholiques17.fr/marie-eustelle/marie-eustelle-pour-aujourdhui » hover_enabled= »0&Prime; sticky_enabled= »0&Prime;]</p>
<p>Près de 200 ans après sa mort, que peut nous apprendre cette jeune femme, lingère, laïque ? </p>
<p>[/et_pb_slide][et_pb_slide heading= »La cause de béatification » button_text= »Lire l&rsquo;article » _builder_version= »4.17.6&Prime; _module_preset= »default » theme_builder_area= »post_content » button_link= »https://catholiques17.fr/marie-eustelle/la-cause-de-beatification/ » hover_enabled= »0&Prime; sticky_enabled= »0&Prime;]</p>
<p>Qu&rsquo;est-ce qu&rsquo;un saint, un bienheureux ? Comment le devient-on ? Qui sont les acteurs de la béatification ?</p>
<p>[/et_pb_slide][et_pb_slide heading= »Qu&rsquo;est-ce que la sainteté ? » button_text= »Lire la lettre %22Gaudete et Exsultate%22&Prime; _builder_version= »4.17.6&Prime; _module_preset= »default » theme_builder_area= »post_content » button_link= »https://catholiques17.fr/marie-eustelle/gaudete-et-exsultate-lappel-a-la-saintete-du-pape-francois/ » hover_enabled= »0&Prime; sticky_enabled= »0&Prime;]</p>
<p>Avec le pape François, découvrez l&rsquo;appel à la sainteté qui est lancé à tous les chrétiens.</p>
<p>[/et_pb_slide][/et_pb_slider][/et_pb_column][/et_pb_row][/et_pb_section]</p>

<p>Près de 200 ans après sa mort, que peut nous apprendre cette jeune femme, lingère, laïque ? Qu&rsquo;est-ce qu&rsquo;un saint, un bienheureux ? Comment le devient-on ? Qui sont les acteurs [&hellip;]</p>
