{"id":6437,"date":"2023-02-21T14:57:01","date_gmt":"2023-02-21T13:57:01","guid":{"rendered":"https:\/\/catholiques17.fr\/marie-eustelle\/?page_id=6437"},"modified":"2023-04-27T17:57:40","modified_gmt":"2023-04-27T15:57:40","slug":"aidez-nous","status":"publish","type":"page","link":"https:\/\/catholiques17.fr\/marie-eustelle\/aidez-nous\/","title":{"rendered":"Aidez-nous !"},"content":{"rendered":"<p>[et_pb_section fb_built=\u00a0\u00bb1&Prime; _builder_version=\u00a0\u00bb4.17.6&Prime; _module_preset=\u00a0\u00bbdefault\u00a0\u00bb global_colors_info=\u00a0\u00bb{}\u00a0\u00bb theme_builder_area=\u00a0\u00bbpost_content\u00a0\u00bb][et_pb_row _builder_version=\u00a0\u00bb4.17.6&Prime; _module_preset=\u00a0\u00bbdefault\u00a0\u00bb global_colors_info=\u00a0\u00bb{}\u00a0\u00bb theme_builder_area=\u00a0\u00bbpost_content\u00a0\u00bb][et_pb_column type=\u00a0\u00bb4_4&Prime; _builder_version=\u00a0\u00bb4.17.6&Prime; _module_preset=\u00a0\u00bbdefault\u00a0\u00bb global_colors_info=\u00a0\u00bb{}\u00a0\u00bb theme_builder_area=\u00a0\u00bbpost_content\u00a0\u00bb][et_pb_text _builder_version=\u00a0\u00bb4.17.6&Prime; _module_preset=\u00a0\u00bbdefault\u00a0\u00bb global_colors_info=\u00a0\u00bb{}\u00a0\u00bb theme_builder_area=\u00a0\u00bbpost_content\u00a0\u00bb]<\/p>\n<p>Pour faire conna\u00eetre Marie-Eustelle, sa vie, son amour pour le Christ, vous pouvez nous aider !<\/p>\n<p>[\/et_pb_text][\/et_pb_column][\/et_pb_row][et_pb_row _builder_version=\u00a0\u00bb4.17.6&Prime; _module_preset=\u00a0\u00bbdefault\u00a0\u00bb global_colors_info=\u00a0\u00bb{}\u00a0\u00bb theme_builder_area=\u00a0\u00bbpost_content\u00a0\u00bb][et_pb_column type=\u00a0\u00bb4_4&Prime; _builder_version=\u00a0\u00bb4.17.6&Prime; _module_preset=\u00a0\u00bbdefault\u00a0\u00bb global_colors_info=\u00a0\u00bb{}\u00a0\u00bb theme_builder_area=\u00a0\u00bbpost_content\u00a0\u00bb][et_pb_cta title=\u00a0\u00bbEn priant et en nous rejoignant\u00a0\u00bb button_url=\u00a0\u00bbhttps:\/\/catholiques17.fr\/marie-eustelle\/prier-avec-marie-eustelle\/\u00a0\u00bb button_text=\u00a0\u00bbPrier avec Marie-Eustelle\u00a0\u00bb _builder_version=\u00a0\u00bb4.17.6&Prime; _module_preset=\u00a0\u00bbdefault\u00a0\u00bb background_color=\u00a0\u00bb#508a82&Prime; global_colors_info=\u00a0\u00bb{}\u00a0\u00bb theme_builder_area=\u00a0\u00bbpost_content\u00a0\u00bb]<\/p>\n<p>Vous pouvez prier avec tout le dioc\u00e8se pour que Marie-Eustelle soit un jour reconnue bienheureuse, et donn\u00e9e comme mod\u00e8les aux jeunes, aux la\u00efcs, aux priants et \u00e0 toute l&rsquo;Eglise !<\/p>\n<p>Vous pouvez confier \u00e0 l&rsquo;intercession de Marie-Eustelle ceux que vous aimez, en particulier les jeunes, les malades, ceux qui ont besoin de se convertir&#8230;<\/p>\n<p>Vous pouvez rejoindre l&rsquo;\u00e9quipe qui travaille \u00e0 faire conna\u00eetre Marie-Eustelle.<\/p>\n<p>[\/et_pb_cta][et_pb_cta title=\u00a0\u00bbEn cherchant dans vos archives\u00a0\u00bb button_url=\u00a0\u00bbhttps:\/\/catholiques17.fr\/marie-eustelle\/decouvrir__trashed\/infos-pratiques\/\u00a0\u00bb button_text=\u00a0\u00bbContactez-nous !\u00a0\u00bb _builder_version=\u00a0\u00bb4.17.6&Prime; _module_preset=\u00a0\u00bbdefault\u00a0\u00bb background_color=\u00a0\u00bb#508a82&Prime; global_colors_info=\u00a0\u00bb{}\u00a0\u00bb theme_builder_area=\u00a0\u00bbpost_content\u00a0\u00bb]<\/p>\n<p>Marie-Eustelle a \u00e9crit de nombreuses lettres au cours de sa vie. Si vous habitez la r\u00e9gion de Saintes ou de La Rochelle, peut-\u00eatre avez-vous des souvenirs de famille dans votre grenier ? Vos arri\u00e8re-grands-parents ont peut-\u00eatre connu Marie-Eustelle, ont peut-\u00eatre re\u00e7u ses courriers ? Dans ce cas, nous sommes tr\u00e8s int\u00e9ress\u00e9s pour consulter ou num\u00e9riser ces archives historiques.<\/p>\n<p>Peut-\u00eatre avez-vous simplement des livres sur Marie-Eustelle : ses \u00e9crits publi\u00e9s au XIXe si\u00e8cle, des livres qui parlent d&rsquo;elle&#8230; Cela nous int\u00e9resse \u00e9galement !<\/p>\n<p>[\/et_pb_cta][et_pb_cta title=\u00a0\u00bbEn faisant un don\u00a0\u00bb button_url=\u00a0\u00bbhttps:\/\/donnons-catholiques17.fr\/projets\/\u00a0\u00bb button_text=\u00a0\u00bbJe fais un don\u00a0\u00bb _builder_version=\u00a0\u00bb4.17.6&Prime; _module_preset=\u00a0\u00bbdefault\u00a0\u00bb background_color=\u00a0\u00bb#508a82&Prime; hover_enabled=\u00a0\u00bb0&Prime; global_colors_info=\u00a0\u00bb{}\u00a0\u00bb theme_builder_area=\u00a0\u00bbpost_content\u00a0\u00bb sticky_enabled=\u00a0\u00bb0&Prime;]<\/p>\n<p>Pour couvrir les frais de la cause de b\u00e9atification, vous pouvez nous aider en faisant un don au dioc\u00e8se de La Rochelle qui porte ce dossier.<\/p>\n<p>[\/et_pb_cta][\/et_pb_column][\/et_pb_row][\/et_pb_section]<\/p>\n","protected":false},"excerpt":{"rendered":"<p>Pour faire conna\u00eetre Marie-Eustelle, sa vie, son amour pour le Christ, vous pouvez nous aider !Vous pouvez prier avec tout le dioc\u00e8se pour que Marie-Eustelle soit un jour reconnue bienheureuse, [&hellip;]<\/p>\n","protected":false},"author":41,"featured_media":0,"parent":0,"menu_order":0,"comment_status":"closed","ping_status":"closed","template":"","meta":{"_et_pb_use_builder":"on","_et_pb_old_content":"","_et_gb_content_width":"","footnotes":""},"class_list":["post-6437","page","type-page","status-publish","hentry"],"_links":{"self":[{"href":"https:\/\/catholiques17.fr\/marie-eustelle\/wp-json\/wp\/v2\/pages\/6437","targetHints":{"allow":["GET"]}}],"collection":[{"href":"https:\/\/catholiques17.fr\/marie-eustelle\/wp-json\/wp\/v2\/pages"}],"about":[{"href":"https:\/\/catholiques17.fr\/marie-eustelle\/wp-json\/wp\/v2\/types\/page"}],"author":[{"embeddable":true,"href":"https:\/\/catholiques17.fr\/marie-eustelle\/wp-json\/wp\/v2\/users\/41"}],"replies":[{"embeddable":true,"href":"https:\/\/catholiques17.fr\/marie-eustelle\/wp-json\/wp\/v2\/comments?post=6437"}],"version-history":[{"count":8,"href":"https:\/\/catholiques17.fr\/marie-eustelle\/wp-json\/wp\/v2\/pages\/6437\/revisions"}],"predecessor-version":[{"id":6567,"href":"https:\/\/catholiques17.fr\/marie-eustelle\/wp-json\/wp\/v2\/pages\/6437\/revisions\/6567"}],"wp:attachment":[{"href":"https:\/\/catholiques17.fr\/marie-eustelle\/wp-json\/wp\/v2\/media?parent=6437"}],"curies":[{"name":"wp","href":"https:\/\/api.w.org\/{rel}","templated":true}]}}

<p>[et_pb_section fb_built= »1&Prime; _builder_version= »4.17.6&Prime; _module_preset= »default » global_colors_info= »{} » theme_builder_area= »post_content »][et_pb_row _builder_version= »4.17.6&Prime; _module_preset= »default » global_colors_info= »{} » theme_builder_area= »post_content »][et_pb_column type= »4_4&Prime; _builder_version= »4.17.6&Prime; _module_preset= »default » global_colors_info= »{} » theme_builder_area= »post_content »][et_pb_text _builder_version= »4.17.6&Prime; _module_preset= »default » global_colors_info= »{} » theme_builder_area= »post_content »]</p>
<p>Pour faire connaître Marie-Eustelle, sa vie, son amour pour le Christ, vous pouvez nous aider !</p>
<p>[/et_pb_text][/et_pb_column][/et_pb_row][et_pb_row _builder_version= »4.17.6&Prime; _module_preset= »default » global_colors_info= »{} » theme_builder_area= »post_content »][et_pb_column type= »4_4&Prime; _builder_version= »4.17.6&Prime; _module_preset= »default » global_colors_info= »{} » theme_builder_area= »post_content »][et_pb_cta title= »En priant et en nous rejoignant » button_url= »https://catholiques17.fr/marie-eustelle/prier-avec-marie-eustelle/ » button_text= »Prier avec Marie-Eustelle » _builder_version= »4.17.6&Prime; _module_preset= »default » background_color= »#508a82&Prime; global_colors_info= »{} » theme_builder_area= »post_content »]</p>
<p>Vous pouvez prier avec tout le diocèse pour que Marie-Eustelle soit un jour reconnue bienheureuse, et donnée comme modèles aux jeunes, aux laïcs, aux priants et à toute l&rsquo;Eglise !</p>
<p>Vous pouvez confier à l&rsquo;intercession de Marie-Eustelle ceux que vous aimez, en particulier les jeunes, les malades, ceux qui ont besoin de se convertir&#8230;</p>
<p>Vous pouvez rejoindre l&rsquo;équipe qui travaille à faire connaître Marie-Eustelle.</p>
<p>[/et_pb_cta][et_pb_cta title= »En cherchant dans vos archives » button_url= »https://catholiques17.fr/marie-eustelle/decouvrir__trashed/infos-pratiques/ » button_text= »Contactez-nous ! » _builder_version= »4.17.6&Prime; _module_preset= »default » background_color= »#508a82&Prime; global_colors_info= »{} » theme_builder_area= »post_content »]</p>
<p>Marie-Eustelle a écrit de nombreuses lettres au cours de sa vie. Si vous habitez la région de Saintes ou de La Rochelle, peut-être avez-vous des souvenirs de famille dans votre grenier ? Vos arrière-grands-parents ont peut-être connu Marie-Eustelle, ont peut-être reçu ses courriers ? Dans ce cas, nous sommes très intéressés pour consulter ou numériser ces archives historiques.</p>
<p>Peut-être avez-vous simplement des livres sur Marie-Eustelle : ses écrits publiés au XIXe siècle, des livres qui parlent d&rsquo;elle&#8230; Cela nous intéresse également !</p>
<p>[/et_pb_cta][et_pb_cta title= »En faisant un don » button_url= »https://donnons-catholiques17.fr/projets/ » button_text= »Je fais un don » _builder_version= »4.17.6&Prime; _module_preset= »default » background_color= »#508a82&Prime; hover_enabled= »0&Prime; global_colors_info= »{} » theme_builder_area= »post_content » sticky_enabled= »0&Prime;]</p>
<p>Pour couvrir les frais de la cause de béatification, vous pouvez nous aider en faisant un don au diocèse de La Rochelle qui porte ce dossier.</p>
<p>[/et_pb_cta][/et_pb_column][/et_pb_row][/et_pb_section]</p>

<p>Pour faire connaître Marie-Eustelle, sa vie, son amour pour le Christ, vous pouvez nous aider !Vous pouvez prier avec tout le diocèse pour que Marie-Eustelle soit un jour reconnue bienheureuse, [&hellip;]</p>
