{"id":6405,"date":"2023-02-21T14:10:38","date_gmt":"2023-02-21T13:10:38","guid":{"rendered":"https:\/\/catholiques17.fr\/marie-eustelle\/?page_id=6405"},"modified":"2026-02-16T08:53:59","modified_gmt":"2026-02-16T07:53:59","slug":"la-vie-de-marie-eustelle","status":"publish","type":"page","link":"https:\/\/catholiques17.fr\/marie-eustelle\/la-vie-de-marie-eustelle\/","title":{"rendered":"La vie de Marie-Eustelle"},"content":{"rendered":"<p>[et_pb_section fb_built=\u00a0\u00bb1&Prime; _builder_version=\u00a0\u00bb4.17.6&Prime; _module_preset=\u00a0\u00bbdefault\u00a0\u00bb locked=\u00a0\u00bboff\u00a0\u00bb global_colors_info=\u00a0\u00bb{}\u00a0\u00bb theme_builder_area=\u00a0\u00bbpost_content\u00a0\u00bb][et_pb_row _builder_version=\u00a0\u00bb4.17.6&Prime; _module_preset=\u00a0\u00bbdefault\u00a0\u00bb global_colors_info=\u00a0\u00bb{}\u00a0\u00bb theme_builder_area=\u00a0\u00bbpost_content\u00a0\u00bb][et_pb_column type=\u00a0\u00bb4_4&Prime; _builder_version=\u00a0\u00bb4.17.6&Prime; _module_preset=\u00a0\u00bbdefault\u00a0\u00bb global_colors_info=\u00a0\u00bb{}\u00a0\u00bb theme_builder_area=\u00a0\u00bbpost_content\u00a0\u00bb][et_pb_video src=\u00a0\u00bbhttps:\/\/www.youtube.com\/watch?v=Vux2g2NlJAY\u00a0\u00bb _builder_version=\u00a0\u00bb4.27.5&Prime; _module_preset=\u00a0\u00bbdefault\u00a0\u00bb theme_builder_area=\u00a0\u00bbpost_content\u00a0\u00bb hover_enabled=\u00a0\u00bb0&Prime; sticky_enabled=\u00a0\u00bb0&Prime;][\/et_pb_video][et_pb_text _builder_version=\u00a0\u00bb4.17.6&Prime; _module_preset=\u00a0\u00bbdefault\u00a0\u00bb global_colors_info=\u00a0\u00bb{}\u00a0\u00bb theme_builder_area=\u00a0\u00bbpost_content\u00a0\u00bb]<\/p>\n<p>Elle nai\u0302t le 19 avril 1814 dans le quartier de Saint-Pallais a\u0300 Saintes, dans une famille chr\u00e9tienne. Son pe\u0300re est couvreur, sa me\u0300re couturi\u00e8re et ling\u00e8re. Elle fre\u0301quente l\u2019e\u0301cole pendant quelques anne\u0301es jusqu\u2019\u00e0 l\u2019\u00e2ge de 10 ans.<\/p>\n<p>A 12 ans, Marie-Eustelle fait sa premie\u0300re communion et rec\u0327oit le sacrement de confirmation, mais elle connai\u0302t, a\u0300 l\u2019adolescence, un certain rela\u0302chement spirituel.<\/p>\n<p>En 1829, une conversion totale lui fait rompre avec les pre\u0301occupations du monde. Aux railleries et perse\u0301cutions, qui s\u2019en suivent, elle oppose fermete\u0301 et douceur. A 22 ans, son confesseur, pensant la mettre a\u0300 l\u2019abri des tentations, lui propose d\u2019entrer au couvent a\u0300 La Rochelle. Or, Dieu la veut pour Lui mais dans le monde. Elle revient alors dans sa famille et, tout en travaillant comme couturie\u0300re et linge\u0300re, sa de\u0301votion eucharistique s\u2019affirme et elle passe chaque jour de longues heures en oraison.<\/p>\n<p>A 23 ans, apre\u0300s deux anne\u0301es d\u2019attente, Marie-Eustelle peut enfin prononcer des v\u0153ux priv\u00e9s de virginite\u0301 puis de pauvrete\u0301 en se consacrant a\u0300 Marie.<\/p>\n<p>En 1839, son nouveau directeur spirituel prend un soin particulier de son a\u0302me de sa jeune paroissienne, l\u2019autorise a\u0300 communier chaque semaine, puis chaque jour, pratique inhabituelle a\u0300 son e\u0301poque, tout en la chargeant de l\u2019entretien des linges et des ornements d\u2019autels. Lorsque Mgr Villecourt, e\u0301ve\u0302que de La Rochelle la rencontre, il reconnai\u0302t en elle une a\u0302me touche\u0301e par la gra\u0302ce divine et lui prodigue conseils et instructions. A sa demande et par obe\u0301issance, elle e\u0301crit le re\u0301cit de sa vie, qui restera inachev\u00e9\u0301, sa sante\u0301 s\u2019e\u0301tant fortement de\u0301grade\u0301e.<\/p>\n<p>Elle meurt le 29 juin 1842, est enterre\u0301e dans le cimetie\u0300re du faubourg, puis dans l\u2019e\u0301glise Saint-Pallais.<\/p>\n<p>[\/et_pb_text][et_pb_image src=\u00a0\u00bbhttps:\/\/catholiques17.fr\/marie-eustelle\/wp-content\/uploads\/sites\/35\/2023\/01\/Marie-Eustelle_Harpain.jpg\u00a0\u00bb title_text=\u00a0\u00bbMarie-Eustelle_Harpain\u00a0\u00bb align=\u00a0\u00bbcenter\u00a0\u00bb _builder_version=\u00a0\u00bb4.17.6&Prime; _module_preset=\u00a0\u00bbdefault\u00a0\u00bb global_colors_info=\u00a0\u00bb{}\u00a0\u00bb theme_builder_area=\u00a0\u00bbpost_content\u00a0\u00bb][\/et_pb_image][et_pb_testimonial portrait_url=\u00a0\u00bbhttps:\/\/catholiques17.fr\/marie-eustelle\/wp-content\/uploads\/sites\/35\/2023\/01\/cropped-Marie-Eustelle-Harpain.jpg.jpg\u00a0\u00bb _builder_version=\u00a0\u00bb4.17.6&Prime; _module_preset=\u00a0\u00bbdefault\u00a0\u00bb global_colors_info=\u00a0\u00bb{}\u00a0\u00bb theme_builder_area=\u00a0\u00bbpost_content\u00a0\u00bb]<\/p>\n<h2>Tout pour J\u00e9sus<\/h2>\n<p>A une \u00e9poque o\u00f9 les la\u00efcs communiaient peu souvent, Marie-Eustelle a un grand d\u00e9sir d\u2019adorer J\u00e9sus pr\u00e9sent dans le Saint-Sacrement, et de communier.<\/p>\n<p>Elle pr\u00e9pare sa premi\u00e8re communion, \u00e0 l\u2019\u00e2ge de 12 ans, et en \u00e9prouve une grande joie : <em>\u00ab J\u00e9sus entra dans mon \u00e2me qui ne le connaissait pas encore. Et pourtant, combien j\u2019\u00e9tais heureuse alors ! \u00bb<\/em> (Vie de Marie-Eustelle, ch. 4)<\/p>\n<p>Apr\u00e8s une p\u00e9riode de rel\u00e2chement, elle se convertit, se confesse r\u00e9guli\u00e8rement, et obtient de pouvoir communier tous les 15 jours. <em>\u00ab \u00d4 J\u00e9sus, mon Amour ! Vous \u00eates mon tout en tout, mais c\u2019est particuli\u00e8rement dans l\u2019Eucharistie. \u00bb<\/em> (ch. 11)<\/p>\n<p>Son d\u00e9sir de communier plus fr\u00e9quemment se fait plus grand :<em> \u00ab Quinze jours \u00e0 attendre une communion nouvelle me paraissaient bien longs. [&#8230;] Si je pouvais recevoir mon Dieu chaque dimanche, quel bonheur pour moi ! \u00bb<\/em> (ch. 12). On l\u2019autorise finalement \u00e0 communier chaque dimanche, puis deux fois par semaine, et enfin chaque jour, ce qu\u2019elle fera jusqu\u2019\u00e0 sa mort.<\/p>\n<p>Elle ne se contente pas de communier : elle passe aussi des heures en adoration dans l\u2019\u00e9glise, devant le tabernacle. <em>\u00ab Notre divin ma\u00eetre m\u2019inspira, de bonne heure, un attrait particulier pour le recueillement et la pri\u00e8re : je ne me plaisais qu\u2019en sa pr\u00e9sence, surtout au pied de son tabernacle. \u00bb<\/em> (ch. 17)<\/p>\n<p><em>\u00ab Je suis toujours transport\u00e9e, je me sens hors de moi-m\u00eame, quand je parle de ce sacrement divin : car je ne puis exprimer tout ce qui est dans mon coeur, ce qui le remplit, ce qui le ravit, ce qui le consume \u00e0 ce sujet. \u00bb<\/em> (ch. 27)<\/p>\n<p>[\/et_pb_testimonial][et_pb_image src=\u00a0\u00bbhttps:\/\/catholiques17.fr\/marie-eustelle\/wp-content\/uploads\/sites\/35\/2023\/01\/tombe-au-cimetiere-st-pallais.jpg\u00a0\u00bb title_text=\u00a0\u00bbtombe-au-cimetiere-st-pallais\u00a0\u00bb align=\u00a0\u00bbcenter\u00a0\u00bb _builder_version=\u00a0\u00bb4.17.6&Prime; _module_preset=\u00a0\u00bbdefault\u00a0\u00bb global_colors_info=\u00a0\u00bb{}\u00a0\u00bb theme_builder_area=\u00a0\u00bbpost_content\u00a0\u00bb][\/et_pb_image][et_pb_text _builder_version=\u00a0\u00bb4.17.6&Prime; _module_preset=\u00a0\u00bbdefault\u00a0\u00bb global_colors_info=\u00a0\u00bb{}\u00a0\u00bb theme_builder_area=\u00a0\u00bbpost_content\u00a0\u00bb][\/et_pb_text][\/et_pb_column][\/et_pb_row][\/et_pb_section]<\/p>\n","protected":false},"excerpt":{"rendered":"<p>Elle nai\u0302t le 19 avril 1814 dans le quartier de Saint-Pallais a\u0300 Saintes, dans une famille chr\u00e9tienne. Son pe\u0300re est couvreur, sa me\u0300re couturi\u00e8re et ling\u00e8re. Elle fre\u0301quente l\u2019e\u0301cole pendant [&hellip;]<\/p>\n","protected":false},"author":41,"featured_media":0,"parent":0,"menu_order":0,"comment_status":"closed","ping_status":"closed","template":"","meta":{"_et_pb_use_builder":"on","_et_pb_old_content":"","_et_gb_content_width":"","footnotes":""},"class_list":["post-6405","page","type-page","status-publish","hentry"],"_links":{"self":[{"href":"https:\/\/catholiques17.fr\/marie-eustelle\/wp-json\/wp\/v2\/pages\/6405","targetHints":{"allow":["GET"]}}],"collection":[{"href":"https:\/\/catholiques17.fr\/marie-eustelle\/wp-json\/wp\/v2\/pages"}],"about":[{"href":"https:\/\/catholiques17.fr\/marie-eustelle\/wp-json\/wp\/v2\/types\/page"}],"author":[{"embeddable":true,"href":"https:\/\/catholiques17.fr\/marie-eustelle\/wp-json\/wp\/v2\/users\/41"}],"replies":[{"embeddable":true,"href":"https:\/\/catholiques17.fr\/marie-eustelle\/wp-json\/wp\/v2\/comments?post=6405"}],"version-history":[{"count":9,"href":"https:\/\/catholiques17.fr\/marie-eustelle\/wp-json\/wp\/v2\/pages\/6405\/revisions"}],"predecessor-version":[{"id":6740,"href":"https:\/\/catholiques17.fr\/marie-eustelle\/wp-json\/wp\/v2\/pages\/6405\/revisions\/6740"}],"wp:attachment":[{"href":"https:\/\/catholiques17.fr\/marie-eustelle\/wp-json\/wp\/v2\/media?parent=6405"}],"curies":[{"name":"wp","href":"https:\/\/api.w.org\/{rel}","templated":true}]}}

<p>[et_pb_section fb_built= »1&Prime; _builder_version= »4.17.6&Prime; _module_preset= »default » locked= »off » global_colors_info= »{} » theme_builder_area= »post_content »][et_pb_row _builder_version= »4.17.6&Prime; _module_preset= »default » global_colors_info= »{} » theme_builder_area= »post_content »][et_pb_column type= »4_4&Prime; _builder_version= »4.17.6&Prime; _module_preset= »default » global_colors_info= »{} » theme_builder_area= »post_content »][et_pb_video src= »https://www.youtube.com/watch?v=Vux2g2NlJAY » _builder_version= »4.27.5&Prime; _module_preset= »default » theme_builder_area= »post_content » hover_enabled= »0&Prime; sticky_enabled= »0&Prime;][/et_pb_video][et_pb_text _builder_version= »4.17.6&Prime; _module_preset= »default » global_colors_info= »{} » theme_builder_area= »post_content »]</p>
<p>Elle naît le 19 avril 1814 dans le quartier de Saint-Pallais à Saintes, dans une famille chrétienne. Son père est couvreur, sa mère couturière et lingère. Elle fréquente l’école pendant quelques années jusqu’à l’âge de 10 ans.</p>
<p>A 12 ans, Marie-Eustelle fait sa première communion et reçoit le sacrement de confirmation, mais elle connaît, à l’adolescence, un certain relâchement spirituel.</p>
<p>En 1829, une conversion totale lui fait rompre avec les préoccupations du monde. Aux railleries et persécutions, qui s’en suivent, elle oppose fermeté et douceur. A 22 ans, son confesseur, pensant la mettre à l’abri des tentations, lui propose d’entrer au couvent à La Rochelle. Or, Dieu la veut pour Lui mais dans le monde. Elle revient alors dans sa famille et, tout en travaillant comme couturière et lingère, sa dévotion eucharistique s’affirme et elle passe chaque jour de longues heures en oraison.</p>
<p>A 23 ans, après deux années d’attente, Marie-Eustelle peut enfin prononcer des vœux privés de virginité puis de pauvreté en se consacrant à Marie.</p>
<p>En 1839, son nouveau directeur spirituel prend un soin particulier de son âme de sa jeune paroissienne, l’autorise à communier chaque semaine, puis chaque jour, pratique inhabituelle à son époque, tout en la chargeant de l’entretien des linges et des ornements d’autels. Lorsque Mgr Villecourt, évêque de La Rochelle la rencontre, il reconnaît en elle une âme touchée par la grâce divine et lui prodigue conseils et instructions. A sa demande et par obéissance, elle écrit le récit de sa vie, qui restera inachevé́, sa santé s’étant fortement dégradée.</p>
<p>Elle meurt le 29 juin 1842, est enterrée dans le cimetière du faubourg, puis dans l’église Saint-Pallais.</p>
<p>[/et_pb_text][et_pb_image src= »https://catholiques17.fr/marie-eustelle/wp-content/uploads/sites/35/2023/01/Marie-Eustelle_Harpain.jpg » title_text= »Marie-Eustelle_Harpain » align= »center » _builder_version= »4.17.6&Prime; _module_preset= »default » global_colors_info= »{} » theme_builder_area= »post_content »][/et_pb_image][et_pb_testimonial portrait_url= »https://catholiques17.fr/marie-eustelle/wp-content/uploads/sites/35/2023/01/cropped-Marie-Eustelle-Harpain.jpg.jpg » _builder_version= »4.17.6&Prime; _module_preset= »default » global_colors_info= »{} » theme_builder_area= »post_content »]</p>
<h2>Tout pour Jésus</h2>
<p>A une époque où les laïcs communiaient peu souvent, Marie-Eustelle a un grand désir d’adorer Jésus présent dans le Saint-Sacrement, et de communier.</p>
<p>Elle prépare sa première communion, à l’âge de 12 ans, et en éprouve une grande joie : <em>« Jésus entra dans mon âme qui ne le connaissait pas encore. Et pourtant, combien j’étais heureuse alors ! »</em> (Vie de Marie-Eustelle, ch. 4)</p>
<p>Après une période de relâchement, elle se convertit, se confesse régulièrement, et obtient de pouvoir communier tous les 15 jours. <em>« Ô Jésus, mon Amour ! Vous êtes mon tout en tout, mais c’est particulièrement dans l’Eucharistie. »</em> (ch. 11)</p>
<p>Son désir de communier plus fréquemment se fait plus grand :<em> « Quinze jours à attendre une communion nouvelle me paraissaient bien longs. [&#8230;] Si je pouvais recevoir mon Dieu chaque dimanche, quel bonheur pour moi ! »</em> (ch. 12). On l’autorise finalement à communier chaque dimanche, puis deux fois par semaine, et enfin chaque jour, ce qu’elle fera jusqu’à sa mort.</p>
<p>Elle ne se contente pas de communier : elle passe aussi des heures en adoration dans l’église, devant le tabernacle. <em>« Notre divin maître m’inspira, de bonne heure, un attrait particulier pour le recueillement et la prière : je ne me plaisais qu’en sa présence, surtout au pied de son tabernacle. »</em> (ch. 17)</p>
<p><em>« Je suis toujours transportée, je me sens hors de moi-même, quand je parle de ce sacrement divin : car je ne puis exprimer tout ce qui est dans mon coeur, ce qui le remplit, ce qui le ravit, ce qui le consume à ce sujet. »</em> (ch. 27)</p>
<p>[/et_pb_testimonial][et_pb_image src= »https://catholiques17.fr/marie-eustelle/wp-content/uploads/sites/35/2023/01/tombe-au-cimetiere-st-pallais.jpg » title_text= »tombe-au-cimetiere-st-pallais » align= »center » _builder_version= »4.17.6&Prime; _module_preset= »default » global_colors_info= »{} » theme_builder_area= »post_content »][/et_pb_image][et_pb_text _builder_version= »4.17.6&Prime; _module_preset= »default » global_colors_info= »{} » theme_builder_area= »post_content »][/et_pb_text][/et_pb_column][/et_pb_row][/et_pb_section]</p>

<p>Elle naît le 19 avril 1814 dans le quartier de Saint-Pallais à Saintes, dans une famille chrétienne. Son père est couvreur, sa mère couturière et lingère. Elle fréquente l’école pendant [&hellip;]</p>
