{"id":6301,"date":"2023-02-15T17:20:16","date_gmt":"2023-02-15T16:20:16","guid":{"rendered":"https:\/\/catholiques17.fr\/marie-eustelle\/?page_id=6301"},"modified":"2025-06-04T16:41:42","modified_gmt":"2025-06-04T14:41:42","slug":"les-ecrits-de-marie-eustelle","status":"publish","type":"page","link":"https:\/\/catholiques17.fr\/marie-eustelle\/les-ecrits-de-marie-eustelle\/","title":{"rendered":"Les \u00e9crits de Marie-Eustelle"},"content":{"rendered":"<p>[et_pb_section fb_built=\u00a0\u00bb1&Prime; _builder_version=\u00a0\u00bb4.17.6&Prime; _module_preset=\u00a0\u00bbdefault\u00a0\u00bb global_colors_info=\u00a0\u00bb{}\u00a0\u00bb theme_builder_area=\u00a0\u00bbpost_content\u00a0\u00bb][et_pb_row _builder_version=\u00a0\u00bb4.17.6&Prime; _module_preset=\u00a0\u00bbdefault\u00a0\u00bb global_colors_info=\u00a0\u00bb{}\u00a0\u00bb theme_builder_area=\u00a0\u00bbpost_content\u00a0\u00bb][et_pb_column type=\u00a0\u00bb4_4&Prime; _builder_version=\u00a0\u00bb4.17.6&Prime; _module_preset=\u00a0\u00bbdefault\u00a0\u00bb global_colors_info=\u00a0\u00bb{}\u00a0\u00bb theme_builder_area=\u00a0\u00bbpost_content\u00a0\u00bb][et_pb_cta title=\u00a0\u00bbR\u00e9\u00e9dition des \u00e9crits de Marie-Eustelle\u00a0\u00bb button_url=\u00a0\u00bbhttps:\/\/catholiques17.fr\/marie-eustelle\/reedition-des-ecrits-de-marie-eustelle\/\u00a0\u00bb button_text=\u00a0\u00bbExplications sur le nouveau livre\u00a0\u00bb _builder_version=\u00a0\u00bb4.27.4&Prime; _module_preset=\u00a0\u00bbdefault\u00a0\u00bb background_color=\u00a0\u00bb#356D89&Prime; hover_enabled=\u00a0\u00bb0&Prime; global_colors_info=\u00a0\u00bb{}\u00a0\u00bb theme_builder_area=\u00a0\u00bbpost_content\u00a0\u00bb sticky_enabled=\u00a0\u00bb0&Prime;]<\/p>\n<p>En juin 2025, la biographie et les lettres de Marie-Eustelle seront r\u00e9\u00e9dit\u00e9s, dans une nouvelle version, plus conforme \u00e0 ses manuscrits.<\/p>\n<p>[\/et_pb_cta][et_pb_cta title=\u00a0\u00bbMarie-Eustelle et J\u00e9sus\u00a0\u00bb button_url=\u00a0\u00bbhttps:\/\/catholiques17.fr\/marie-eustelle\/marie-eustelle-et-jesus\/\u00a0\u00bb button_text=\u00a0\u00bbLire les extraits\u00a0\u00bb _builder_version=\u00a0\u00bb4.17.6&Prime; _module_preset=\u00a0\u00bbdefault\u00a0\u00bb background_color=\u00a0\u00bb#356D89&Prime; global_colors_info=\u00a0\u00bb{}\u00a0\u00bb theme_builder_area=\u00a0\u00bbpost_content\u00a0\u00bb][\/et_pb_cta][et_pb_cta title=\u00a0\u00bbMarie-Eustelle et la pri\u00e8re\u00a0\u00bb button_url=\u00a0\u00bbhttps:\/\/catholiques17.fr\/marie-eustelle\/marie-eustelle-et-la-priere\/\u00a0\u00bb button_text=\u00a0\u00bbLire les extraits\u00a0\u00bb _builder_version=\u00a0\u00bb4.17.6&Prime; _module_preset=\u00a0\u00bbdefault\u00a0\u00bb background_color=\u00a0\u00bb#356D89&Prime; global_colors_info=\u00a0\u00bb{}\u00a0\u00bb theme_builder_area=\u00a0\u00bbpost_content\u00a0\u00bb][\/et_pb_cta][et_pb_cta title=\u00a0\u00bbLire les \u00e9crits de Marie-Eustelle en ligne\u00a0\u00bb button_url=\u00a0\u00bbhttps:\/\/catholiques17.fr\/marie-eustelle\/recueil-des-ecrits-de-marie-eustelle\/\u00a0\u00bb button_text=\u00a0\u00bbClics\u00a0\u00bb _builder_version=\u00a0\u00bb4.17.6&Prime; _module_preset=\u00a0\u00bbdefault\u00a0\u00bb background_color=\u00a0\u00bb#356D89&Prime; global_colors_info=\u00a0\u00bb{}\u00a0\u00bb theme_builder_area=\u00a0\u00bbpost_content\u00a0\u00bb][\/et_pb_cta][\/et_pb_column][\/et_pb_row][\/et_pb_section]<\/p>\n","protected":false},"excerpt":{"rendered":"<p>En juin 2025, la biographie et les lettres de Marie-Eustelle seront r\u00e9\u00e9dit\u00e9s, dans une nouvelle version, plus conforme \u00e0 ses manuscrits.<\/p>\n","protected":false},"author":41,"featured_media":0,"parent":0,"menu_order":0,"comment_status":"closed","ping_status":"closed","template":"","meta":{"_et_pb_use_builder":"on","_et_pb_old_content":"","_et_gb_content_width":"","footnotes":""},"class_list":["post-6301","page","type-page","status-publish","hentry"],"_links":{"self":[{"href":"https:\/\/catholiques17.fr\/marie-eustelle\/wp-json\/wp\/v2\/pages\/6301","targetHints":{"allow":["GET"]}}],"collection":[{"href":"https:\/\/catholiques17.fr\/marie-eustelle\/wp-json\/wp\/v2\/pages"}],"about":[{"href":"https:\/\/catholiques17.fr\/marie-eustelle\/wp-json\/wp\/v2\/types\/page"}],"author":[{"embeddable":true,"href":"https:\/\/catholiques17.fr\/marie-eustelle\/wp-json\/wp\/v2\/users\/41"}],"replies":[{"embeddable":true,"href":"https:\/\/catholiques17.fr\/marie-eustelle\/wp-json\/wp\/v2\/comments?post=6301"}],"version-history":[{"count":6,"href":"https:\/\/catholiques17.fr\/marie-eustelle\/wp-json\/wp\/v2\/pages\/6301\/revisions"}],"predecessor-version":[{"id":6700,"href":"https:\/\/catholiques17.fr\/marie-eustelle\/wp-json\/wp\/v2\/pages\/6301\/revisions\/6700"}],"wp:attachment":[{"href":"https:\/\/catholiques17.fr\/marie-eustelle\/wp-json\/wp\/v2\/media?parent=6301"}],"curies":[{"name":"wp","href":"https:\/\/api.w.org\/{rel}","templated":true}]}}

Les écrits de Marie-Eustelle

<p>[et_pb_section fb_built= »1&Prime; _builder_version= »4.17.6&Prime; _module_preset= »default » global_colors_info= »{} » theme_builder_area= »post_content »][et_pb_row _builder_version= »4.17.6&Prime; _module_preset= »default » global_colors_info= »{} » theme_builder_area= »post_content »][et_pb_column type= »4_4&Prime; _builder_version= »4.17.6&Prime; _module_preset= »default » global_colors_info= »{} » theme_builder_area= »post_content »][et_pb_cta title= »Réédition des écrits de Marie-Eustelle » button_url= »https://catholiques17.fr/marie-eustelle/reedition-des-ecrits-de-marie-eustelle/ » button_text= »Explications sur le nouveau livre » _builder_version= »4.27.4&Prime; _module_preset= »default » background_color= »#356D89&Prime; hover_enabled= »0&Prime; global_colors_info= »{} » theme_builder_area= »post_content » sticky_enabled= »0&Prime;]</p>
<p>En juin 2025, la biographie et les lettres de Marie-Eustelle seront réédités, dans une nouvelle version, plus conforme à ses manuscrits.</p>
<p>[/et_pb_cta][et_pb_cta title= »Marie-Eustelle et Jésus » button_url= »https://catholiques17.fr/marie-eustelle/marie-eustelle-et-jesus/ » button_text= »Lire les extraits » _builder_version= »4.17.6&Prime; _module_preset= »default » background_color= »#356D89&Prime; global_colors_info= »{} » theme_builder_area= »post_content »][/et_pb_cta][et_pb_cta title= »Marie-Eustelle et la prière » button_url= »https://catholiques17.fr/marie-eustelle/marie-eustelle-et-la-priere/ » button_text= »Lire les extraits » _builder_version= »4.17.6&Prime; _module_preset= »default » background_color= »#356D89&Prime; global_colors_info= »{} » theme_builder_area= »post_content »][/et_pb_cta][et_pb_cta title= »Lire les écrits de Marie-Eustelle en ligne » button_url= »https://catholiques17.fr/marie-eustelle/recueil-des-ecrits-de-marie-eustelle/ » button_text= »Clics » _builder_version= »4.17.6&Prime; _module_preset= »default » background_color= »#356D89&Prime; global_colors_info= »{} » theme_builder_area= »post_content »][/et_pb_cta][/et_pb_column][/et_pb_row][/et_pb_section]</p>

<p>En juin 2025, la biographie et les lettres de Marie-Eustelle seront réédités, dans une nouvelle version, plus conforme à ses manuscrits.</p>
