{"id":6261,"date":"2023-02-15T16:14:37","date_gmt":"2023-02-15T15:14:37","guid":{"rendered":"https:\/\/catholiques17.fr\/marie-eustelle\/?page_id=6261"},"modified":"2023-04-27T17:37:52","modified_gmt":"2023-04-27T15:37:52","slug":"prier-avec-marie-eustelle","status":"publish","type":"page","link":"https:\/\/catholiques17.fr\/marie-eustelle\/prier-avec-marie-eustelle\/","title":{"rendered":"Prier avec Marie-Eustelle"},"content":{"rendered":"<p>[et_pb_section fb_built=\u00a0\u00bb1&Prime; _builder_version=\u00a0\u00bb4.17.6&Prime; _module_preset=\u00a0\u00bbdefault\u00a0\u00bb global_colors_info=\u00a0\u00bb{}\u00a0\u00bb theme_builder_area=\u00a0\u00bbpost_content\u00a0\u00bb][et_pb_row column_structure=\u00a0\u00bb2_5,3_5&Prime; _builder_version=\u00a0\u00bb4.17.6&Prime; _module_preset=\u00a0\u00bbdefault\u00a0\u00bb global_colors_info=\u00a0\u00bb{}\u00a0\u00bb theme_builder_area=\u00a0\u00bbpost_content\u00a0\u00bb][et_pb_column type=\u00a0\u00bb2_5&Prime; _builder_version=\u00a0\u00bb4.17.6&Prime; _module_preset=\u00a0\u00bbdefault\u00a0\u00bb global_colors_info=\u00a0\u00bb{}\u00a0\u00bb theme_builder_area=\u00a0\u00bbpost_content\u00a0\u00bb][et_pb_image src=\u00a0\u00bbhttps:\/\/catholiques17.fr\/marie-eustelle\/wp-content\/uploads\/sites\/35\/2023\/02\/Marie-Eustelle-detoure-Copie.png\u00a0\u00bb title_text=\u00a0\u00bbMarie Eustelle d\u00e9tour\u00e9 &#8211; Copie\u00a0\u00bb _builder_version=\u00a0\u00bb4.17.6&Prime; _module_preset=\u00a0\u00bbdefault\u00a0\u00bb global_colors_info=\u00a0\u00bb{}\u00a0\u00bb theme_builder_area=\u00a0\u00bbpost_content\u00a0\u00bb][\/et_pb_image][\/et_pb_column][et_pb_column type=\u00a0\u00bb3_5&Prime; _builder_version=\u00a0\u00bb4.17.6&Prime; _module_preset=\u00a0\u00bbdefault\u00a0\u00bb global_colors_info=\u00a0\u00bb{}\u00a0\u00bb theme_builder_area=\u00a0\u00bbpost_content\u00a0\u00bb][et_pb_text _builder_version=\u00a0\u00bb4.17.6&Prime; _module_preset=\u00a0\u00bbdefault\u00a0\u00bb hover_enabled=\u00a0\u00bb0&Prime; global_colors_info=\u00a0\u00bb{}\u00a0\u00bb theme_builder_area=\u00a0\u00bbpost_content\u00a0\u00bb sticky_enabled=\u00a0\u00bb0&Prime;]<\/p>\n<p style=\"margin: 0cm; margin-bottom: .0001pt; vertical-align: baseline;\"><span style=\"font-size: 10.5pt; font-family: 'Open Sans',sans-serif; color: #666666;\">Marie-Eustelle avait, \u00e0 la fin de sa vie, une r\u00e9putation de saintet\u00e9 parmi ses contemporains. Son amour de J\u00e9sus Hostie l\u2019a fait surnommer l\u2019Ange de l\u2019Eucharistie. Tr\u00e8s vite ses \u00e9crits ont \u00e9t\u00e9 publi\u00e9s, traduits en plusieurs langues et ont inspir\u00e9 de nombreux chr\u00e9tiens.<o:p><\/o:p><\/span><\/p>\n<p style=\"margin: 0cm; margin-bottom: .0001pt; vertical-align: baseline;\"><span style=\"font-size: 10.5pt; font-family: 'Open Sans',sans-serif; color: #666666;\">Pr\u00e8s de deux si\u00e8cles apr\u00e8s sa mort, le dioc\u00e8se de La Rochelle souhaite la faire conna\u00eetre, pour que de nombreuses personnes puissent, \u00e0 leur tour, mieux aimer le Christ \u00e0 l\u2019\u00e9cole de Marie-Eustelle. C\u2019est la raison pour laquelle la proc\u00e9dure de b\u00e9atification vient d\u2019\u00eatre relanc\u00e9e.<o:p><\/o:p><\/span><\/p>\n<p style=\"margin: 0cm; margin-bottom: .0001pt; vertical-align: baseline;\"><span style=\"font-size: 10.5pt; font-family: 'Open Sans',sans-serif; color: #666666;\">L\u2019Eglise ne la reconna\u00eet pas encore comme bienheureuse. Peut-\u00eatre le sera-t-elle un jour ! En attendant, le culte public n\u2019est pas autoris\u00e9. Mais il est d\u00e9j\u00e0 possible de prier Dieu avec Marie-Eustelle, de demander son intercession pour nous aider, nous soutenir ou nous gu\u00e9rir, et \u00e9galement de prier pour sa b\u00e9atification !<o:p><\/o:p><\/span><\/p>\n<p>[\/et_pb_text][\/et_pb_column][\/et_pb_row][et_pb_row column_structure=\u00a0\u00bb1_4,1_4,1_4,1_4&Prime; _builder_version=\u00a0\u00bb4.17.6&Prime; _module_preset=\u00a0\u00bbdefault\u00a0\u00bb global_colors_info=\u00a0\u00bb{}\u00a0\u00bb theme_builder_area=\u00a0\u00bbpost_content\u00a0\u00bb][et_pb_column type=\u00a0\u00bb1_4&Prime; _builder_version=\u00a0\u00bb4.17.6&Prime; _module_preset=\u00a0\u00bbdefault\u00a0\u00bb global_colors_info=\u00a0\u00bb{}\u00a0\u00bb theme_builder_area=\u00a0\u00bbpost_content\u00a0\u00bb][et_pb_button button_url=\u00a0\u00bbhttps:\/\/catholiques17.fr\/marie-eustelle\/neuvaine-de-priere-avec-marie-eustelle\/\u00a0\u00bb button_text=\u00a0\u00bbNeuvaine de pri\u00e8re\u00a0\u00bb button_alignment=\u00a0\u00bbcenter\u00a0\u00bb _builder_version=\u00a0\u00bb4.17.6&Prime; _module_preset=\u00a0\u00bbdefault\u00a0\u00bb global_colors_info=\u00a0\u00bb{}\u00a0\u00bb theme_builder_area=\u00a0\u00bbpost_content\u00a0\u00bb][\/et_pb_button][\/et_pb_column][et_pb_column type=\u00a0\u00bb1_4&Prime; _builder_version=\u00a0\u00bb4.17.6&Prime; _module_preset=\u00a0\u00bbdefault\u00a0\u00bb global_colors_info=\u00a0\u00bb{}\u00a0\u00bb theme_builder_area=\u00a0\u00bbpost_content\u00a0\u00bb][et_pb_button button_url=\u00a0\u00bbhttps:\/\/catholiques17.fr\/marie-eustelle\/deposer-une-intention-de-priere-2\/\u00a0\u00bb button_text=\u00a0\u00bbD\u00e9poser une intention\u00a0\u00bb button_alignment=\u00a0\u00bbcenter\u00a0\u00bb _builder_version=\u00a0\u00bb4.17.6&Prime; _module_preset=\u00a0\u00bbdefault\u00a0\u00bb global_colors_info=\u00a0\u00bb{}\u00a0\u00bb theme_builder_area=\u00a0\u00bbpost_content\u00a0\u00bb][\/et_pb_button][\/et_pb_column][et_pb_column type=\u00a0\u00bb1_4&Prime; _builder_version=\u00a0\u00bb4.17.6&Prime; _module_preset=\u00a0\u00bbdefault\u00a0\u00bb global_colors_info=\u00a0\u00bb{}\u00a0\u00bb theme_builder_area=\u00a0\u00bbpost_content\u00a0\u00bb][et_pb_button button_url=\u00a0\u00bbhttps:\/\/catholiques17.fr\/marie-eustelle\/prier-pour-la-beatification\/\u00a0\u00bb button_text=\u00a0\u00bbPrier pour la b\u00e9atification\u00a0\u00bb button_alignment=\u00a0\u00bbcenter\u00a0\u00bb _builder_version=\u00a0\u00bb4.17.6&Prime; _module_preset=\u00a0\u00bbdefault\u00a0\u00bb global_colors_info=\u00a0\u00bb{}\u00a0\u00bb theme_builder_area=\u00a0\u00bbpost_content\u00a0\u00bb][\/et_pb_button][\/et_pb_column][et_pb_column type=\u00a0\u00bb1_4&Prime; _builder_version=\u00a0\u00bb4.17.6&Prime; _module_preset=\u00a0\u00bbdefault\u00a0\u00bb global_colors_info=\u00a0\u00bb{}\u00a0\u00bb theme_builder_area=\u00a0\u00bbpost_content\u00a0\u00bb][et_pb_button button_url=\u00a0\u00bbhttps:\/\/catholiques17.fr\/marie-eustelle\/deposer-une-intention-de-priere\/\u00a0\u00bb button_text=\u00a0\u00bbApporter votre t\u00e9moignage\u00a0\u00bb button_alignment=\u00a0\u00bbcenter\u00a0\u00bb _builder_version=\u00a0\u00bb4.17.6&Prime; _module_preset=\u00a0\u00bbdefault\u00a0\u00bb global_colors_info=\u00a0\u00bb{}\u00a0\u00bb theme_builder_area=\u00a0\u00bbpost_content\u00a0\u00bb][\/et_pb_button][\/et_pb_column][\/et_pb_row][\/et_pb_section]<\/p>\n","protected":false},"excerpt":{"rendered":"<p>Marie-Eustelle avait, \u00e0 la fin de sa vie, une r\u00e9putation de saintet\u00e9 parmi ses contemporains. Son amour de J\u00e9sus Hostie l\u2019a fait surnommer l\u2019Ange de l\u2019Eucharistie. Tr\u00e8s vite ses \u00e9crits [&hellip;]<\/p>\n","protected":false},"author":41,"featured_media":0,"parent":0,"menu_order":0,"comment_status":"closed","ping_status":"closed","template":"","meta":{"_et_pb_use_builder":"on","_et_pb_old_content":"","_et_gb_content_width":"","footnotes":""},"class_list":["post-6261","page","type-page","status-publish","hentry"],"_links":{"self":[{"href":"https:\/\/catholiques17.fr\/marie-eustelle\/wp-json\/wp\/v2\/pages\/6261","targetHints":{"allow":["GET"]}}],"collection":[{"href":"https:\/\/catholiques17.fr\/marie-eustelle\/wp-json\/wp\/v2\/pages"}],"about":[{"href":"https:\/\/catholiques17.fr\/marie-eustelle\/wp-json\/wp\/v2\/types\/page"}],"author":[{"embeddable":true,"href":"https:\/\/catholiques17.fr\/marie-eustelle\/wp-json\/wp\/v2\/users\/41"}],"replies":[{"embeddable":true,"href":"https:\/\/catholiques17.fr\/marie-eustelle\/wp-json\/wp\/v2\/comments?post=6261"}],"version-history":[{"count":9,"href":"https:\/\/catholiques17.fr\/marie-eustelle\/wp-json\/wp\/v2\/pages\/6261\/revisions"}],"predecessor-version":[{"id":6564,"href":"https:\/\/catholiques17.fr\/marie-eustelle\/wp-json\/wp\/v2\/pages\/6261\/revisions\/6564"}],"wp:attachment":[{"href":"https:\/\/catholiques17.fr\/marie-eustelle\/wp-json\/wp\/v2\/media?parent=6261"}],"curies":[{"name":"wp","href":"https:\/\/api.w.org\/{rel}","templated":true}]}}

<p>[et_pb_section fb_built= »1&Prime; _builder_version= »4.17.6&Prime; _module_preset= »default » global_colors_info= »{} » theme_builder_area= »post_content »][et_pb_row column_structure= »2_5,3_5&Prime; _builder_version= »4.17.6&Prime; _module_preset= »default » global_colors_info= »{} » theme_builder_area= »post_content »][et_pb_column type= »2_5&Prime; _builder_version= »4.17.6&Prime; _module_preset= »default » global_colors_info= »{} » theme_builder_area= »post_content »][et_pb_image src= »https://catholiques17.fr/marie-eustelle/wp-content/uploads/sites/35/2023/02/Marie-Eustelle-detoure-Copie.png » title_text= »Marie Eustelle détouré &#8211; Copie » _builder_version= »4.17.6&Prime; _module_preset= »default » global_colors_info= »{} » theme_builder_area= »post_content »][/et_pb_image][/et_pb_column][et_pb_column type= »3_5&Prime; _builder_version= »4.17.6&Prime; _module_preset= »default » global_colors_info= »{} » theme_builder_area= »post_content »][et_pb_text _builder_version= »4.17.6&Prime; _module_preset= »default » hover_enabled= »0&Prime; global_colors_info= »{} » theme_builder_area= »post_content » sticky_enabled= »0&Prime;]</p>
<p style="margin: 0cm; margin-bottom: .0001pt; vertical-align: baseline;"><span style="font-size: 10.5pt; font-family: 'Open Sans',sans-serif; color: #666666;">Marie-Eustelle avait, à la fin de sa vie, une réputation de sainteté parmi ses contemporains. Son amour de Jésus Hostie l’a fait surnommer l’Ange de l’Eucharistie. Très vite ses écrits ont été publiés, traduits en plusieurs langues et ont inspiré de nombreux chrétiens.<o:p></o:p></span></p>
<p style="margin: 0cm; margin-bottom: .0001pt; vertical-align: baseline;"><span style="font-size: 10.5pt; font-family: 'Open Sans',sans-serif; color: #666666;">Près de deux siècles après sa mort, le diocèse de La Rochelle souhaite la faire connaître, pour que de nombreuses personnes puissent, à leur tour, mieux aimer le Christ à l’école de Marie-Eustelle. C’est la raison pour laquelle la procédure de béatification vient d’être relancée.<o:p></o:p></span></p>
<p style="margin: 0cm; margin-bottom: .0001pt; vertical-align: baseline;"><span style="font-size: 10.5pt; font-family: 'Open Sans',sans-serif; color: #666666;">L’Eglise ne la reconnaît pas encore comme bienheureuse. Peut-être le sera-t-elle un jour ! En attendant, le culte public n’est pas autorisé. Mais il est déjà possible de prier Dieu avec Marie-Eustelle, de demander son intercession pour nous aider, nous soutenir ou nous guérir, et également de prier pour sa béatification !<o:p></o:p></span></p>
<p>[/et_pb_text][/et_pb_column][/et_pb_row][et_pb_row column_structure= »1_4,1_4,1_4,1_4&Prime; _builder_version= »4.17.6&Prime; _module_preset= »default » global_colors_info= »{} » theme_builder_area= »post_content »][et_pb_column type= »1_4&Prime; _builder_version= »4.17.6&Prime; _module_preset= »default » global_colors_info= »{} » theme_builder_area= »post_content »][et_pb_button button_url= »https://catholiques17.fr/marie-eustelle/neuvaine-de-priere-avec-marie-eustelle/ » button_text= »Neuvaine de prière » button_alignment= »center » _builder_version= »4.17.6&Prime; _module_preset= »default » global_colors_info= »{} » theme_builder_area= »post_content »][/et_pb_button][/et_pb_column][et_pb_column type= »1_4&Prime; _builder_version= »4.17.6&Prime; _module_preset= »default » global_colors_info= »{} » theme_builder_area= »post_content »][et_pb_button button_url= »https://catholiques17.fr/marie-eustelle/deposer-une-intention-de-priere-2/ » button_text= »Déposer une intention » button_alignment= »center » _builder_version= »4.17.6&Prime; _module_preset= »default » global_colors_info= »{} » theme_builder_area= »post_content »][/et_pb_button][/et_pb_column][et_pb_column type= »1_4&Prime; _builder_version= »4.17.6&Prime; _module_preset= »default » global_colors_info= »{} » theme_builder_area= »post_content »][et_pb_button button_url= »https://catholiques17.fr/marie-eustelle/prier-pour-la-beatification/ » button_text= »Prier pour la béatification » button_alignment= »center » _builder_version= »4.17.6&Prime; _module_preset= »default » global_colors_info= »{} » theme_builder_area= »post_content »][/et_pb_button][/et_pb_column][et_pb_column type= »1_4&Prime; _builder_version= »4.17.6&Prime; _module_preset= »default » global_colors_info= »{} » theme_builder_area= »post_content »][et_pb_button button_url= »https://catholiques17.fr/marie-eustelle/deposer-une-intention-de-priere/ » button_text= »Apporter votre témoignage » button_alignment= »center » _builder_version= »4.17.6&Prime; _module_preset= »default » global_colors_info= »{} » theme_builder_area= »post_content »][/et_pb_button][/et_pb_column][/et_pb_row][/et_pb_section]</p>

<p>Marie-Eustelle avait, à la fin de sa vie, une réputation de sainteté parmi ses contemporains. Son amour de Jésus Hostie l’a fait surnommer l’Ange de l’Eucharistie. Très vite ses écrits [&hellip;]</p>
