{"id":8709,"date":"2026-03-09T18:47:24","date_gmt":"2026-03-09T17:47:24","guid":{"rendered":"https:\/\/catholiques17.fr\/marennes\/?post_type=tribe_events&#038;p=8709"},"modified":"2026-03-09T18:49:32","modified_gmt":"2026-03-09T17:49:32","slug":"journee-memorielle-pour-les-personnes-victimes-dabus-dans-leglise","status":"publish","type":"tribe_events","link":"https:\/\/catholiques17.fr\/marennes\/event\/journee-memorielle-pour-les-personnes-victimes-dabus-dans-leglise\/","title":{"rendered":"Journ\u00e9e m\u00e9morielle pour les personnes victimes d&rsquo;abus dans l&rsquo;Eglise"},"content":{"rendered":"<h1>Pri\u00e8res le vendredi 13 mars :<\/h1>\n<ul>\n<li>\n<h1>lors de la messe \u00e0 9h &#8211; \u00e9glise de Bourcefranc<\/h1>\n<\/li>\n<li>\n<h1>lors du chemin de croix &#8211; 15h &#8211; \u00e9glise de\u00a0 Marennes<\/h1>\n<\/li>\n<\/ul>\n","protected":false},"excerpt":{"rendered":"<p>Pri\u00e8res le vendredi 13 mars : lors de la messe \u00e0 9h &#8211; \u00e9glise de Bourcefranc lors du chemin de croix &#8211; 15h &#8211; \u00e9glise de\u00a0 Marennes<\/p>\n","protected":false},"author":81,"featured_media":0,"template":"","meta":{"_et_pb_use_builder":"","_et_pb_old_content":"","_et_gb_content_width":"","_tribe_events_status":"","_tribe_events_status_reason":"","footnotes":""},"tags":[],"tribe_events_cat":[],"class_list":["post-8709","tribe_events","type-tribe_events","status-publish","hentry"],"_links":{"self":[{"href":"https:\/\/catholiques17.fr\/marennes\/wp-json\/wp\/v2\/tribe_events\/8709","targetHints":{"allow":["GET"]}}],"collection":[{"href":"https:\/\/catholiques17.fr\/marennes\/wp-json\/wp\/v2\/tribe_events"}],"about":[{"href":"https:\/\/catholiques17.fr\/marennes\/wp-json\/wp\/v2\/types\/tribe_events"}],"author":[{"embeddable":true,"href":"https:\/\/catholiques17.fr\/marennes\/wp-json\/wp\/v2\/users\/81"}],"version-history":[{"count":1,"href":"https:\/\/catholiques17.fr\/marennes\/wp-json\/wp\/v2\/tribe_events\/8709\/revisions"}],"predecessor-version":[{"id":8710,"href":"https:\/\/catholiques17.fr\/marennes\/wp-json\/wp\/v2\/tribe_events\/8709\/revisions\/8710"}],"wp:attachment":[{"href":"https:\/\/catholiques17.fr\/marennes\/wp-json\/wp\/v2\/media?parent=8709"}],"wp:term":[{"taxonomy":"post_tag","embeddable":true,"href":"https:\/\/catholiques17.fr\/marennes\/wp-json\/wp\/v2\/tags?post=8709"},{"taxonomy":"tribe_events_cat","embeddable":true,"href":"https:\/\/catholiques17.fr\/marennes\/wp-json\/wp\/v2\/tribe_events_cat?post=8709"}],"curies":[{"name":"wp","href":"https:\/\/api.w.org\/{rel}","templated":true}]}}

Journée mémorielle pour les personnes victimes d&rsquo;abus dans l&rsquo;Eglise

<h1>Prières le vendredi 13 mars :</h1>
<ul>
<li>
<h1>lors de la messe à 9h &#8211; église de Bourcefranc</h1>
</li>
<li>
<h1>lors du chemin de croix &#8211; 15h &#8211; église de  Marennes</h1>
</li>
</ul>

<p>Prières le vendredi 13 mars : lors de la messe à 9h &#8211; église de Bourcefranc lors du chemin de croix &#8211; 15h &#8211; église de  Marennes</p>
