{"id":5147,"date":"2021-03-25T11:32:33","date_gmt":"2021-03-25T10:32:33","guid":{"rendered":"https:\/\/catholiques17.fr\/marennes\/?page_id=5147"},"modified":"2022-05-16T14:07:46","modified_gmt":"2022-05-16T12:07:46","slug":"evenements","status":"publish","type":"page","link":"https:\/\/catholiques17.fr\/marennes\/marennes\/evenements\/","title":{"rendered":"\u00c9v\u00e9nements"},"content":{"rendered":"<p>[et_pb_section fb_built=\u00a0\u00bb1&Prime; _builder_version=\u00a0\u00bb4.11.1&Prime; _module_preset=\u00a0\u00bbdefault\u00a0\u00bb][et_pb_row _builder_version=\u00a0\u00bb4.11.1&Prime; _module_preset=\u00a0\u00bbdefault\u00a0\u00bb][et_pb_column _builder_version=\u00a0\u00bb4.11.1&Prime; _module_preset=\u00a0\u00bbdefault\u00a0\u00bb type=\u00a0\u00bb4_4&Prime;][et_pb_text _builder_version=\u00a0\u00bb4.11.1&Prime; _module_preset=\u00a0\u00bbdefault\u00a0\u00bb hover_enabled=\u00a0\u00bb0&Prime; sticky_enabled=\u00a0\u00bb0&Prime;]<\/p>\n<p><strong>Grande joie pour notre dioc\u00e8se !<\/strong><\/p>\n<p>Samedi 11 juin 2022, Oscar Akoha et R\u00e9mi Delprat deviendront pr\u00eatres, lors de la messe d\u2019ordination qui sera c\u00e9l\u00e9br\u00e9e \u00e0 la cath\u00e9drale de la Rochelle \u00e0 10h.<\/p>\n<p>C\u2019est tout le dioc\u00e8se qui se r\u00e9jouit avec ces deux ordinands et nous serons nombreux \u00e0 venir vivre cette c\u00e9l\u00e9bration avec eux !<\/p>\n<div aria-hidden=\"true\" class=\"wp-block-spacer\"><\/div>\n<p><strong>Pour faciliter les d\u00e9placements vers la Rochelle<\/strong>, deux bus seront affr\u00e9t\u00e9s sur les parcours suivants :<\/p>\n<ul>\n<li>7h10 Jonzac \u2013 8h20 Saintes<\/li>\n<li>7h40 Royan \u2013 8h35 Rochefort<\/li>\n<\/ul>\n<h2><span>Pour s\u2019inscrire<\/span><span>\u00a0<\/span>:<span>\u00a0<\/span><a rel=\"noreferrer noopener\" href=\"mailto:secretariateveque@diocese17.fr\" target=\"_blank\">secretariateveque@diocese17.fr<span>\u00a0<\/span><\/a>(en pr\u00e9cisant bien la ligne choisie) \u2013 15\u20ac (\u00e0 r\u00e9gler sur place)<\/h2>\n<p>[\/et_pb_text][\/et_pb_column][\/et_pb_row][\/et_pb_section]<\/p>\n","protected":false},"excerpt":{"rendered":"<p>Grande joie pour notre dioc\u00e8se ! Samedi 11 juin 2022, Oscar Akoha et R\u00e9mi Delprat deviendront pr\u00eatres, lors de la messe d\u2019ordination qui sera c\u00e9l\u00e9br\u00e9e \u00e0 la cath\u00e9drale de la [&hellip;]<\/p>\n","protected":false},"author":29,"featured_media":0,"parent":6,"menu_order":0,"comment_status":"closed","ping_status":"closed","template":"","meta":{"_et_pb_use_builder":"on","_et_pb_old_content":"","_et_gb_content_width":"","footnotes":""},"class_list":["post-5147","page","type-page","status-publish","hentry"],"_links":{"self":[{"href":"https:\/\/catholiques17.fr\/marennes\/wp-json\/wp\/v2\/pages\/5147","targetHints":{"allow":["GET"]}}],"collection":[{"href":"https:\/\/catholiques17.fr\/marennes\/wp-json\/wp\/v2\/pages"}],"about":[{"href":"https:\/\/catholiques17.fr\/marennes\/wp-json\/wp\/v2\/types\/page"}],"author":[{"embeddable":true,"href":"https:\/\/catholiques17.fr\/marennes\/wp-json\/wp\/v2\/users\/29"}],"replies":[{"embeddable":true,"href":"https:\/\/catholiques17.fr\/marennes\/wp-json\/wp\/v2\/comments?post=5147"}],"version-history":[{"count":11,"href":"https:\/\/catholiques17.fr\/marennes\/wp-json\/wp\/v2\/pages\/5147\/revisions"}],"predecessor-version":[{"id":6203,"href":"https:\/\/catholiques17.fr\/marennes\/wp-json\/wp\/v2\/pages\/5147\/revisions\/6203"}],"up":[{"embeddable":true,"href":"https:\/\/catholiques17.fr\/marennes\/wp-json\/wp\/v2\/pages\/6"}],"wp:attachment":[{"href":"https:\/\/catholiques17.fr\/marennes\/wp-json\/wp\/v2\/media?parent=5147"}],"curies":[{"name":"wp","href":"https:\/\/api.w.org\/{rel}","templated":true}]}}