{"id":5059,"date":"2021-03-25T10:13:19","date_gmt":"2021-03-25T09:13:19","guid":{"rendered":"https:\/\/catholiques17.fr\/marennes\/?page_id=5059"},"modified":"2021-03-25T10:14:39","modified_gmt":"2021-03-25T09:14:39","slug":"le-conseil-economique","status":"publish","type":"page","link":"https:\/\/catholiques17.fr\/marennes\/marennes\/groupes-paroissiaux\/le-conseil-economique\/","title":{"rendered":"Le conseil \u00e9conomique"},"content":{"rendered":"<p>[et_pb_section fb_built=\u00a0\u00bb1&Prime; _builder_version=\u00a0\u00bb4.9.2&Prime; _module_preset=\u00a0\u00bbdefault\u00a0\u00bb custom_padding=\u00a0\u00bb0px||11px|||\u00a0\u00bb][et_pb_row _builder_version=\u00a0\u00bb4.9.2&Prime; _module_preset=\u00a0\u00bbdefault\u00a0\u00bb][et_pb_column _builder_version=\u00a0\u00bb4.9.2&Prime; _module_preset=\u00a0\u00bbdefault\u00a0\u00bb type=\u00a0\u00bb4_4&Prime;][et_pb_text _builder_version=\u00a0\u00bb4.9.2&Prime; _module_preset=\u00a0\u00bbdefault\u00a0\u00bb hover_enabled=\u00a0\u00bb0&Prime; sticky_enabled=\u00a0\u00bb0&Prime;]<\/p>\n<p><strong>Le conseil des affaires \u00e9conomiques<\/strong> est r\u00e9gi par les r\u00e8gles \u00e9tablies par l\u2019\u00e9v\u00eaque.<br \/>Il est compos\u00e9 de la\u00efcs qui apportent leur aide au cur\u00e9 pour l\u2019administration mat\u00e9rielle et financi\u00e8re de la paroisse.<br \/>Il g\u00e8re le budget paroissial.<\/p>\n<p>[\/et_pb_text][\/et_pb_column][\/et_pb_row][\/et_pb_section]<\/p>\n","protected":false},"excerpt":{"rendered":"<p>Le conseil des affaires \u00e9conomiques est r\u00e9gi par les r\u00e8gles \u00e9tablies par l\u2019\u00e9v\u00eaque.Il est compos\u00e9 de la\u00efcs qui apportent leur aide au cur\u00e9 pour l\u2019administration mat\u00e9rielle et financi\u00e8re de la [&hellip;]<\/p>\n","protected":false},"author":4,"featured_media":0,"parent":5049,"menu_order":0,"comment_status":"closed","ping_status":"closed","template":"","meta":{"_et_pb_use_builder":"on","_et_pb_old_content":"","_et_gb_content_width":"","footnotes":""},"class_list":["post-5059","page","type-page","status-publish","hentry"],"_links":{"self":[{"href":"https:\/\/catholiques17.fr\/marennes\/wp-json\/wp\/v2\/pages\/5059","targetHints":{"allow":["GET"]}}],"collection":[{"href":"https:\/\/catholiques17.fr\/marennes\/wp-json\/wp\/v2\/pages"}],"about":[{"href":"https:\/\/catholiques17.fr\/marennes\/wp-json\/wp\/v2\/types\/page"}],"author":[{"embeddable":true,"href":"https:\/\/catholiques17.fr\/marennes\/wp-json\/wp\/v2\/users\/4"}],"replies":[{"embeddable":true,"href":"https:\/\/catholiques17.fr\/marennes\/wp-json\/wp\/v2\/comments?post=5059"}],"version-history":[{"count":2,"href":"https:\/\/catholiques17.fr\/marennes\/wp-json\/wp\/v2\/pages\/5059\/revisions"}],"predecessor-version":[{"id":5061,"href":"https:\/\/catholiques17.fr\/marennes\/wp-json\/wp\/v2\/pages\/5059\/revisions\/5061"}],"up":[{"embeddable":true,"href":"https:\/\/catholiques17.fr\/marennes\/wp-json\/wp\/v2\/pages\/5049"}],"wp:attachment":[{"href":"https:\/\/catholiques17.fr\/marennes\/wp-json\/wp\/v2\/media?parent=5059"}],"curies":[{"name":"wp","href":"https:\/\/api.w.org\/{rel}","templated":true}]}}

Le conseil économique

<p>[et_pb_section fb_built= »1&Prime; _builder_version= »4.9.2&Prime; _module_preset= »default » custom_padding= »0px||11px||| »][et_pb_row _builder_version= »4.9.2&Prime; _module_preset= »default »][et_pb_column _builder_version= »4.9.2&Prime; _module_preset= »default » type= »4_4&Prime;][et_pb_text _builder_version= »4.9.2&Prime; _module_preset= »default » hover_enabled= »0&Prime; sticky_enabled= »0&Prime;]</p>
<p><strong>Le conseil des affaires économiques</strong> est régi par les règles établies par l’évêque.<br />Il est composé de laïcs qui apportent leur aide au curé pour l’administration matérielle et financière de la paroisse.<br />Il gère le budget paroissial.</p>
<p>[/et_pb_text][/et_pb_column][/et_pb_row][/et_pb_section]</p>

<p>Le conseil des affaires économiques est régi par les règles établies par l’évêque.Il est composé de laïcs qui apportent leur aide au curé pour l’administration matérielle et financière de la [&hellip;]</p>
