{"id":6608,"date":"2021-12-27T09:23:04","date_gmt":"2021-12-27T08:23:04","guid":{"rendered":"https:\/\/catholiques17.fr\/marans\/?page_id=6608"},"modified":"2023-04-18T16:21:57","modified_gmt":"2023-04-18T14:21:57","slug":"preparer-des-funerailles","status":"publish","type":"page","link":"https:\/\/catholiques17.fr\/marans\/je-souhaite\/preparer-des-funerailles\/","title":{"rendered":"Pr\u00e9parer des fun\u00e9railles"},"content":{"rendered":"<p>[et_pb_section fb_built=\u00a0\u00bb1&Prime; _builder_version=\u00a0\u00bb4.16&Prime; _module_preset=\u00a0\u00bbdefault\u00a0\u00bb custom_padding=\u00a0\u00bb0px|||||\u00a0\u00bb global_colors_info=\u00a0\u00bb{}\u00a0\u00bb theme_builder_area=\u00a0\u00bbpost_content\u00a0\u00bb][et_pb_row _builder_version=\u00a0\u00bb4.17.6&Prime; _module_preset=\u00a0\u00bbdefault\u00a0\u00bb theme_builder_area=\u00a0\u00bbpost_content\u00a0\u00bb custom_padding=\u00a0\u00bb2px|||||\u00a0\u00bb][et_pb_column _builder_version=\u00a0\u00bb4.17.6&Prime; _module_preset=\u00a0\u00bbdefault\u00a0\u00bb type=\u00a0\u00bb4_4&Prime; theme_builder_area=\u00a0\u00bbpost_content\u00a0\u00bb][et_pb_image src=\u00a0\u00bbhttps:\/\/catholiques17.fr\/marans\/wp-content\/uploads\/sites\/36\/2023\/04\/Deuil.jpeg\u00a0\u00bb _builder_version=\u00a0\u00bb4.17.6&Prime; _module_preset=\u00a0\u00bbdefault\u00a0\u00bb theme_builder_area=\u00a0\u00bbpost_content\u00a0\u00bb title_text=\u00a0\u00bbDeuil\u00a0\u00bb align=\u00a0\u00bbcenter\u00a0\u00bb border_radii=\u00a0\u00bbon|20px|20px|20px|20px\u00a0\u00bb hover_enabled=\u00a0\u00bb0&Prime; sticky_enabled=\u00a0\u00bb0&Prime;][\/et_pb_image][\/et_pb_column][\/et_pb_row][et_pb_row _builder_version=\u00a0\u00bb4.17.6&Prime; _module_preset=\u00a0\u00bbdefault\u00a0\u00bb theme_builder_area=\u00a0\u00bbpost_content\u00a0\u00bb][et_pb_column _builder_version=\u00a0\u00bb4.17.6&Prime; _module_preset=\u00a0\u00bbdefault\u00a0\u00bb type=\u00a0\u00bb4_4&Prime; theme_builder_area=\u00a0\u00bbpost_content\u00a0\u00bb][et_pb_text _builder_version=\u00a0\u00bb4.17.6&Prime; _module_preset=\u00a0\u00bbdefault\u00a0\u00bb theme_builder_area=\u00a0\u00bbpost_content\u00a0\u00bb hover_enabled=\u00a0\u00bb0&Prime; sticky_enabled=\u00a0\u00bb0&Prime;]<\/p>\n<div class=\"et_pb_module et_pb_text et_pb_text_0  et_pb_text_align_left et_pb_bg_layout_light\">\n<div class=\"et_pb_text_inner\">\n<p><strong>La c\u00e9l\u00e9bration des fun\u00e9railles \u00e0 l\u2019\u00c9glise est ce moment unique qui accueille les cris des personnes qui sont meurtries par la douleur cruelle de la s\u00e9paration d\u2019un \u00eatre cher. L\u2019\u00c9glise y fait r\u00e9sonner la Parole du Christ, lui qui a donn\u00e9 un sens au non-sens de la mort.<\/strong><\/p>\n<\/div>\n<\/div>\n<div class=\"et_pb_module et_pb_text et_pb_text_1  et_pb_text_align_left et_pb_bg_layout_light\">\n<div class=\"et_pb_text_inner\">\n<p>Une \u00e9quipe est charg\u00e9e d\u2019accueillir les familles pour les \u00e9couter et pr\u00e9parer avec elles la c\u00e9l\u00e9bration. Elle a aussi pour mission de les guider.<\/p>\n<p><span style=\"text-decoration: underline;\">Il convient de prendre tout d\u2019abord contact avec l\u2019entreprise de pompes fun\u00e8bres<\/span> de votre choix. C\u2019est elle qui se mettra ensuite en lien avec la paroisse, pour l\u2019organisation de la c\u00e9l\u00e9bration.<\/p>\n<p>La c\u00e9r\u00e9monie des obs\u00e8ques n\u2019est\u00a0pas un sacrement.\u00a0<em>C\u2019est pourquoi des la\u00efcs peuvent l\u2019assurer.<\/em>\u00a0Il s\u2019agit d\u2019une c\u00e9r\u00e9monie destin\u00e9e \u00e0 t\u00e9moigner de la foi de la personne d\u00e9c\u00e9d\u00e9e selon son souhait ou\u00a0 celui de sa famille.<\/p>\n<\/div>\n<\/div>\n<p>[\/et_pb_text][\/et_pb_column][\/et_pb_row][et_pb_row _builder_version=\u00a0\u00bb4.17.6&Prime; _module_preset=\u00a0\u00bbdefault\u00a0\u00bb theme_builder_area=\u00a0\u00bbpost_content\u00a0\u00bb][et_pb_column _builder_version=\u00a0\u00bb4.17.6&Prime; _module_preset=\u00a0\u00bbdefault\u00a0\u00bb type=\u00a0\u00bb4_4&Prime; theme_builder_area=\u00a0\u00bbpost_content\u00a0\u00bb][et_pb_divider _builder_version=\u00a0\u00bb4.17.6&Prime; _module_preset=\u00a0\u00bbdefault\u00a0\u00bb theme_builder_area=\u00a0\u00bbpost_content\u00a0\u00bb hover_enabled=\u00a0\u00bb0&Prime; sticky_enabled=\u00a0\u00bb0&Prime;][\/et_pb_divider][\/et_pb_column][\/et_pb_row][et_pb_row _builder_version=\u00a0\u00bb4.17.6&Prime; _module_preset=\u00a0\u00bbdefault\u00a0\u00bb theme_builder_area=\u00a0\u00bbpost_content\u00a0\u00bb][et_pb_column _builder_version=\u00a0\u00bb4.17.6&Prime; _module_preset=\u00a0\u00bbdefault\u00a0\u00bb type=\u00a0\u00bb4_4&Prime; theme_builder_area=\u00a0\u00bbpost_content\u00a0\u00bb][et_pb_text _builder_version=\u00a0\u00bb4.17.6&Prime; _module_preset=\u00a0\u00bbdefault\u00a0\u00bb theme_builder_area=\u00a0\u00bbpost_content\u00a0\u00bb hover_enabled=\u00a0\u00bb0&Prime; sticky_enabled=\u00a0\u00bb0&Prime;]<\/p>\n<div class=\"et_pb_row et_pb_row_3\">\n<div class=\"et_pb_column et_pb_column_4_4 et_pb_column_3  et_pb_css_mix_blend_mode_passthrough et-last-child\">\n<div class=\"et_pb_module et_pb_text et_pb_text_2  et_pb_text_align_left et_pb_bg_layout_light\">\n<div class=\"et_pb_text_inner\">\n<p>Pendant les fun\u00e9railles,les membres de la famille sont invit\u00e9s \u00e0 participer activement \u00e0 la c\u00e9l\u00e9bration : allumer les cierges qui entourent le cercueil, parfois d\u00e9poser une fleur sur le cercueil, faire les lectures, proposer des intentions de pri\u00e8re, donner un t\u00e9moignage sur le d\u00e9funt.<\/p>\n<p>C\u2019est une mani\u00e8re de \u201cpersonnaliser\u201d la c\u00e9r\u00e9monie et de faire que celle-ci corresponde le plus possible \u00e0 la personne d\u00e9funte. C\u2019est un dernier acte d\u2019affection ou d\u2019amiti\u00e9 pour le d\u00e9funt. C\u2019est enfin une \u00e9tape de deuil qui lib\u00e8re, car on a souvent l\u2019impression de ne pas avoir fait tout ce qu\u2019on pouvait pour celui qui nous a quitt\u00e9s.<\/p>\n<p>La participation de la famille donne aussi une richesse, une \u201cdensit\u00e9\u201d \u00e0 la c\u00e9l\u00e9bration. Elle est apaisante pour tous. Elle cr\u00e9e un \u00e9lan, une ouverture \u00e0 une esp\u00e9rance qui est ressentie par l\u2019assembl\u00e9e.<\/p>\n<p>&nbsp;<\/p>\n<\/div>\n<\/div>\n<\/div>\n<\/div>\n<div class=\"et_pb_row et_pb_row_4\">\n<div class=\"et_pb_column et_pb_column_4_4 et_pb_column_4  et_pb_css_mix_blend_mode_passthrough et-last-child\">\n<div class=\"et_pb_module et_pb_text et_pb_text_3  et_pb_text_align_left et_pb_bg_layout_light\">\n<div class=\"et_pb_text_inner\">\n<p><span><strong>A quoi correspondent les diff\u00e9rents gestes effectu\u00e9s pendant la c\u00e9l\u00e9bration ?<\/strong><\/span><\/p>\n<p><span><strong><\/strong><\/span><\/p>\n<p><span><strong><\/strong><\/span><\/p>\n<ul>\n<ul>\n<li><strong>La Croix<\/strong>: elle est avant tout le signe de l\u2019amour de Dieu. Elle est aussi un signe d\u2019appartenance et de reconnaissance pour la communaut\u00e9 chr\u00e9tienne. C\u2019est enfin un signe d\u2019esp\u00e9rance, celle que la mort est un passage vers la Vie, \u00e0 la suite de J\u00e9sus.<\/li>\n<li><strong>La lumi\u00e8re<\/strong>: symbolise le fait que J\u00e9sus est vivant au-del\u00e0 de la mort et la pr\u00e9sence du Ressuscit\u00e9 dans le monde. Lumi\u00e8re dans nos vies, cette lumi\u00e8re du Christ ressuscit\u00e9 est la source de notre esp\u00e9rance.<\/li>\n<\/ul>\n<\/ul>\n<ul>\n<ul>\n<li><strong>L\u2019encens\u00a0:<\/strong>\u00a0il est un signe de respect pour le corps du d\u00e9funt \u2013 rendre hommage au corps, c\u2019est honorer la personne \u2013 et de la pri\u00e8re qui monte vers Dieu.<\/li>\n<li><strong>L\u2019eau<\/strong>: \u201cL\u2019aspersion\u201d avec l\u2019eau b\u00e9nite rappelle l\u2019eau du bapt\u00eame.<\/li>\n<\/ul>\n<\/ul>\n<\/div>\n<\/div>\n<\/div>\n<\/div>\n<p>[\/et_pb_text][\/et_pb_column][\/et_pb_row][\/et_pb_section]<\/p>\n","protected":false},"excerpt":{"rendered":"<p>La c\u00e9l\u00e9bration des fun\u00e9railles \u00e0 l\u2019\u00c9glise est ce moment unique qui accueille les cris des personnes qui sont meurtries par la douleur cruelle de la s\u00e9paration d\u2019un \u00eatre cher. L\u2019\u00c9glise [&hellip;]<\/p>\n","protected":false},"author":4,"featured_media":0,"parent":6602,"menu_order":0,"comment_status":"closed","ping_status":"closed","template":"","meta":{"_et_pb_use_builder":"on","_et_pb_old_content":"","_et_gb_content_width":"","footnotes":""},"class_list":["post-6608","page","type-page","status-publish","hentry"],"_links":{"self":[{"href":"https:\/\/catholiques17.fr\/marans\/wp-json\/wp\/v2\/pages\/6608","targetHints":{"allow":["GET"]}}],"collection":[{"href":"https:\/\/catholiques17.fr\/marans\/wp-json\/wp\/v2\/pages"}],"about":[{"href":"https:\/\/catholiques17.fr\/marans\/wp-json\/wp\/v2\/types\/page"}],"author":[{"embeddable":true,"href":"https:\/\/catholiques17.fr\/marans\/wp-json\/wp\/v2\/users\/4"}],"replies":[{"embeddable":true,"href":"https:\/\/catholiques17.fr\/marans\/wp-json\/wp\/v2\/comments?post=6608"}],"version-history":[{"count":8,"href":"https:\/\/catholiques17.fr\/marans\/wp-json\/wp\/v2\/pages\/6608\/revisions"}],"predecessor-version":[{"id":8484,"href":"https:\/\/catholiques17.fr\/marans\/wp-json\/wp\/v2\/pages\/6608\/revisions\/8484"}],"up":[{"embeddable":true,"href":"https:\/\/catholiques17.fr\/marans\/wp-json\/wp\/v2\/pages\/6602"}],"wp:attachment":[{"href":"https:\/\/catholiques17.fr\/marans\/wp-json\/wp\/v2\/media?parent=6608"}],"curies":[{"name":"wp","href":"https:\/\/api.w.org\/{rel}","templated":true}]}}