{"id":5968,"date":"2022-10-13T15:51:26","date_gmt":"2022-10-13T13:51:26","guid":{"rendered":"https:\/\/catholiques17.fr\/maisondiocesaine\/?page_id=5968"},"modified":"2023-02-02T16:34:13","modified_gmt":"2023-02-02T15:34:13","slug":"le-p-robert-jacquinot","status":"publish","type":"page","link":"https:\/\/catholiques17.fr\/maisondiocesaine\/decouvrir\/le-p-robert-jacquinot\/","title":{"rendered":"Le p\u00e8re Robert Jacquinot"},"content":{"rendered":"<p>[et_pb_section fb_built=\u00a0\u00bb1&Prime; _builder_version=\u00a0\u00bb4.17.6&Prime; _module_preset=\u00a0\u00bbdefault\u00a0\u00bb global_colors_info=\u00a0\u00bb{}\u00a0\u00bb theme_builder_area=\u00a0\u00bbpost_content\u00a0\u00bb][et_pb_row _builder_version=\u00a0\u00bb4.17.6&Prime; _module_preset=\u00a0\u00bbdefault\u00a0\u00bb global_colors_info=\u00a0\u00bb{}\u00a0\u00bb theme_builder_area=\u00a0\u00bbpost_content\u00a0\u00bb][et_pb_column type=\u00a0\u00bb4_4&Prime; _builder_version=\u00a0\u00bb4.17.6&Prime; _module_preset=\u00a0\u00bbdefault\u00a0\u00bb global_colors_info=\u00a0\u00bb{}\u00a0\u00bb theme_builder_area=\u00a0\u00bbpost_content\u00a0\u00bb][et_pb_text _builder_version=\u00a0\u00bb4.17.6&Prime; _module_preset=\u00a0\u00bbdefault\u00a0\u00bb global_colors_info=\u00a0\u00bb{}\u00a0\u00bb theme_builder_area=\u00a0\u00bbpost_content\u00a0\u00bb]<\/p>\n<p>Le p\u00e8re Robert Jacquinot de Besange na\u00eet \u00e0 Saintes en 1878, dans une famille d&rsquo;origine lorraine.<\/p>\n<p>Pendant sa jeunesse, un accident lui fait perdre un bras.<\/p>\n<p>Il rentre chez les j\u00e9suites en 1894, en Angleterre (les j\u00e9suites ayant \u00e9t\u00e9 expuls\u00e9s de France), et devient missionnaire en Chine en 1913. Il y est vicaire en paroisse, et professeur \u00e0 l&rsquo;universit\u00e9 Aurore de Shanghai, fond\u00e9e par les j\u00e9suites. Sa vie est soudainement boulevers\u00e9e par la guerre sino-japonaise qui \u00e9clate en 1937. A l\u2019automne, les bombardements japonais ravagent Shanghai et font des milliers de bless\u00e9s, militaires et civils.<\/p>\n<p>Le P\u00e8re Jacquinot parvient \u00e0 mettre en place une commission de m\u00e9diation entre les deux camps, qui permettent d&rsquo;obtenir une tr\u00eave de 4 heures, pendant laquelle les bless\u00e9s et les civils pris au milieu de la bataille peuvent \u00eatre \u00e9vacu\u00e9s. Il poursuit ses efforts diplomatiques et obtient l\u2019instauration d\u2019une zone de s\u00e9curit\u00e9 d\u00e9militaris\u00e9e dans la vieille ville de Shanghai. C&rsquo;est ce qu\u2019on appellera le \u00ab mod\u00e8le Jacquinot \u00bb\u00a0: un espace d\u00e9militaris\u00e9, en plein c\u0153ur du conflit, qui permet la protection des civils. Jusqu\u2019\u00e0 la fin des hostilit\u00e9s, en 1945, la zone Jacquinot fut respect\u00e9e par toutes les parties. Les autorit\u00e9s chinoises reconnaissent aujourd\u2019hui que\u00a0l\u2019\u0153uvre du P\u00e8re\u00a0 Jacquinot a permis de sauver la vie de 300 000 \u00e0 500 000 civils. Cette prouesse lui vaut d\u2019\u00eatre l&rsquo;une des rares personnes mentionn\u00e9es plus tard dans les Conventions de Gen\u00e8ve.<\/p>\n<p>Quelques ann\u00e9es plus tard, envoy\u00e9 par le Saint-Si\u00e8ge pour aider les r\u00e9fugi\u00e9s de guerre, il poursuit sa mission d\u2019artisan de paix dans l\u2019Europe embras\u00e9e par la Seconde Guerre Mondiale. Il meurt en 1946 \u00e0 Berlin aux prises \u00e0 nouveau avec la question des sans-abris.<\/p>\n<p>[\/et_pb_text][et_pb_testimonial portrait_url=\u00a0\u00bbhttps:\/\/catholiques17.fr\/maisondiocesaine\/wp-content\/uploads\/sites\/33\/2023\/01\/logo-e1673012535122.png\u00a0\u00bb _builder_version=\u00a0\u00bb4.17.6&Prime; _module_preset=\u00a0\u00bbdefault\u00a0\u00bb global_colors_info=\u00a0\u00bb{}\u00a0\u00bb theme_builder_area=\u00a0\u00bbpost_content\u00a0\u00bb]<\/p>\n<p><span><strong>La longue et fructueuse itin\u00e9rance du P\u00e8re Robert Jacquinot peut nous inspirer pour la mission aujourd\u2019hui\u00a0:<\/strong><\/span><\/p>\n<p>Sa vie nous montre que l\u2019\u00e9ducation, l\u2019enseignement scolaire et universitaire sont des champs missionnaires essentiels pour le renouveau spirituel et la conversion de notre monde.<span>\u00a0<\/span><strong>La transmission est mission ! \u00a0Ne craignons pas de nous engager professionnellement ou b\u00e9n\u00e9volement dans ces secteurs clefs de mission ! \u00a0<\/strong><em>\u00ab La foi et la raison sont comme les deux ailes qui permettent \u00e0 l\u2019esprit humain de s\u2019\u00e9lever vers la contemplation de la v\u00e9rit\u00e9 \u00bb<span>\u00a0<\/span><\/em>enseignait saint Jean-Paul II.<\/p>\n<p><em>\u00ab Heureux les artisans de paix, car ils seront appel\u00e9s fils de Dieu \u00bb<\/em><span>\u00a0<\/span>(Mt 5, 9).<\/p>\n<p>L\u2019aventure de Robert Jacquinot nous r\u00e9v\u00e8le que<span>\u00a0<\/span><strong>la paix signe la pr\u00e9sence de Dieu<\/strong>. Don de Dieu, fruit du dialogue et de la collaboration, la paix demeure dans les c\u0153urs, dans les relations entre les personnes, entre les peuples et les nations.<span>\u00a0<\/span><strong>Ainsi la paix est \u00e0 la fois moyen et finalit\u00e9 de l\u2019\u00e9vang\u00e9lisation.<\/strong><\/p>\n<p>Le \u00ab mod\u00e8le Jacquinot \u00bb nous montre que la mission est un engagement non seulement au service des personnes, mais aussi au niveau politique et international.<span>\u00a0<\/span><strong>Les catholiques ont un r\u00f4le \u00e0 jouer, une v\u00e9ritable mission, dans les relations internationales.<\/strong><\/p>\n<p><a href=\"https:\/\/www.opm-france.org\/actualite\/aventuriers-missionnaires-pere-robert-jacquinot-artisan-paix\/\"><strong>Oeuvres Pontificales missionnaires<\/strong><\/a><\/p>\n<p>[\/et_pb_testimonial][\/et_pb_column][\/et_pb_row][\/et_pb_section]<\/p>\n","protected":false},"excerpt":{"rendered":"<p>Le p\u00e8re Robert Jacquinot de Besange na\u00eet \u00e0 Saintes en 1878, dans une famille d&rsquo;origine lorraine. Pendant sa jeunesse, un accident lui fait perdre un bras. Il rentre chez les [&hellip;]<\/p>\n","protected":false},"author":41,"featured_media":5973,"parent":5195,"menu_order":0,"comment_status":"closed","ping_status":"closed","template":"","meta":{"_et_pb_use_builder":"on","_et_pb_old_content":"","_et_gb_content_width":"","footnotes":""},"class_list":["post-5968","page","type-page","status-publish","has-post-thumbnail","hentry"],"_links":{"self":[{"href":"https:\/\/catholiques17.fr\/maisondiocesaine\/wp-json\/wp\/v2\/pages\/5968","targetHints":{"allow":["GET"]}}],"collection":[{"href":"https:\/\/catholiques17.fr\/maisondiocesaine\/wp-json\/wp\/v2\/pages"}],"about":[{"href":"https:\/\/catholiques17.fr\/maisondiocesaine\/wp-json\/wp\/v2\/types\/page"}],"author":[{"embeddable":true,"href":"https:\/\/catholiques17.fr\/maisondiocesaine\/wp-json\/wp\/v2\/users\/41"}],"replies":[{"embeddable":true,"href":"https:\/\/catholiques17.fr\/maisondiocesaine\/wp-json\/wp\/v2\/comments?post=5968"}],"version-history":[{"count":9,"href":"https:\/\/catholiques17.fr\/maisondiocesaine\/wp-json\/wp\/v2\/pages\/5968\/revisions"}],"predecessor-version":[{"id":6251,"href":"https:\/\/catholiques17.fr\/maisondiocesaine\/wp-json\/wp\/v2\/pages\/5968\/revisions\/6251"}],"up":[{"embeddable":true,"href":"https:\/\/catholiques17.fr\/maisondiocesaine\/wp-json\/wp\/v2\/pages\/5195"}],"wp:featuredmedia":[{"embeddable":true,"href":"https:\/\/catholiques17.fr\/maisondiocesaine\/wp-json\/wp\/v2\/media\/5973"}],"wp:attachment":[{"href":"https:\/\/catholiques17.fr\/maisondiocesaine\/wp-json\/wp\/v2\/media?parent=5968"}],"curies":[{"name":"wp","href":"https:\/\/api.w.org\/{rel}","templated":true}]}}

Le père Robert Jacquinot

<p>[et_pb_section fb_built= »1&Prime; _builder_version= »4.17.6&Prime; _module_preset= »default » global_colors_info= »{} » theme_builder_area= »post_content »][et_pb_row _builder_version= »4.17.6&Prime; _module_preset= »default » global_colors_info= »{} » theme_builder_area= »post_content »][et_pb_column type= »4_4&Prime; _builder_version= »4.17.6&Prime; _module_preset= »default » global_colors_info= »{} » theme_builder_area= »post_content »][et_pb_text _builder_version= »4.17.6&Prime; _module_preset= »default » global_colors_info= »{} » theme_builder_area= »post_content »]</p>
<p>Le père Robert Jacquinot de Besange naît à Saintes en 1878, dans une famille d&rsquo;origine lorraine.</p>
<p>Pendant sa jeunesse, un accident lui fait perdre un bras.</p>
<p>Il rentre chez les jésuites en 1894, en Angleterre (les jésuites ayant été expulsés de France), et devient missionnaire en Chine en 1913. Il y est vicaire en paroisse, et professeur à l&rsquo;université Aurore de Shanghai, fondée par les jésuites. Sa vie est soudainement bouleversée par la guerre sino-japonaise qui éclate en 1937. A l’automne, les bombardements japonais ravagent Shanghai et font des milliers de blessés, militaires et civils.</p>
<p>Le Père Jacquinot parvient à mettre en place une commission de médiation entre les deux camps, qui permettent d&rsquo;obtenir une trêve de 4 heures, pendant laquelle les blessés et les civils pris au milieu de la bataille peuvent être évacués. Il poursuit ses efforts diplomatiques et obtient l’instauration d’une zone de sécurité démilitarisée dans la vieille ville de Shanghai. C&rsquo;est ce qu’on appellera le « modèle Jacquinot » : un espace démilitarisé, en plein cœur du conflit, qui permet la protection des civils. Jusqu’à la fin des hostilités, en 1945, la zone Jacquinot fut respectée par toutes les parties. Les autorités chinoises reconnaissent aujourd’hui que l’œuvre du Père  Jacquinot a permis de sauver la vie de 300 000 à 500 000 civils. Cette prouesse lui vaut d’être l&rsquo;une des rares personnes mentionnées plus tard dans les Conventions de Genève.</p>
<p>Quelques années plus tard, envoyé par le Saint-Siège pour aider les réfugiés de guerre, il poursuit sa mission d’artisan de paix dans l’Europe embrasée par la Seconde Guerre Mondiale. Il meurt en 1946 à Berlin aux prises à nouveau avec la question des sans-abris.</p>
<p>[/et_pb_text][et_pb_testimonial portrait_url= »https://catholiques17.fr/maisondiocesaine/wp-content/uploads/sites/33/2023/01/logo-e1673012535122.png » _builder_version= »4.17.6&Prime; _module_preset= »default » global_colors_info= »{} » theme_builder_area= »post_content »]</p>
<p><span><strong>La longue et fructueuse itinérance du Père Robert Jacquinot peut nous inspirer pour la mission aujourd’hui :</strong></span></p>
<p>Sa vie nous montre que l’éducation, l’enseignement scolaire et universitaire sont des champs missionnaires essentiels pour le renouveau spirituel et la conversion de notre monde.<span> </span><strong>La transmission est mission !  Ne craignons pas de nous engager professionnellement ou bénévolement dans ces secteurs clefs de mission !  </strong><em>« La foi et la raison sont comme les deux ailes qui permettent à l’esprit humain de s’élever vers la contemplation de la vérité »<span> </span></em>enseignait saint Jean-Paul II.</p>
<p><em>« Heureux les artisans de paix, car ils seront appelés fils de Dieu »</em><span> </span>(Mt 5, 9).</p>
<p>L’aventure de Robert Jacquinot nous révèle que<span> </span><strong>la paix signe la présence de Dieu</strong>. Don de Dieu, fruit du dialogue et de la collaboration, la paix demeure dans les cœurs, dans les relations entre les personnes, entre les peuples et les nations.<span> </span><strong>Ainsi la paix est à la fois moyen et finalité de l’évangélisation.</strong></p>
<p>Le « modèle Jacquinot » nous montre que la mission est un engagement non seulement au service des personnes, mais aussi au niveau politique et international.<span> </span><strong>Les catholiques ont un rôle à jouer, une véritable mission, dans les relations internationales.</strong></p>
<p><a href="https://www.opm-france.org/actualite/aventuriers-missionnaires-pere-robert-jacquinot-artisan-paix/"><strong>Oeuvres Pontificales missionnaires</strong></a></p>
<p>[/et_pb_testimonial][/et_pb_column][/et_pb_row][/et_pb_section]</p>

<p>Le père Robert Jacquinot de Besange naît à Saintes en 1878, dans une famille d&rsquo;origine lorraine. Pendant sa jeunesse, un accident lui fait perdre un bras. Il rentre chez les [&hellip;]</p>
