{"id":5202,"date":"2022-10-11T14:31:00","date_gmt":"2022-10-11T12:31:00","guid":{"rendered":"https:\/\/catholiques17.fr\/maisondiocesaine\/?page_id=5202"},"modified":"2024-03-18T10:43:30","modified_gmt":"2024-03-18T09:43:30","slug":"librairie","status":"publish","type":"page","link":"https:\/\/catholiques17.fr\/maisondiocesaine\/librairie\/","title":{"rendered":"Le d\u00e9p\u00f4t de la Librairie Silo\u00eb"},"content":{"rendered":"\n[et_pb_section fb_built=\u00a0\u00bb1&Prime; _builder_version=\u00a0\u00bb4.17.6&Prime; _module_preset=\u00a0\u00bbdefault\u00a0\u00bb global_colors_info=\u00a0\u00bb{}\u00a0\u00bb theme_builder_area=\u00a0\u00bbpost_content\u00a0\u00bb][et_pb_row _builder_version=\u00a0\u00bb4.17.6&Prime; _module_preset=\u00a0\u00bbdefault\u00a0\u00bb global_colors_info=\u00a0\u00bb{}\u00a0\u00bb theme_builder_area=\u00a0\u00bbpost_content\u00a0\u00bb][et_pb_column type=\u00a0\u00bb4_4&Prime; _builder_version=\u00a0\u00bb4.17.6&Prime; _module_preset=\u00a0\u00bbdefault\u00a0\u00bb global_colors_info=\u00a0\u00bb{}\u00a0\u00bb theme_builder_area=\u00a0\u00bbpost_content\u00a0\u00bb][et_pb_slider _builder_version=\u00a0\u00bb4.17.6&Prime; _module_preset=\u00a0\u00bbdefault\u00a0\u00bb background_color=\u00a0\u00bb#BC3434&Prime; hover_enabled=\u00a0\u00bb0&Prime; locked=\u00a0\u00bboff\u00a0\u00bb global_colors_info=\u00a0\u00bb{}\u00a0\u00bb theme_builder_area=\u00a0\u00bbpost_content\u00a0\u00bb sticky_enabled=\u00a0\u00bb0&Prime;][et_pb_slide heading=\u00a0\u00bbLe d\u00e9p\u00f4t de la librairie Silo\u00eb\u00a0\u00bb _builder_version=\u00a0\u00bb4.17.6&Prime; _module_preset=\u00a0\u00bbdefault\u00a0\u00bb body_text_color=\u00a0\u00bb#FFFFFF\u00a0\u00bb locked=\u00a0\u00bboff\u00a0\u00bb global_colors_info=\u00a0\u00bb{}\u00a0\u00bb sticky_transition=\u00a0\u00bbon\u00a0\u00bb theme_builder_area=\u00a0\u00bbpost_content\u00a0\u00bb]<div class=\"et_pb_module et_pb_text et_pb_text_3  et_pb_text_align_left et_pb_bg_layout_light\">\n<div class=\"et_pb_text_inner\">\n<p>Le d\u00e9p\u00f4t Silo\u00eb de Saintes vous accueille depuis avril 2018. Il propose un choix de livres chr\u00e9tiens pour tous les \u00e2ges, ainsi que sur les autres religions, et sur la r\u00e9gion. Vous y trouverez aussi des CD, des DVD, des objets d\u2019art religieux, des produits monastiques et des cartes.<\/p>\n<p>Lydie Auriol, libraire sp\u00e9cialis\u00e9e et form\u00e9e dans ce domaine, se fera un grand plaisir de vous partager ses lectures, coups de c\u0153ur et nouveaut\u00e9s !<\/p>\n<p>&nbsp;<\/p>\n<\/div>\n<\/div>\n<div class=\"et_pb_module et_pb_text et_pb_text_4  et_pb_text_align_left et_pb_bg_layout_light\">\n<div class=\"et_pb_text_inner\">\n<h3 style=\"text-align: center;\">Maison dioc\u00e9saine<\/h3>\n<h3 style=\"text-align: center;\">6 all\u00e9e du S\u00e9minaire<br \/>17100 Saintes<\/h3>\n<h3 style=\"text-align: center;\">05 46 93 78 73<\/h3>\n<h3 style=\"text-align: center;\">siloe.saintes@gmail.com<\/h3>\n<\/div>\n<\/div>\n<div class=\"et_pb_module et_pb_text et_pb_text_5  et_pb_text_align_left et_pb_bg_layout_light\">\n<div class=\"et_pb_text_inner\">\n<p>&nbsp;<\/p>\n<\/div>\n<\/div>\n<h3 style=\"text-align: center;\">Horaires d&rsquo;ouverture<\/h3>\n<div jscontroller=\"pttite\" class=\"bJpcZ t-oh\" jsaction=\"rcuQ6b:npT2md\">\n<div aria-expanded=\"false\" class=\"vk_bk h-n\" role=\"button\" jsaction=\"ytNONe\" data-ved=\"2ahUKEwj6l8zirLH8AhXaRaQEHSFGDQMQoT56BAg5EAM\" style=\"text-align: center;\" tabindex=\"0\"><span class=\"IDu36\"><span><span class=\"TLou0b\"><span class=\"JjSWRd\"><span class=\"BTP3Ac\"><\/span><\/span><\/span><\/span><\/span><\/div>\n<div class=\"a-h\">\n<div jsname=\"vMIvv\" class=\"vk_bk\" jsaction=\"ytNONe\" aria-expanded=\"true\" role=\"button\" data-ved=\"2ahUKEwj6l8zirLH8AhXaRaQEHSFGDQMQ5nF6BAg5EAQ\" tabindex=\"0\">\n<table class=\"WgFkxc\" style=\"width: 306px; margin-left: auto; margin-right: auto;\" height=\"331\">\n<tbody>\n<tr style=\"text-align: center;\">\n<td class=\"SKNSIb\" style=\"width: 135px;\">mardi<\/td>\n<td style=\"width: 155.762px;\">\n<p>09:00\u201312:30<\/p>\n<p>13:30-17:00<\/p>\n<\/td>\n<\/tr>\n<tr class=\"K7Ltle\" style=\"text-align: center;\">\n<td class=\"SKNSIb\" style=\"width: 135px;\">jeudi<\/td>\n<td style=\"width: 155.762px;\">\n<p>09:00\u201312:30<\/p>\n<p>13:30-17:00<\/p>\n<\/td>\n<\/tr>\n<tr style=\"text-align: center;\">\n<td class=\"SKNSIb\" style=\"width: 135px;\">vendredi<\/td>\n<td style=\"width: 155.762px;\">\n<p>09:00\u201312:30<\/p>\n<p>13:30-17:00<\/p>\n<\/td>\n<\/tr>\n<\/tbody>\n<\/table>\n<p>&nbsp;<\/p>\n<\/div>\n<\/div>\n<\/div>[\/et_pb_slide][\/et_pb_slider][\/et_pb_column][\/et_pb_row][et_pb_row _builder_version=\u00a0\u00bb4.17.6&Prime; _module_preset=\u00a0\u00bbdefault\u00a0\u00bb global_colors_info=\u00a0\u00bb{}\u00a0\u00bb theme_builder_area=\u00a0\u00bbpost_content\u00a0\u00bb][et_pb_column type=\u00a0\u00bb4_4&Prime; _builder_version=\u00a0\u00bb4.17.6&Prime; _module_preset=\u00a0\u00bbdefault\u00a0\u00bb global_colors_info=\u00a0\u00bb{}\u00a0\u00bb theme_builder_area=\u00a0\u00bbpost_content\u00a0\u00bb][et_pb_image src=\u00a0\u00bbhttps:\/\/catholiques17.fr\/maisondiocesaine\/wp-content\/uploads\/sites\/33\/2022\/10\/Maison-diocesaine-5.jpg\u00a0\u00bb title_text=\u00a0\u00bbLa librairie Silo\u00eb, \u00e0 l&rsquo;entr\u00e9e de la Maison dioc\u00e9saine\u00a0\u00bb _builder_version=\u00a0\u00bb4.17.6&Prime; _module_preset=\u00a0\u00bbdefault\u00a0\u00bb global_colors_info=\u00a0\u00bb{}\u00a0\u00bb theme_builder_area=\u00a0\u00bbpost_content\u00a0\u00bb][\/et_pb_image][\/et_pb_column][\/et_pb_row][\/et_pb_section]\n","protected":false},"excerpt":{"rendered":"<p>Le d\u00e9p\u00f4t Silo\u00eb de Saintes vous accueille depuis avril 2018. Il propose un choix de livres chr\u00e9tiens pour tous les \u00e2ges, ainsi que sur les autres religions, et sur la [&hellip;]<\/p>\n","protected":false},"author":4,"featured_media":6046,"parent":0,"menu_order":0,"comment_status":"closed","ping_status":"closed","template":"","meta":{"_et_pb_use_builder":"on","_et_pb_old_content":"","_et_gb_content_width":"","footnotes":""},"class_list":["post-5202","page","type-page","status-publish","has-post-thumbnail","hentry"],"_links":{"self":[{"href":"https:\/\/catholiques17.fr\/maisondiocesaine\/wp-json\/wp\/v2\/pages\/5202","targetHints":{"allow":["GET"]}}],"collection":[{"href":"https:\/\/catholiques17.fr\/maisondiocesaine\/wp-json\/wp\/v2\/pages"}],"about":[{"href":"https:\/\/catholiques17.fr\/maisondiocesaine\/wp-json\/wp\/v2\/types\/page"}],"author":[{"embeddable":true,"href":"https:\/\/catholiques17.fr\/maisondiocesaine\/wp-json\/wp\/v2\/users\/4"}],"replies":[{"embeddable":true,"href":"https:\/\/catholiques17.fr\/maisondiocesaine\/wp-json\/wp\/v2\/comments?post=5202"}],"version-history":[{"count":10,"href":"https:\/\/catholiques17.fr\/maisondiocesaine\/wp-json\/wp\/v2\/pages\/5202\/revisions"}],"predecessor-version":[{"id":6301,"href":"https:\/\/catholiques17.fr\/maisondiocesaine\/wp-json\/wp\/v2\/pages\/5202\/revisions\/6301"}],"wp:featuredmedia":[{"embeddable":true,"href":"https:\/\/catholiques17.fr\/maisondiocesaine\/wp-json\/wp\/v2\/media\/6046"}],"wp:attachment":[{"href":"https:\/\/catholiques17.fr\/maisondiocesaine\/wp-json\/wp\/v2\/media?parent=5202"}],"curies":[{"name":"wp","href":"https:\/\/api.w.org\/{rel}","templated":true}]}}

Le dépôt de la Librairie Siloë

[et_pb_section fb_built= »1&Prime; _builder_version= »4.17.6&Prime; _module_preset= »default » global_colors_info= »{} » theme_builder_area= »post_content »][et_pb_row _builder_version= »4.17.6&Prime; _module_preset= »default » global_colors_info= »{} » theme_builder_area= »post_content »][et_pb_column type= »4_4&Prime; _builder_version= »4.17.6&Prime; _module_preset= »default » global_colors_info= »{} » theme_builder_area= »post_content »][et_pb_slider _builder_version= »4.17.6&Prime; _module_preset= »default » background_color= »#BC3434&Prime; hover_enabled= »0&Prime; locked= »off » global_colors_info= »{} » theme_builder_area= »post_content » sticky_enabled= »0&Prime;][et_pb_slide heading= »Le dépôt de la librairie Siloë » _builder_version= »4.17.6&Prime; _module_preset= »default » body_text_color= »#FFFFFF » locked= »off » global_colors_info= »{} » sticky_transition= »on » theme_builder_area= »post_content »]<div class="et_pb_module et_pb_text et_pb_text_3  et_pb_text_align_left et_pb_bg_layout_light">
<div class="et_pb_text_inner">
<p>Le dépôt Siloë de Saintes vous accueille depuis avril 2018. Il propose un choix de livres chrétiens pour tous les âges, ainsi que sur les autres religions, et sur la région. Vous y trouverez aussi des CD, des DVD, des objets d’art religieux, des produits monastiques et des cartes.</p>
<p>Lydie Auriol, libraire spécialisée et formée dans ce domaine, se fera un grand plaisir de vous partager ses lectures, coups de cœur et nouveautés !</p>
<p>&nbsp;</p>
</div>
</div>
<div class="et_pb_module et_pb_text et_pb_text_4  et_pb_text_align_left et_pb_bg_layout_light">
<div class="et_pb_text_inner">
<h3 style="text-align: center;">Maison diocésaine</h3>
<h3 style="text-align: center;">6 allée du Séminaire<br />17100 Saintes</h3>
<h3 style="text-align: center;">05 46 93 78 73</h3>
<h3 style="text-align: center;">siloe.saintes@gmail.com</h3>
</div>
</div>
<div class="et_pb_module et_pb_text et_pb_text_5  et_pb_text_align_left et_pb_bg_layout_light">
<div class="et_pb_text_inner">
<p>&nbsp;</p>
</div>
</div>
<h3 style="text-align: center;">Horaires d&rsquo;ouverture</h3>
<div jscontroller="pttite" class="bJpcZ t-oh" jsaction="rcuQ6b:npT2md">
<div aria-expanded="false" class="vk_bk h-n" role="button" jsaction="ytNONe" data-ved="2ahUKEwj6l8zirLH8AhXaRaQEHSFGDQMQoT56BAg5EAM" style="text-align: center;" tabindex="0"><span class="IDu36"><span><span class="TLou0b"><span class="JjSWRd"><span class="BTP3Ac"></span></span></span></span></span></div>
<div class="a-h">
<div jsname="vMIvv" class="vk_bk" jsaction="ytNONe" aria-expanded="true" role="button" data-ved="2ahUKEwj6l8zirLH8AhXaRaQEHSFGDQMQ5nF6BAg5EAQ" tabindex="0">
<table class="WgFkxc" style="width: 306px; margin-left: auto; margin-right: auto;" height="331">
<tbody>
<tr style="text-align: center;">
<td class="SKNSIb" style="width: 135px;">mardi</td>
<td style="width: 155.762px;">
<p>09:00–12:30</p>
<p>13:30-17:00</p>
</td>
</tr>
<tr class="K7Ltle" style="text-align: center;">
<td class="SKNSIb" style="width: 135px;">jeudi</td>
<td style="width: 155.762px;">
<p>09:00–12:30</p>
<p>13:30-17:00</p>
</td>
</tr>
<tr style="text-align: center;">
<td class="SKNSIb" style="width: 135px;">vendredi</td>
<td style="width: 155.762px;">
<p>09:00–12:30</p>
<p>13:30-17:00</p>
</td>
</tr>
</tbody>
</table>
<p>&nbsp;</p>
</div>
</div>
</div>[/et_pb_slide][/et_pb_slider][/et_pb_column][/et_pb_row][et_pb_row _builder_version= »4.17.6&Prime; _module_preset= »default » global_colors_info= »{} » theme_builder_area= »post_content »][et_pb_column type= »4_4&Prime; _builder_version= »4.17.6&Prime; _module_preset= »default » global_colors_info= »{} » theme_builder_area= »post_content »][et_pb_image src= »https://catholiques17.fr/maisondiocesaine/wp-content/uploads/sites/33/2022/10/Maison-diocesaine-5.jpg » title_text= »La librairie Siloë, à l&rsquo;entrée de la Maison diocésaine » _builder_version= »4.17.6&Prime; _module_preset= »default » global_colors_info= »{} » theme_builder_area= »post_content »][/et_pb_image][/et_pb_column][/et_pb_row][/et_pb_section]

<p>Le dépôt Siloë de Saintes vous accueille depuis avril 2018. Il propose un choix de livres chrétiens pour tous les âges, ainsi que sur les autres religions, et sur la [&hellip;]</p>
