{"id":5198,"date":"2021-12-02T14:30:20","date_gmt":"2021-12-02T13:30:20","guid":{"rendered":"https:\/\/catholiques17.fr\/maisondiocesaine\/?page_id=5198"},"modified":"2023-11-17T11:32:55","modified_gmt":"2023-11-17T10:32:55","slug":"salles","status":"publish","type":"page","link":"https:\/\/catholiques17.fr\/maisondiocesaine\/salles\/","title":{"rendered":"Mise \u00e0 disposition de salles"},"content":{"rendered":"<p>[et_pb_section fb_built=\u00a0\u00bb1&Prime; _builder_version=\u00a0\u00bb4.17.6&Prime; _module_preset=\u00a0\u00bbdefault\u00a0\u00bb custom_padding=\u00a0\u00bb18px|||||\u00a0\u00bb global_colors_info=\u00a0\u00bb{}\u00a0\u00bb theme_builder_area=\u00a0\u00bbpost_content\u00a0\u00bb][et_pb_row _builder_version=\u00a0\u00bb4.17.6&Prime; _module_preset=\u00a0\u00bbdefault\u00a0\u00bb global_colors_info=\u00a0\u00bb{}\u00a0\u00bb theme_builder_area=\u00a0\u00bbpost_content\u00a0\u00bb][et_pb_column type=\u00a0\u00bb4_4&Prime; _builder_version=\u00a0\u00bb4.17.6&Prime; _module_preset=\u00a0\u00bbdefault\u00a0\u00bb global_colors_info=\u00a0\u00bb{}\u00a0\u00bb theme_builder_area=\u00a0\u00bbpost_content\u00a0\u00bb][et_pb_text _builder_version=\u00a0\u00bb4.17.6&Prime; _module_preset=\u00a0\u00bbdefault\u00a0\u00bb custom_margin_tablet=\u00a0\u00bb\u00a0\u00bb custom_margin_phone=\u00a0\u00bb\u00a0\u00bb custom_margin_last_edited=\u00a0\u00bbon|phone\u00a0\u00bb global_colors_info=\u00a0\u00bb{}\u00a0\u00bb theme_builder_area=\u00a0\u00bbpost_content\u00a0\u00bb]<\/p>\n<p>Au sein de b\u00e2timents majestueux, dans le calme et la verdure, vous pouvez organiser les rencontres de votre entreprise, de votre association, de votre paroisse, ou vos \u00e9v\u00e9nements familiaux.<\/p>\n<p>Pour cela, la Maison Dioc\u00e9saine met \u00e0 disposition des salles de 5 \u00e0 140 places, ainsi qu\u2019une salle de restauration de 120 couverts avec une cuisine professionnelle, et un parc de 5000 m\u00b2. Elle dispose \u00e9galement d\u2019une chapelle et d\u2019un oratoire.<\/p>\n<h3 style=\"text-align: center;\">D\u00e9couvrez nos salles !<\/h3>\n<p>&nbsp;<\/p>\n<p>[\/et_pb_text][\/et_pb_column][\/et_pb_row][et_pb_row _builder_version=\u00a0\u00bb4.17.6&Prime; _module_preset=\u00a0\u00bbdefault\u00a0\u00bb global_colors_info=\u00a0\u00bb{}\u00a0\u00bb theme_builder_area=\u00a0\u00bbpost_content\u00a0\u00bb][et_pb_column type=\u00a0\u00bb4_4&Prime; _builder_version=\u00a0\u00bb4.17.6&Prime; _module_preset=\u00a0\u00bbdefault\u00a0\u00bb global_colors_info=\u00a0\u00bb{}\u00a0\u00bb theme_builder_area=\u00a0\u00bbpost_content\u00a0\u00bb][et_pb_post_slider posts_number=\u00a0\u00bb10&Prime; include_categories=\u00a0\u00bb6&Prime; orderby=\u00a0\u00bbdate_asc\u00a0\u00bb more_text=\u00a0\u00bbEn savoir plus\u00a0\u00bb excerpt_length=\u00a0\u00bb100&Prime; show_meta=\u00a0\u00bboff\u00a0\u00bb _builder_version=\u00a0\u00bb4.17.6&Prime; _module_preset=\u00a0\u00bbdefault\u00a0\u00bb auto=\u00a0\u00bbon\u00a0\u00bb locked=\u00a0\u00bboff\u00a0\u00bb global_colors_info=\u00a0\u00bb{}\u00a0\u00bb theme_builder_area=\u00a0\u00bbpost_content\u00a0\u00bb][\/et_pb_post_slider][\/et_pb_column][\/et_pb_row][\/et_pb_section]<\/p>\n","protected":false},"excerpt":{"rendered":"<p>Au sein de b\u00e2timents majestueux, dans le calme et la verdure, vous pouvez organiser les rencontres de votre entreprise, de votre association, de votre paroisse, ou vos \u00e9v\u00e9nements familiaux. Pour [&hellip;]<\/p>\n","protected":false},"author":4,"featured_media":6200,"parent":0,"menu_order":0,"comment_status":"closed","ping_status":"closed","template":"","meta":{"_et_pb_use_builder":"on","_et_pb_old_content":"","_et_gb_content_width":"","footnotes":""},"class_list":["post-5198","page","type-page","status-publish","has-post-thumbnail","hentry"],"_links":{"self":[{"href":"https:\/\/catholiques17.fr\/maisondiocesaine\/wp-json\/wp\/v2\/pages\/5198","targetHints":{"allow":["GET"]}}],"collection":[{"href":"https:\/\/catholiques17.fr\/maisondiocesaine\/wp-json\/wp\/v2\/pages"}],"about":[{"href":"https:\/\/catholiques17.fr\/maisondiocesaine\/wp-json\/wp\/v2\/types\/page"}],"author":[{"embeddable":true,"href":"https:\/\/catholiques17.fr\/maisondiocesaine\/wp-json\/wp\/v2\/users\/4"}],"replies":[{"embeddable":true,"href":"https:\/\/catholiques17.fr\/maisondiocesaine\/wp-json\/wp\/v2\/comments?post=5198"}],"version-history":[{"count":9,"href":"https:\/\/catholiques17.fr\/maisondiocesaine\/wp-json\/wp\/v2\/pages\/5198\/revisions"}],"predecessor-version":[{"id":6286,"href":"https:\/\/catholiques17.fr\/maisondiocesaine\/wp-json\/wp\/v2\/pages\/5198\/revisions\/6286"}],"wp:featuredmedia":[{"embeddable":true,"href":"https:\/\/catholiques17.fr\/maisondiocesaine\/wp-json\/wp\/v2\/media\/6200"}],"wp:attachment":[{"href":"https:\/\/catholiques17.fr\/maisondiocesaine\/wp-json\/wp\/v2\/media?parent=5198"}],"curies":[{"name":"wp","href":"https:\/\/api.w.org\/{rel}","templated":true}]}}

Mise à disposition de salles

<p>[et_pb_section fb_built= »1&Prime; _builder_version= »4.17.6&Prime; _module_preset= »default » custom_padding= »18px||||| » global_colors_info= »{} » theme_builder_area= »post_content »][et_pb_row _builder_version= »4.17.6&Prime; _module_preset= »default » global_colors_info= »{} » theme_builder_area= »post_content »][et_pb_column type= »4_4&Prime; _builder_version= »4.17.6&Prime; _module_preset= »default » global_colors_info= »{} » theme_builder_area= »post_content »][et_pb_text _builder_version= »4.17.6&Prime; _module_preset= »default » custom_margin_tablet= » » custom_margin_phone= » » custom_margin_last_edited= »on|phone » global_colors_info= »{} » theme_builder_area= »post_content »]</p>
<p>Au sein de bâtiments majestueux, dans le calme et la verdure, vous pouvez organiser les rencontres de votre entreprise, de votre association, de votre paroisse, ou vos événements familiaux.</p>
<p>Pour cela, la Maison Diocésaine met à disposition des salles de 5 à 140 places, ainsi qu’une salle de restauration de 120 couverts avec une cuisine professionnelle, et un parc de 5000 m². Elle dispose également d’une chapelle et d’un oratoire.</p>
<h3 style="text-align: center;">Découvrez nos salles !</h3>
<p>&nbsp;</p>
<p>[/et_pb_text][/et_pb_column][/et_pb_row][et_pb_row _builder_version= »4.17.6&Prime; _module_preset= »default » global_colors_info= »{} » theme_builder_area= »post_content »][et_pb_column type= »4_4&Prime; _builder_version= »4.17.6&Prime; _module_preset= »default » global_colors_info= »{} » theme_builder_area= »post_content »][et_pb_post_slider posts_number= »10&Prime; include_categories= »6&Prime; orderby= »date_asc » more_text= »En savoir plus » excerpt_length= »100&Prime; show_meta= »off » _builder_version= »4.17.6&Prime; _module_preset= »default » auto= »on » locked= »off » global_colors_info= »{} » theme_builder_area= »post_content »][/et_pb_post_slider][/et_pb_column][/et_pb_row][/et_pb_section]</p>

<p>Au sein de bâtiments majestueux, dans le calme et la verdure, vous pouvez organiser les rencontres de votre entreprise, de votre association, de votre paroisse, ou vos événements familiaux. Pour [&hellip;]</p>
