{"id":5195,"date":"2021-12-02T14:29:56","date_gmt":"2021-12-02T13:29:56","guid":{"rendered":"https:\/\/catholiques17.fr\/maisondiocesaine\/?page_id=5195"},"modified":"2023-01-11T12:08:46","modified_gmt":"2023-01-11T11:08:46","slug":"decouvrir","status":"publish","type":"page","link":"https:\/\/catholiques17.fr\/maisondiocesaine\/decouvrir\/","title":{"rendered":"D\u00e9couvrir la Maison dioc\u00e9saine"},"content":{"rendered":"\n[et_pb_section fb_built=\u00a0\u00bb1&Prime; theme_builder_area=\u00a0\u00bbpost_content\u00a0\u00bb _builder_version=\u00a0\u00bb4.17.6&Prime; _module_preset=\u00a0\u00bbdefault\u00a0\u00bb][et_pb_row _builder_version=\u00a0\u00bb4.17.6&Prime; _module_preset=\u00a0\u00bbdefault\u00a0\u00bb theme_builder_area=\u00a0\u00bbpost_content\u00a0\u00bb column_structure=\u00a0\u00bb1_2,1_2&Prime;][et_pb_column _builder_version=\u00a0\u00bb4.17.6&Prime; _module_preset=\u00a0\u00bbdefault\u00a0\u00bb type=\u00a0\u00bb1_2&Prime; theme_builder_area=\u00a0\u00bbpost_content\u00a0\u00bb][et_pb_slider _builder_version=\u00a0\u00bb4.17.6&Prime; _module_preset=\u00a0\u00bbdefault\u00a0\u00bb theme_builder_area=\u00a0\u00bbpost_content\u00a0\u00bb hover_enabled=\u00a0\u00bb0&Prime; sticky_enabled=\u00a0\u00bb0&Prime;][et_pb_slide heading=\u00a0\u00bbHistoire de la Maison dioc\u00e9saine\u00a0\u00bb button_text=\u00a0\u00bbD\u00e9couvrir\u00a0\u00bb _builder_version=\u00a0\u00bb4.17.6&Prime; _module_preset=\u00a0\u00bbdefault\u00a0\u00bb theme_builder_area=\u00a0\u00bbpost_content\u00a0\u00bb button_link=\u00a0\u00bbhttps:\/\/catholiques17.fr\/maisondiocesaine\/decouvrir\/histoire-de-la-maison-diocesaine\/\u00a0\u00bb title_text=\u00a0\u00bbVue a\u00e9rienne\u00a0\u00bb background_image=\u00a0\u00bbhttps:\/\/catholiques17.fr\/maisondiocesaine\/wp-content\/uploads\/sites\/33\/2023\/01\/Vue-aerienne.png\u00a0\u00bb background_enable_image=\u00a0\u00bbon\u00a0\u00bb text_shadow_style=\u00a0\u00bbpreset2&Prime; hover_enabled=\u00a0\u00bb0&Prime; sticky_enabled=\u00a0\u00bb0&Prime;]<p>D\u00e9couvrez l&rsquo;histoire de ce lieu, Carmel, h\u00f4pital militaire, petit s\u00e9minaire, devenu Maison dioc\u00e9saine P\u00e8re Robert Jacquinot.<\/p>[\/et_pb_slide][\/et_pb_slider][et_pb_slider _builder_version=\u00a0\u00bb4.17.6&Prime; _module_preset=\u00a0\u00bbdefault\u00a0\u00bb theme_builder_area=\u00a0\u00bbpost_content\u00a0\u00bb hover_enabled=\u00a0\u00bb0&Prime; sticky_enabled=\u00a0\u00bb0&Prime; link_option_url=\u00a0\u00bbhttps:\/\/catholiques17.fr\/maisondiocesaine\/decouvrir\/infos-pratiques\/\u00a0\u00bb][et_pb_slide heading=\u00a0\u00bbInformation pratiques\u00a0\u00bb button_text=\u00a0\u00bbD\u00e9couvrir\u00a0\u00bb _builder_version=\u00a0\u00bb4.17.6&Prime; _module_preset=\u00a0\u00bbdefault\u00a0\u00bb theme_builder_area=\u00a0\u00bbpost_content\u00a0\u00bb button_link=\u00a0\u00bbhttps:\/\/catholiques17.fr\/maisondiocesaine\/decouvrir\/infos-pratiques\/\u00a0\u00bb title_text=\u00a0\u00bbL&rsquo;entr\u00e9e de la Maison dioc\u00e9saine\u00a0\u00bb background_image=\u00a0\u00bbhttps:\/\/catholiques17.fr\/maisondiocesaine\/wp-content\/uploads\/sites\/33\/2022\/10\/Entree-Maison-diocesaine.jpg\u00a0\u00bb background_enable_image=\u00a0\u00bbon\u00a0\u00bb text_shadow_style=\u00a0\u00bbpreset2&Prime; hover_enabled=\u00a0\u00bb0&Prime; sticky_enabled=\u00a0\u00bb0&Prime;]<p>Horaires d&rsquo;ouverture, contact, acc\u00e8s&#8230;<\/p>[\/et_pb_slide][\/et_pb_slider][\/et_pb_column][et_pb_column _builder_version=\u00a0\u00bb4.17.6&Prime; _module_preset=\u00a0\u00bbdefault\u00a0\u00bb type=\u00a0\u00bb1_2&Prime; theme_builder_area=\u00a0\u00bbpost_content\u00a0\u00bb][et_pb_slider _builder_version=\u00a0\u00bb4.17.6&Prime; _module_preset=\u00a0\u00bbdefault\u00a0\u00bb theme_builder_area=\u00a0\u00bbpost_content\u00a0\u00bb hover_enabled=\u00a0\u00bb0&Prime; sticky_enabled=\u00a0\u00bb0&Prime;][et_pb_slide heading=\u00a0\u00bbLe P\u00e8re Robert Jacquinot\u00a0\u00bb button_text=\u00a0\u00bbD\u00e9couvrir\u00a0\u00bb _builder_version=\u00a0\u00bb4.17.6&Prime; _module_preset=\u00a0\u00bbdefault\u00a0\u00bb theme_builder_area=\u00a0\u00bbpost_content\u00a0\u00bb button_link=\u00a0\u00bbhttps:\/\/catholiques17.fr\/maisondiocesaine\/?page_id=5968&Prime; title_text=\u00a0\u00bbLe P\u00e8re Jacquinot\u00a0\u00bb background_image=\u00a0\u00bbhttps:\/\/catholiques17.fr\/maisondiocesaine\/wp-content\/uploads\/sites\/33\/2022\/10\/PereJacquinot_1.jpg\u00a0\u00bb background_enable_image=\u00a0\u00bbon\u00a0\u00bb text_shadow_style=\u00a0\u00bbpreset2&Prime; hover_enabled=\u00a0\u00bb0&Prime; sticky_enabled=\u00a0\u00bb0&Prime;]<p>De Saintes \u00e0 Shanghai, d\u00e9couvrez la vie et l&rsquo;action du P\u00e8re Robert Jacquinot.<\/p>[\/et_pb_slide][\/et_pb_slider][et_pb_slider _builder_version=\u00a0\u00bb4.17.6&Prime; _module_preset=\u00a0\u00bbdefault\u00a0\u00bb theme_builder_area=\u00a0\u00bbpost_content\u00a0\u00bb hover_enabled=\u00a0\u00bb0&Prime; sticky_enabled=\u00a0\u00bb0&Prime;][et_pb_slide heading=\u00a0\u00bbExpositions\u00a0\u00bb button_text=\u00a0\u00bbD\u00e9couvrir\u00a0\u00bb _builder_version=\u00a0\u00bb4.17.6&Prime; _module_preset=\u00a0\u00bbdefault\u00a0\u00bb theme_builder_area=\u00a0\u00bbpost_content\u00a0\u00bb button_link=\u00a0\u00bbhttps:\/\/catholiques17.fr\/maisondiocesaine\/decouvrir\/expositions\/\u00a0\u00bb title_text=\u00a0\u00bbLe clo\u00eetre de la Maison dioc\u00e9saine\u00a0\u00bb background_image=\u00a0\u00bbhttps:\/\/catholiques17.fr\/maisondiocesaine\/wp-content\/uploads\/sites\/33\/2023\/01\/DSC03261-2048&#215;1365-1.jpg\u00a0\u00bb background_enable_image=\u00a0\u00bbon\u00a0\u00bb text_shadow_style=\u00a0\u00bbpreset2&Prime; hover_enabled=\u00a0\u00bb0&Prime; sticky_enabled=\u00a0\u00bb0&Prime;]<p>Des expositions artistiques, culturelles ou religieuses peuvent \u00eatre propos\u00e9es dans le clo\u00eetre de la Maison dioc\u00e9saine.<\/p>\n<p>&nbsp;<\/p>[\/et_pb_slide][\/et_pb_slider][\/et_pb_column][\/et_pb_row][\/et_pb_section]\n","protected":false},"excerpt":{"rendered":"<p>D\u00e9couvrez l&rsquo;histoire de ce lieu, Carmel, h\u00f4pital militaire, petit s\u00e9minaire, devenu Maison dioc\u00e9saine P\u00e8re Robert Jacquinot.Horaires d&rsquo;ouverture, contact, acc\u00e8s&#8230;De Saintes \u00e0 Shanghai, d\u00e9couvrez la vie et l&rsquo;action du P\u00e8re Robert [&hellip;]<\/p>\n","protected":false},"author":4,"featured_media":0,"parent":0,"menu_order":0,"comment_status":"closed","ping_status":"closed","template":"","meta":{"_et_pb_use_builder":"on","_et_pb_old_content":"","_et_gb_content_width":"","footnotes":""},"class_list":["post-5195","page","type-page","status-publish","hentry"],"_links":{"self":[{"href":"https:\/\/catholiques17.fr\/maisondiocesaine\/wp-json\/wp\/v2\/pages\/5195","targetHints":{"allow":["GET"]}}],"collection":[{"href":"https:\/\/catholiques17.fr\/maisondiocesaine\/wp-json\/wp\/v2\/pages"}],"about":[{"href":"https:\/\/catholiques17.fr\/maisondiocesaine\/wp-json\/wp\/v2\/types\/page"}],"author":[{"embeddable":true,"href":"https:\/\/catholiques17.fr\/maisondiocesaine\/wp-json\/wp\/v2\/users\/4"}],"replies":[{"embeddable":true,"href":"https:\/\/catholiques17.fr\/maisondiocesaine\/wp-json\/wp\/v2\/comments?post=5195"}],"version-history":[{"count":5,"href":"https:\/\/catholiques17.fr\/maisondiocesaine\/wp-json\/wp\/v2\/pages\/5195\/revisions"}],"predecessor-version":[{"id":6232,"href":"https:\/\/catholiques17.fr\/maisondiocesaine\/wp-json\/wp\/v2\/pages\/5195\/revisions\/6232"}],"wp:attachment":[{"href":"https:\/\/catholiques17.fr\/maisondiocesaine\/wp-json\/wp\/v2\/media?parent=5195"}],"curies":[{"name":"wp","href":"https:\/\/api.w.org\/{rel}","templated":true}]}}

Découvrir la Maison diocésaine

[et_pb_section fb_built= »1&Prime; theme_builder_area= »post_content » _builder_version= »4.17.6&Prime; _module_preset= »default »][et_pb_row _builder_version= »4.17.6&Prime; _module_preset= »default » theme_builder_area= »post_content » column_structure= »1_2,1_2&Prime;][et_pb_column _builder_version= »4.17.6&Prime; _module_preset= »default » type= »1_2&Prime; theme_builder_area= »post_content »][et_pb_slider _builder_version= »4.17.6&Prime; _module_preset= »default » theme_builder_area= »post_content » hover_enabled= »0&Prime; sticky_enabled= »0&Prime;][et_pb_slide heading= »Histoire de la Maison diocésaine » button_text= »Découvrir » _builder_version= »4.17.6&Prime; _module_preset= »default » theme_builder_area= »post_content » button_link= »https://catholiques17.fr/maisondiocesaine/decouvrir/histoire-de-la-maison-diocesaine/ » title_text= »Vue aérienne » background_image= »https://catholiques17.fr/maisondiocesaine/wp-content/uploads/sites/33/2023/01/Vue-aerienne.png » background_enable_image= »on » text_shadow_style= »preset2&Prime; hover_enabled= »0&Prime; sticky_enabled= »0&Prime;]<p>Découvrez l&rsquo;histoire de ce lieu, Carmel, hôpital militaire, petit séminaire, devenu Maison diocésaine Père Robert Jacquinot.</p>[/et_pb_slide][/et_pb_slider][et_pb_slider _builder_version= »4.17.6&Prime; _module_preset= »default » theme_builder_area= »post_content » hover_enabled= »0&Prime; sticky_enabled= »0&Prime; link_option_url= »https://catholiques17.fr/maisondiocesaine/decouvrir/infos-pratiques/ »][et_pb_slide heading= »Information pratiques » button_text= »Découvrir » _builder_version= »4.17.6&Prime; _module_preset= »default » theme_builder_area= »post_content » button_link= »https://catholiques17.fr/maisondiocesaine/decouvrir/infos-pratiques/ » title_text= »L&rsquo;entrée de la Maison diocésaine » background_image= »https://catholiques17.fr/maisondiocesaine/wp-content/uploads/sites/33/2022/10/Entree-Maison-diocesaine.jpg » background_enable_image= »on » text_shadow_style= »preset2&Prime; hover_enabled= »0&Prime; sticky_enabled= »0&Prime;]<p>Horaires d&rsquo;ouverture, contact, accès&#8230;</p>[/et_pb_slide][/et_pb_slider][/et_pb_column][et_pb_column _builder_version= »4.17.6&Prime; _module_preset= »default » type= »1_2&Prime; theme_builder_area= »post_content »][et_pb_slider _builder_version= »4.17.6&Prime; _module_preset= »default » theme_builder_area= »post_content » hover_enabled= »0&Prime; sticky_enabled= »0&Prime;][et_pb_slide heading= »Le Père Robert Jacquinot » button_text= »Découvrir » _builder_version= »4.17.6&Prime; _module_preset= »default » theme_builder_area= »post_content » button_link= »https://catholiques17.fr/maisondiocesaine/?page_id=5968&Prime; title_text= »Le Père Jacquinot » background_image= »https://catholiques17.fr/maisondiocesaine/wp-content/uploads/sites/33/2022/10/PereJacquinot_1.jpg » background_enable_image= »on » text_shadow_style= »preset2&Prime; hover_enabled= »0&Prime; sticky_enabled= »0&Prime;]<p>De Saintes à Shanghai, découvrez la vie et l&rsquo;action du Père Robert Jacquinot.</p>[/et_pb_slide][/et_pb_slider][et_pb_slider _builder_version= »4.17.6&Prime; _module_preset= »default » theme_builder_area= »post_content » hover_enabled= »0&Prime; sticky_enabled= »0&Prime;][et_pb_slide heading= »Expositions » button_text= »Découvrir » _builder_version= »4.17.6&Prime; _module_preset= »default » theme_builder_area= »post_content » button_link= »https://catholiques17.fr/maisondiocesaine/decouvrir/expositions/ » title_text= »Le cloître de la Maison diocésaine » background_image= »https://catholiques17.fr/maisondiocesaine/wp-content/uploads/sites/33/2023/01/DSC03261-2048&#215;1365-1.jpg » background_enable_image= »on » text_shadow_style= »preset2&Prime; hover_enabled= »0&Prime; sticky_enabled= »0&Prime;]<p>Des expositions artistiques, culturelles ou religieuses peuvent être proposées dans le cloître de la Maison diocésaine.</p>
<p>&nbsp;</p>[/et_pb_slide][/et_pb_slider][/et_pb_column][/et_pb_row][/et_pb_section]

<p>Découvrez l&rsquo;histoire de ce lieu, Carmel, hôpital militaire, petit séminaire, devenu Maison diocésaine Père Robert Jacquinot.Horaires d&rsquo;ouverture, contact, accès&#8230;De Saintes à Shanghai, découvrez la vie et l&rsquo;action du Père Robert [&hellip;]</p>
