{"id":9390,"date":"2025-03-26T16:08:43","date_gmt":"2025-03-26T15:08:43","guid":{"rendered":"https:\/\/catholiques17.fr\/latremblade\/?page_id=9390"},"modified":"2025-03-26T20:27:35","modified_gmt":"2025-03-26T19:27:35","slug":"diacre","status":"publish","type":"page","link":"https:\/\/catholiques17.fr\/latremblade\/la-paroisse\/diacre\/","title":{"rendered":"Diacre"},"content":{"rendered":"<p>[et_pb_section fb_built=\u00a0\u00bb1&Prime; _builder_version=\u00a0\u00bb4.27.4&Prime; _module_preset=\u00a0\u00bbdefault\u00a0\u00bb global_colors_info=\u00a0\u00bb{}\u00a0\u00bb theme_builder_area=\u00a0\u00bbpost_content\u00a0\u00bb][et_pb_row column_structure=\u00a0\u00bb2_5,3_5&Prime; _builder_version=\u00a0\u00bb4.27.4&Prime; _module_preset=\u00a0\u00bbdefault\u00a0\u00bb global_colors_info=\u00a0\u00bb{}\u00a0\u00bb theme_builder_area=\u00a0\u00bbpost_content\u00a0\u00bb][et_pb_column type=\u00a0\u00bb2_5&Prime; _builder_version=\u00a0\u00bb4.27.4&Prime; _module_preset=\u00a0\u00bbdefault\u00a0\u00bb global_colors_info=\u00a0\u00bb{}\u00a0\u00bb theme_builder_area=\u00a0\u00bbpost_content\u00a0\u00bb][et_pb_image src=\u00a0\u00bbhttps:\/\/catholiques17.fr\/latremblade\/wp-content\/uploads\/sites\/16\/2025\/03\/Philippe_par_C_Lacroix.jpeg\u00a0\u00bb title_text=\u00a0\u00bbPhilippe_par_C_Lacroix\u00a0\u00bb _builder_version=\u00a0\u00bb4.27.4&Prime; _module_preset=\u00a0\u00bbdefault\u00a0\u00bb global_colors_info=\u00a0\u00bb{}\u00a0\u00bb theme_builder_area=\u00a0\u00bbpost_content\u00a0\u00bb][\/et_pb_image][\/et_pb_column][et_pb_column type=\u00a0\u00bb3_5&Prime; _builder_version=\u00a0\u00bb4.27.4&Prime; _module_preset=\u00a0\u00bbdefault\u00a0\u00bb global_colors_info=\u00a0\u00bb{}\u00a0\u00bb theme_builder_area=\u00a0\u00bbpost_content\u00a0\u00bb][et_pb_testimonial portrait_url=\u00a0\u00bbdata:image\/svg+xml;base64,PHN2ZyB3aWR0aD0iNTAwIiBoZWlnaHQ9IjUwMCIgdmlld0JveD0iMCAwIDUwMCA1MDAiIHhtbG5zPSJodHRwOi8vd3d3LnczLm9yZy8yMDAwL3N2ZyI+CiAgICA8ZyBmaWxsPSJub25lIiBmaWxsLXJ1bGU9ImV2ZW5vZGQiPgogICAgICAgIDxwYXRoIGZpbGw9IiNFQkVCRUIiIGQ9Ik0wIDBoNTAwdjUwMEgweiIvPgogICAgICAgIDxyZWN0IGZpbGwtb3BhY2l0eT0iLjEiIGZpbGw9IiMwMDAiIHg9IjY4IiB5PSIzMDUiIHdpZHRoPSIzNjQiIGhlaWdodD0iNTY4IiByeD0iMTgyIi8+CiAgICAgICAgPGNpcmNsZSBmaWxsLW9wYWNpdHk9Ii4xIiBmaWxsPSIjMDAwIiBjeD0iMjQ5IiBjeT0iMTcyIiByPSIxMDAiLz4KICAgIDwvZz4KPC9zdmc+Cg==\u00a0\u00bb _builder_version=\u00a0\u00bb4.27.4&Prime; _module_preset=\u00a0\u00bbdefault\u00a0\u00bb width=\u00a0\u00bb93.4%\u00a0\u00bb custom_margin=\u00a0\u00bb|||56px||\u00a0\u00bb global_colors_info=\u00a0\u00bb{}\u00a0\u00bb theme_builder_area=\u00a0\u00bbpost_content\u00a0\u00bb]<\/p>\n<div><strong style=\"color: #000000;font-family: -apple-system,system-ui,'Segoe UI',Roboto,Oxygen-Sans,Ubuntu,Cantarell,'Helvetica Neue',sans-serif;font-size: 18px;text-align: justify;background-color: #ffffff\" data-olk-copy-source=\"MessageBody\"><\/strong><\/div>\n<div><strong style=\"color: #000000;font-family: -apple-system,system-ui,'Segoe UI',Roboto,Oxygen-Sans,Ubuntu,Cantarell,'Helvetica Neue',sans-serif;font-size: 18px;text-align: justify;background-color: #ffffff\" data-olk-copy-source=\"MessageBody\">Philippe Sanson<\/strong><span style=\"color: #000000;font-family: -apple-system,system-ui,'Segoe UI',Roboto,Oxygen-Sans,Ubuntu,Cantarell,'Helvetica Neue',sans-serif;font-size: 18px;text-align: justify;background-color: #ffffff\"> \u2014 mari\u00e9, p\u00e8re de 3 enfants, grand-p\u00e8re de 7 petits-enfants, retrait\u00e9 de l\u2019audiovisuel \u2014 diacre, ordonn\u00e9 et envoy\u00e9 par l\u2019\u00e9v\u00eaque pour \u00eatre, \u00e0 l\u2019image du Christ, serviteur de la charit\u00e9, de la parole et de la liturgie. Il c\u00e9l\u00e8bre bapt\u00eames, mariages et obs\u00e8ques.\u00a0\u00a0\u00a0\u00a0\u00a0\u00a0\u00a0\u00a0\u00a0\u00a0\u00a0\u00a0\u00a0\u00a0\u00a0\u00a0\u00a0\u00a0\u00a0\u00a0\u00a0\u00a0\u00a0\u00a0\u00a0\u00a0\u00a0\u00a0\u00a0\u00a0\u00a0\u00a0\u00a0\u00a0\u00a0\u00a0\u00a0\u00a0\u00a0\u00a0\u00a0\u00a0\u00a0\u00a0\u00a0\u00a0\u00a0\u00a0\u00a0\u00a0\u00a0\u00a0\u00a0\u00a0\u00a0 <br \/><\/span><\/div>\n<div><span style=\"color: #000000;font-family: -apple-system,system-ui,'Segoe UI',Roboto,Oxygen-Sans,Ubuntu,Cantarell,'Helvetica Neue',sans-serif;font-size: 18px;text-align: justify;background-color: #ffffff\"><\/span><\/div>\n<div><span style=\"color: #000000;font-family: -apple-system,system-ui,'Segoe UI',Roboto,Oxygen-Sans,Ubuntu,Cantarell,'Helvetica Neue',sans-serif;font-size: 18px;text-align: justify;background-color: #ffffff\"><\/span><\/div>\n<div><span style=\"color: #000000;font-family: -apple-system,system-ui,'Segoe UI',Roboto,Oxygen-Sans,Ubuntu,Cantarell,'Helvetica Neue',sans-serif;font-size: 18px;text-align: justify;background-color: #ffffff\"><\/span><\/div>\n<div><span style=\"color: #000000;font-family: -apple-system,system-ui,'Segoe UI',Roboto,Oxygen-Sans,Ubuntu,Cantarell,'Helvetica Neue',sans-serif;font-size: 18px;text-align: justify;background-color: #ffffff\"><\/span><\/div>\n<div><span style=\"color: #000000;font-family: -apple-system,system-ui,'Segoe UI',Roboto,Oxygen-Sans,Ubuntu,Cantarell,'Helvetica Neue',sans-serif;font-size: 18px;text-align: justify;background-color: #ffffff\">Pour les services d&rsquo;\u00e9glise\u00a0 communiquons par le secr\u00e9tariat du presbyt\u00e8re.<\/span><\/div>\n<div><span style=\"color: #000000;font-family: -apple-system,system-ui,'Segoe UI',Roboto,Oxygen-Sans,Ubuntu,Cantarell,'Helvetica Neue',sans-serif;font-size: 18px;text-align: justify;background-color: #ffffff\"><\/span><\/div>\n<div><span style=\"color: #000000;font-family: -apple-system,system-ui,'Segoe UI',Roboto,Oxygen-Sans,Ubuntu,Cantarell,'Helvetica Neue',sans-serif;font-size: 18px;text-align: justify;background-color: #ffffff\">\u00a0<\/span><\/div>\n<div><span style=\"color: #000000;font-family: -apple-system,system-ui,'Segoe UI',Roboto,Oxygen-Sans,Ubuntu,Cantarell,'Helvetica Neue',sans-serif;font-size: 18px;text-align: justify;background-color: #ffffff\"><\/span><\/div>\n<div><span style=\"color: #000000;font-family: -apple-system,system-ui,'Segoe UI',Roboto,Oxygen-Sans,Ubuntu,Cantarell,'Helvetica Neue',sans-serif;font-size: 18px;text-align: justify;background-color: #ffffff\">Pour un \u00e9change plus personnel <\/span><\/div>\n<div><span style=\"color: #000000;font-family: -apple-system,system-ui,'Segoe UI',Roboto,Oxygen-Sans,Ubuntu,Cantarell,'Helvetica Neue',sans-serif;font-size: 18px;text-align: justify;background-color: #ffffff\"><\/span><\/div>\n<div><span style=\"color: #000000;font-family: -apple-system,system-ui,'Segoe UI',Roboto,Oxygen-Sans,Ubuntu,Cantarell,'Helvetica Neue',sans-serif;font-size: 18px;text-align: justify;background-color: #ffffff\"><\/span><\/div>\n<div><span style=\"color: #000000;font-family: -apple-system,system-ui,'Segoe UI',Roboto,Oxygen-Sans,Ubuntu,Cantarell,'Helvetica Neue',sans-serif;font-size: 18px;text-align: justify;background-color: #ffffff\">Philippe Sanson\u00a0<\/span><\/div>\n<div><span style=\"color: #000000;font-family: -apple-system,system-ui,'Segoe UI',Roboto,Oxygen-Sans,Ubuntu,Cantarell,'Helvetica Neue',sans-serif;font-size: 18px;text-align: justify;background-color: #ffffff\"> tel 0675833303 <br \/><\/span><\/div>\n<div><span style=\"color: #000000;font-family: -apple-system,system-ui,'Segoe UI',Roboto,Oxygen-Sans,Ubuntu,Cantarell,'Helvetica Neue',sans-serif;font-size: 18px;text-align: justify;background-color: #ffffff\">mail :sanson.pw@gmail.com<\/span><\/div>\n<div><span style=\"color: #000000;font-family: -apple-system,system-ui,'Segoe UI',Roboto,Oxygen-Sans,Ubuntu,Cantarell,'Helvetica Neue',sans-serif;font-size: 18px;text-align: justify;background-color: #ffffff\"><\/span><\/div>\n<div><\/div>\n<p>&nbsp;<\/p>\n<p>&nbsp;<\/p>\n<p>&nbsp;<\/p>\n<p>[\/et_pb_testimonial][\/et_pb_column][\/et_pb_row][\/et_pb_section]<\/p>\n","protected":false},"excerpt":{"rendered":"<p>Philippe Sanson \u2014 mari\u00e9, p\u00e8re de 3 enfants, grand-p\u00e8re de 7 petits-enfants, retrait\u00e9 de l\u2019audiovisuel \u2014 diacre, ordonn\u00e9 et envoy\u00e9 par l\u2019\u00e9v\u00eaque pour \u00eatre, \u00e0 l\u2019image du Christ, serviteur de [&hellip;]<\/p>\n","protected":false},"author":4,"featured_media":0,"parent":5819,"menu_order":0,"comment_status":"closed","ping_status":"closed","template":"","meta":{"_et_pb_use_builder":"on","_et_pb_old_content":"","_et_gb_content_width":"","footnotes":""},"class_list":["post-9390","page","type-page","status-publish","hentry"],"_links":{"self":[{"href":"https:\/\/catholiques17.fr\/latremblade\/wp-json\/wp\/v2\/pages\/9390","targetHints":{"allow":["GET"]}}],"collection":[{"href":"https:\/\/catholiques17.fr\/latremblade\/wp-json\/wp\/v2\/pages"}],"about":[{"href":"https:\/\/catholiques17.fr\/latremblade\/wp-json\/wp\/v2\/types\/page"}],"author":[{"embeddable":true,"href":"https:\/\/catholiques17.fr\/latremblade\/wp-json\/wp\/v2\/users\/4"}],"replies":[{"embeddable":true,"href":"https:\/\/catholiques17.fr\/latremblade\/wp-json\/wp\/v2\/comments?post=9390"}],"version-history":[{"count":7,"href":"https:\/\/catholiques17.fr\/latremblade\/wp-json\/wp\/v2\/pages\/9390\/revisions"}],"predecessor-version":[{"id":9401,"href":"https:\/\/catholiques17.fr\/latremblade\/wp-json\/wp\/v2\/pages\/9390\/revisions\/9401"}],"up":[{"embeddable":true,"href":"https:\/\/catholiques17.fr\/latremblade\/wp-json\/wp\/v2\/pages\/5819"}],"wp:attachment":[{"href":"https:\/\/catholiques17.fr\/latremblade\/wp-json\/wp\/v2\/media?parent=9390"}],"curies":[{"name":"wp","href":"https:\/\/api.w.org\/{rel}","templated":true}]}}

<p>[et_pb_section fb_built= »1&Prime; _builder_version= »4.27.4&Prime; _module_preset= »default » global_colors_info= »{} » theme_builder_area= »post_content »][et_pb_row column_structure= »2_5,3_5&Prime; _builder_version= »4.27.4&Prime; _module_preset= »default » global_colors_info= »{} » theme_builder_area= »post_content »][et_pb_column type= »2_5&Prime; _builder_version= »4.27.4&Prime; _module_preset= »default » global_colors_info= »{} » theme_builder_area= »post_content »][et_pb_image src= »https://catholiques17.fr/latremblade/wp-content/uploads/sites/16/2025/03/Philippe_par_C_Lacroix.jpeg » title_text= »Philippe_par_C_Lacroix » _builder_version= »4.27.4&Prime; _module_preset= »default » global_colors_info= »{} » theme_builder_area= »post_content »][/et_pb_image][/et_pb_column][et_pb_column type= »3_5&Prime; _builder_version= »4.27.4&Prime; _module_preset= »default » global_colors_info= »{} » theme_builder_area= »post_content »][et_pb_testimonial portrait_url= »data:image/svg+xml;base64,PHN2ZyB3aWR0aD0iNTAwIiBoZWlnaHQ9IjUwMCIgdmlld0JveD0iMCAwIDUwMCA1MDAiIHhtbG5zPSJodHRwOi8vd3d3LnczLm9yZy8yMDAwL3N2ZyI+CiAgICA8ZyBmaWxsPSJub25lIiBmaWxsLXJ1bGU9ImV2ZW5vZGQiPgogICAgICAgIDxwYXRoIGZpbGw9IiNFQkVCRUIiIGQ9Ik0wIDBoNTAwdjUwMEgweiIvPgogICAgICAgIDxyZWN0IGZpbGwtb3BhY2l0eT0iLjEiIGZpbGw9IiMwMDAiIHg9IjY4IiB5PSIzMDUiIHdpZHRoPSIzNjQiIGhlaWdodD0iNTY4IiByeD0iMTgyIi8+CiAgICAgICAgPGNpcmNsZSBmaWxsLW9wYWNpdHk9Ii4xIiBmaWxsPSIjMDAwIiBjeD0iMjQ5IiBjeT0iMTcyIiByPSIxMDAiLz4KICAgIDwvZz4KPC9zdmc+Cg== » _builder_version= »4.27.4&Prime; _module_preset= »default » width= »93.4% » custom_margin= »|||56px|| » global_colors_info= »{} » theme_builder_area= »post_content »]</p>
<div><strong style="color: #000000;font-family: -apple-system,system-ui,'Segoe UI',Roboto,Oxygen-Sans,Ubuntu,Cantarell,'Helvetica Neue',sans-serif;font-size: 18px;text-align: justify;background-color: #ffffff" data-olk-copy-source="MessageBody"></strong></div>
<div><strong style="color: #000000;font-family: -apple-system,system-ui,'Segoe UI',Roboto,Oxygen-Sans,Ubuntu,Cantarell,'Helvetica Neue',sans-serif;font-size: 18px;text-align: justify;background-color: #ffffff" data-olk-copy-source="MessageBody">Philippe Sanson</strong><span style="color: #000000;font-family: -apple-system,system-ui,'Segoe UI',Roboto,Oxygen-Sans,Ubuntu,Cantarell,'Helvetica Neue',sans-serif;font-size: 18px;text-align: justify;background-color: #ffffff"> — marié, père de 3 enfants, grand-père de 7 petits-enfants, retraité de l’audiovisuel — diacre, ordonné et envoyé par l’évêque pour être, à l’image du Christ, serviteur de la charité, de la parole et de la liturgie. Il célèbre baptêmes, mariages et obsèques.                                                        <br /></span></div>
<div><span style="color: #000000;font-family: -apple-system,system-ui,'Segoe UI',Roboto,Oxygen-Sans,Ubuntu,Cantarell,'Helvetica Neue',sans-serif;font-size: 18px;text-align: justify;background-color: #ffffff"></span></div>
<div><span style="color: #000000;font-family: -apple-system,system-ui,'Segoe UI',Roboto,Oxygen-Sans,Ubuntu,Cantarell,'Helvetica Neue',sans-serif;font-size: 18px;text-align: justify;background-color: #ffffff"></span></div>
<div><span style="color: #000000;font-family: -apple-system,system-ui,'Segoe UI',Roboto,Oxygen-Sans,Ubuntu,Cantarell,'Helvetica Neue',sans-serif;font-size: 18px;text-align: justify;background-color: #ffffff"></span></div>
<div><span style="color: #000000;font-family: -apple-system,system-ui,'Segoe UI',Roboto,Oxygen-Sans,Ubuntu,Cantarell,'Helvetica Neue',sans-serif;font-size: 18px;text-align: justify;background-color: #ffffff"></span></div>
<div><span style="color: #000000;font-family: -apple-system,system-ui,'Segoe UI',Roboto,Oxygen-Sans,Ubuntu,Cantarell,'Helvetica Neue',sans-serif;font-size: 18px;text-align: justify;background-color: #ffffff">Pour les services d&rsquo;église  communiquons par le secrétariat du presbytère.</span></div>
<div><span style="color: #000000;font-family: -apple-system,system-ui,'Segoe UI',Roboto,Oxygen-Sans,Ubuntu,Cantarell,'Helvetica Neue',sans-serif;font-size: 18px;text-align: justify;background-color: #ffffff"></span></div>
<div><span style="color: #000000;font-family: -apple-system,system-ui,'Segoe UI',Roboto,Oxygen-Sans,Ubuntu,Cantarell,'Helvetica Neue',sans-serif;font-size: 18px;text-align: justify;background-color: #ffffff"> </span></div>
<div><span style="color: #000000;font-family: -apple-system,system-ui,'Segoe UI',Roboto,Oxygen-Sans,Ubuntu,Cantarell,'Helvetica Neue',sans-serif;font-size: 18px;text-align: justify;background-color: #ffffff"></span></div>
<div><span style="color: #000000;font-family: -apple-system,system-ui,'Segoe UI',Roboto,Oxygen-Sans,Ubuntu,Cantarell,'Helvetica Neue',sans-serif;font-size: 18px;text-align: justify;background-color: #ffffff">Pour un échange plus personnel </span></div>
<div><span style="color: #000000;font-family: -apple-system,system-ui,'Segoe UI',Roboto,Oxygen-Sans,Ubuntu,Cantarell,'Helvetica Neue',sans-serif;font-size: 18px;text-align: justify;background-color: #ffffff"></span></div>
<div><span style="color: #000000;font-family: -apple-system,system-ui,'Segoe UI',Roboto,Oxygen-Sans,Ubuntu,Cantarell,'Helvetica Neue',sans-serif;font-size: 18px;text-align: justify;background-color: #ffffff"></span></div>
<div><span style="color: #000000;font-family: -apple-system,system-ui,'Segoe UI',Roboto,Oxygen-Sans,Ubuntu,Cantarell,'Helvetica Neue',sans-serif;font-size: 18px;text-align: justify;background-color: #ffffff">Philippe Sanson </span></div>
<div><span style="color: #000000;font-family: -apple-system,system-ui,'Segoe UI',Roboto,Oxygen-Sans,Ubuntu,Cantarell,'Helvetica Neue',sans-serif;font-size: 18px;text-align: justify;background-color: #ffffff"> tel 0675833303 <br /></span></div>
<div><span style="color: #000000;font-family: -apple-system,system-ui,'Segoe UI',Roboto,Oxygen-Sans,Ubuntu,Cantarell,'Helvetica Neue',sans-serif;font-size: 18px;text-align: justify;background-color: #ffffff">mail :sanson.pw@gmail.com</span></div>
<div><span style="color: #000000;font-family: -apple-system,system-ui,'Segoe UI',Roboto,Oxygen-Sans,Ubuntu,Cantarell,'Helvetica Neue',sans-serif;font-size: 18px;text-align: justify;background-color: #ffffff"></span></div>
<div></div>
<p>&nbsp;</p>
<p>&nbsp;</p>
<p>&nbsp;</p>
<p>[/et_pb_testimonial][/et_pb_column][/et_pb_row][/et_pb_section]</p>

<p>Philippe Sanson — marié, père de 3 enfants, grand-père de 7 petits-enfants, retraité de l’audiovisuel — diacre, ordonné et envoyé par l’évêque pour être, à l’image du Christ, serviteur de [&hellip;]</p>
