{"id":5876,"date":"2023-10-13T10:24:08","date_gmt":"2023-10-13T08:24:08","guid":{"rendered":"https:\/\/catholiques17.fr\/latremblade\/?page_id=5876"},"modified":"2023-11-03T20:25:39","modified_gmt":"2023-11-03T19:25:39","slug":"paroissiale-appa","status":"publish","type":"page","link":"https:\/\/catholiques17.fr\/latremblade\/associations\/paroissiale-appa\/","title":{"rendered":"Paroissiale (APPA)"},"content":{"rendered":"<p>[et_pb_section fb_built=\u00a0\u00bb1&Prime; _builder_version=\u00a0\u00bb4.21.0&Prime; _module_preset=\u00a0\u00bbdefault\u00a0\u00bb custom_padding=\u00a0\u00bb23px|||||\u00a0\u00bb global_colors_info=\u00a0\u00bb{}\u00a0\u00bb theme_builder_area=\u00a0\u00bbpost_content\u00a0\u00bb][et_pb_row _builder_version=\u00a0\u00bb4.21.0&Prime; _module_preset=\u00a0\u00bbdefault\u00a0\u00bb global_colors_info=\u00a0\u00bb{}\u00a0\u00bb theme_builder_area=\u00a0\u00bbpost_content\u00a0\u00bb][et_pb_column type=\u00a0\u00bb4_4&Prime; _builder_version=\u00a0\u00bb4.21.0&Prime; _module_preset=\u00a0\u00bbdefault\u00a0\u00bb global_colors_info=\u00a0\u00bb{}\u00a0\u00bb theme_builder_area=\u00a0\u00bbpost_content\u00a0\u00bb][et_pb_image src=\u00a0\u00bbhttps:\/\/catholiques17.fr\/latremblade\/wp-content\/uploads\/sites\/16\/2023\/10\/C-_Users_bnaud_AppData_Local_Temp_20230514_133537-1_image_1685190900000.jpeg\u00a0\u00bb title_text=\u00a0\u00bbC-_Users_bnaud_AppData_Local_Temp_20230514_133537-1_image_1685190900000&Prime; align=\u00a0\u00bbcenter\u00a0\u00bb _builder_version=\u00a0\u00bb4.21.0&Prime; _module_preset=\u00a0\u00bbdefault\u00a0\u00bb width=\u00a0\u00bb53%\u00a0\u00bb max_height=\u00a0\u00bb653px\u00a0\u00bb animation_style=\u00a0\u00bbslide\u00a0\u00bb border_radii=\u00a0\u00bbon|20px|20px|20px|20px\u00a0\u00bb border_color_all=\u00a0\u00bb#207172&Prime; global_colors_info=\u00a0\u00bb{}\u00a0\u00bb theme_builder_area=\u00a0\u00bbpost_content\u00a0\u00bb][\/et_pb_image][\/et_pb_column][\/et_pb_row][et_pb_row _builder_version=\u00a0\u00bb4.21.0&Prime; _module_preset=\u00a0\u00bbdefault\u00a0\u00bb global_colors_info=\u00a0\u00bb{}\u00a0\u00bb theme_builder_area=\u00a0\u00bbpost_content\u00a0\u00bb][et_pb_column type=\u00a0\u00bb4_4&Prime; _builder_version=\u00a0\u00bb4.21.0&Prime; _module_preset=\u00a0\u00bbdefault\u00a0\u00bb global_colors_info=\u00a0\u00bb{}\u00a0\u00bb theme_builder_area=\u00a0\u00bbpost_content\u00a0\u00bb][et_pb_text _builder_version=\u00a0\u00bb4.21.0&Prime; _module_preset=\u00a0\u00bbdefault\u00a0\u00bb hover_enabled=\u00a0\u00bb0&Prime; global_colors_info=\u00a0\u00bb{}\u00a0\u00bb theme_builder_area=\u00a0\u00bbpost_content\u00a0\u00bb sticky_enabled=\u00a0\u00bb0&Prime;]<\/p>\n<h1 style=\"text-align: center\"><strong><span style=\"color: #008080\"><\/span><\/strong><\/h1>\n<h1 style=\"text-align: center\"><strong><span style=\"color: #008080\"><\/span><\/strong><\/h1>\n<h1 style=\"text-align: center\"><strong><span style=\"color: #008080\">A.P.P.A<\/span><\/strong><\/h1>\n<p><strong><span style=\"color: #008080\"><\/span><\/strong><\/p>\n<p><strong><span style=\"color: #008080\"><\/span><\/strong><\/p>\n<p><strong><span style=\"color: #008080\"><\/span><\/strong><\/p>\n<p><strong><span style=\"color: #008080\"><\/span><\/strong><\/p>\n<p><strong><span style=\"color: #008080\"><\/span><\/strong><\/p>\n<p><strong><span style=\"color: #008080\"><\/span><\/strong><\/p>\n<p>L\u2019APPA (Association Paroissiale de la Presqu\u2019\u00eele d\u2019Arvert) est une association type loi 1901, donc \u00e0 but non lucratif, qui regroupe actuellement une trentaine de paroissiens et paroissiennes.<\/p>\n<p>Elle est charg\u00e9e, en lien avec le pr\u00eatre et le conseil pastoral de mettre en \u0153uvre les actions d\u00e9cid\u00e9es par ce dernier : repas pour les b\u00e9n\u00e9voles, repas convivial comme la journ\u00e9e choucroute, soir\u00e9e et go\u00fbter de No\u00ebl et \u00e9ventuellement p\u00e8lerinage ou visite de lieux en dehors de la paroisse.<\/p>\n<p style=\"text-align: center\">Son action vise surtout \u00e0 animer la vie paroissiale avec beaucoup de chaleur, d\u2019amiti\u00e9 et de convivialit\u00e9.<\/p>\n<p>&nbsp;<\/p>\n<p>&nbsp;<\/p>\n<p>&nbsp;<\/p>\n<p>[\/et_pb_text][\/et_pb_column][\/et_pb_row][et_pb_row _builder_version=\u00a0\u00bb4.21.0&Prime; _module_preset=\u00a0\u00bbdefault\u00a0\u00bb global_colors_info=\u00a0\u00bb{}\u00a0\u00bb theme_builder_area=\u00a0\u00bbpost_content\u00a0\u00bb][et_pb_column type=\u00a0\u00bb4_4&Prime; _builder_version=\u00a0\u00bb4.21.0&Prime; _module_preset=\u00a0\u00bbdefault\u00a0\u00bb global_colors_info=\u00a0\u00bb{}\u00a0\u00bb theme_builder_area=\u00a0\u00bbpost_content\u00a0\u00bb][et_pb_divider _builder_version=\u00a0\u00bb4.21.0&Prime; _module_preset=\u00a0\u00bbdefault\u00a0\u00bb global_colors_info=\u00a0\u00bb{}\u00a0\u00bb theme_builder_area=\u00a0\u00bbpost_content\u00a0\u00bb][\/et_pb_divider][\/et_pb_column][\/et_pb_row][et_pb_row _builder_version=\u00a0\u00bb4.21.0&Prime; _module_preset=\u00a0\u00bbdefault\u00a0\u00bb global_colors_info=\u00a0\u00bb{}\u00a0\u00bb theme_builder_area=\u00a0\u00bbpost_content\u00a0\u00bb][et_pb_column type=\u00a0\u00bb4_4&Prime; _builder_version=\u00a0\u00bb4.21.0&Prime; _module_preset=\u00a0\u00bbdefault\u00a0\u00bb global_colors_info=\u00a0\u00bb{}\u00a0\u00bb theme_builder_area=\u00a0\u00bbpost_content\u00a0\u00bb][et_pb_text _builder_version=\u00a0\u00bb4.21.0&Prime; _module_preset=\u00a0\u00bbdefault\u00a0\u00bb global_colors_info=\u00a0\u00bb{}\u00a0\u00bb theme_builder_area=\u00a0\u00bbpost_content\u00a0\u00bb]<\/p>\n<h3 style=\"text-align: center\"><span style=\"color: #008000\">Vous souhaitez adh\u00e9rer \u00e0 l&rsquo;association\u00a0 ?\u00a0<\/span><\/h3>\n<p><span style=\"color: #008000\"><\/span><\/p>\n<h3 style=\"text-align: center\"><span style=\"color: #008000\"> Contactez: \u00a0 \u00a0 \u00a0 \u00a0 \u00a0\u00a0 Gilbert Perrier :\u00a0 <a href=\"mailto:gladysmargotperrier@outlook.fr\">gladysmargotperrier@outlook.fr \u00a0<\/a><\/span><\/h3>\n<h3 style=\"text-align: center\"><span style=\"color: #008000\">\u00a0 Pierre Cartry\u00a0 : <a href=\"mailto:pierre.cartry@sfr.fr\">pierre.cartry@sfr.fr <\/a><\/span><\/h3>\n<p><span style=\"color: #008000\">\u00a0\u00a0\u00a0\u00a0\u00a0 <\/span><\/p>\n<p><span style=\"color: #008000\"><\/span><\/p>\n<h3 style=\"text-align: center\"><a href=\"mailto:paroissepresquile@gmail.com\" target=\"_blank\" rel=\"noopener\"><\/a><\/h3>\n<p><span style=\"color: #008000\"><\/span><\/p>\n<p><span style=\"color: #008000\"><\/span><\/p>\n<p><span style=\"color: #008000\"><\/span><\/p>\n<p>[\/et_pb_text][\/et_pb_column][\/et_pb_row][\/et_pb_section]<\/p>\n","protected":false},"excerpt":{"rendered":"<p>A.P.P.A L\u2019APPA (Association Paroissiale de la Presqu\u2019\u00eele d\u2019Arvert) est une association type loi 1901, donc \u00e0 but non lucratif, qui regroupe actuellement une trentaine de paroissiens et paroissiennes. Elle est [&hellip;]<\/p>\n","protected":false},"author":4,"featured_media":0,"parent":5870,"menu_order":0,"comment_status":"closed","ping_status":"closed","template":"","meta":{"_et_pb_use_builder":"on","_et_pb_old_content":"","_et_gb_content_width":"","footnotes":""},"class_list":["post-5876","page","type-page","status-publish","hentry"],"_links":{"self":[{"href":"https:\/\/catholiques17.fr\/latremblade\/wp-json\/wp\/v2\/pages\/5876","targetHints":{"allow":["GET"]}}],"collection":[{"href":"https:\/\/catholiques17.fr\/latremblade\/wp-json\/wp\/v2\/pages"}],"about":[{"href":"https:\/\/catholiques17.fr\/latremblade\/wp-json\/wp\/v2\/types\/page"}],"author":[{"embeddable":true,"href":"https:\/\/catholiques17.fr\/latremblade\/wp-json\/wp\/v2\/users\/4"}],"replies":[{"embeddable":true,"href":"https:\/\/catholiques17.fr\/latremblade\/wp-json\/wp\/v2\/comments?post=5876"}],"version-history":[{"count":4,"href":"https:\/\/catholiques17.fr\/latremblade\/wp-json\/wp\/v2\/pages\/5876\/revisions"}],"predecessor-version":[{"id":6467,"href":"https:\/\/catholiques17.fr\/latremblade\/wp-json\/wp\/v2\/pages\/5876\/revisions\/6467"}],"up":[{"embeddable":true,"href":"https:\/\/catholiques17.fr\/latremblade\/wp-json\/wp\/v2\/pages\/5870"}],"wp:attachment":[{"href":"https:\/\/catholiques17.fr\/latremblade\/wp-json\/wp\/v2\/media?parent=5876"}],"curies":[{"name":"wp","href":"https:\/\/api.w.org\/{rel}","templated":true}]}}

<p>[et_pb_section fb_built= »1&Prime; _builder_version= »4.21.0&Prime; _module_preset= »default » custom_padding= »23px||||| » global_colors_info= »{} » theme_builder_area= »post_content »][et_pb_row _builder_version= »4.21.0&Prime; _module_preset= »default » global_colors_info= »{} » theme_builder_area= »post_content »][et_pb_column type= »4_4&Prime; _builder_version= »4.21.0&Prime; _module_preset= »default » global_colors_info= »{} » theme_builder_area= »post_content »][et_pb_image src= »https://catholiques17.fr/latremblade/wp-content/uploads/sites/16/2023/10/C-_Users_bnaud_AppData_Local_Temp_20230514_133537-1_image_1685190900000.jpeg » title_text= »C-_Users_bnaud_AppData_Local_Temp_20230514_133537-1_image_1685190900000&Prime; align= »center » _builder_version= »4.21.0&Prime; _module_preset= »default » width= »53% » max_height= »653px » animation_style= »slide » border_radii= »on|20px|20px|20px|20px » border_color_all= »#207172&Prime; global_colors_info= »{} » theme_builder_area= »post_content »][/et_pb_image][/et_pb_column][/et_pb_row][et_pb_row _builder_version= »4.21.0&Prime; _module_preset= »default » global_colors_info= »{} » theme_builder_area= »post_content »][et_pb_column type= »4_4&Prime; _builder_version= »4.21.0&Prime; _module_preset= »default » global_colors_info= »{} » theme_builder_area= »post_content »][et_pb_text _builder_version= »4.21.0&Prime; _module_preset= »default » hover_enabled= »0&Prime; global_colors_info= »{} » theme_builder_area= »post_content » sticky_enabled= »0&Prime;]</p>
<h1 style="text-align: center"><strong><span style="color: #008080"></span></strong></h1>
<h1 style="text-align: center"><strong><span style="color: #008080"></span></strong></h1>
<h1 style="text-align: center"><strong><span style="color: #008080">A.P.P.A</span></strong></h1>
<p><strong><span style="color: #008080"></span></strong></p>
<p><strong><span style="color: #008080"></span></strong></p>
<p><strong><span style="color: #008080"></span></strong></p>
<p><strong><span style="color: #008080"></span></strong></p>
<p><strong><span style="color: #008080"></span></strong></p>
<p><strong><span style="color: #008080"></span></strong></p>
<p>L’APPA (Association Paroissiale de la Presqu’île d’Arvert) est une association type loi 1901, donc à but non lucratif, qui regroupe actuellement une trentaine de paroissiens et paroissiennes.</p>
<p>Elle est chargée, en lien avec le prêtre et le conseil pastoral de mettre en œuvre les actions décidées par ce dernier : repas pour les bénévoles, repas convivial comme la journée choucroute, soirée et goûter de Noël et éventuellement pèlerinage ou visite de lieux en dehors de la paroisse.</p>
<p style="text-align: center">Son action vise surtout à animer la vie paroissiale avec beaucoup de chaleur, d’amitié et de convivialité.</p>
<p>&nbsp;</p>
<p>&nbsp;</p>
<p>&nbsp;</p>
<p>[/et_pb_text][/et_pb_column][/et_pb_row][et_pb_row _builder_version= »4.21.0&Prime; _module_preset= »default » global_colors_info= »{} » theme_builder_area= »post_content »][et_pb_column type= »4_4&Prime; _builder_version= »4.21.0&Prime; _module_preset= »default » global_colors_info= »{} » theme_builder_area= »post_content »][et_pb_divider _builder_version= »4.21.0&Prime; _module_preset= »default » global_colors_info= »{} » theme_builder_area= »post_content »][/et_pb_divider][/et_pb_column][/et_pb_row][et_pb_row _builder_version= »4.21.0&Prime; _module_preset= »default » global_colors_info= »{} » theme_builder_area= »post_content »][et_pb_column type= »4_4&Prime; _builder_version= »4.21.0&Prime; _module_preset= »default » global_colors_info= »{} » theme_builder_area= »post_content »][et_pb_text _builder_version= »4.21.0&Prime; _module_preset= »default » global_colors_info= »{} » theme_builder_area= »post_content »]</p>
<h3 style="text-align: center"><span style="color: #008000">Vous souhaitez adhérer à l&rsquo;association  ? </span></h3>
<p><span style="color: #008000"></span></p>
<h3 style="text-align: center"><span style="color: #008000"> Contactez:            Gilbert Perrier :  <a href="mailto:gladysmargotperrier@outlook.fr">gladysmargotperrier@outlook.fr  </a></span></h3>
<h3 style="text-align: center"><span style="color: #008000">  Pierre Cartry  : <a href="mailto:pierre.cartry@sfr.fr">pierre.cartry@sfr.fr </a></span></h3>
<p><span style="color: #008000">      </span></p>
<p><span style="color: #008000"></span></p>
<h3 style="text-align: center"><a href="mailto:paroissepresquile@gmail.com" target="_blank" rel="noopener"></a></h3>
<p><span style="color: #008000"></span></p>
<p><span style="color: #008000"></span></p>
<p><span style="color: #008000"></span></p>
<p>[/et_pb_text][/et_pb_column][/et_pb_row][/et_pb_section]</p>

<p>A.P.P.A L’APPA (Association Paroissiale de la Presqu’île d’Arvert) est une association type loi 1901, donc à but non lucratif, qui regroupe actuellement une trentaine de paroissiens et paroissiennes. Elle est [&hellip;]</p>
