{"id":5863,"date":"2023-10-13T10:17:54","date_gmt":"2023-10-13T08:17:54","guid":{"rendered":"https:\/\/catholiques17.fr\/latremblade\/?page_id=5863"},"modified":"2023-10-27T21:49:10","modified_gmt":"2023-10-27T19:49:10","slug":"entretien-des-eglises","status":"publish","type":"page","link":"https:\/\/catholiques17.fr\/latremblade\/services\/entretien-des-eglises\/","title":{"rendered":"Entretien des \u00e9glises"},"content":{"rendered":"<p>[et_pb_section fb_built=\u00a0\u00bb1&Prime; _builder_version=\u00a0\u00bb4.21.0&Prime; _module_preset=\u00a0\u00bbdefault\u00a0\u00bb custom_padding=\u00a0\u00bb23px|||||\u00a0\u00bb global_colors_info=\u00a0\u00bb{}\u00a0\u00bb theme_builder_area=\u00a0\u00bbpost_content\u00a0\u00bb][et_pb_row _builder_version=\u00a0\u00bb4.21.0&Prime; _module_preset=\u00a0\u00bbdefault\u00a0\u00bb global_colors_info=\u00a0\u00bb{}\u00a0\u00bb theme_builder_area=\u00a0\u00bbpost_content\u00a0\u00bb][et_pb_column type=\u00a0\u00bb4_4&Prime; _builder_version=\u00a0\u00bb4.21.0&Prime; _module_preset=\u00a0\u00bbdefault\u00a0\u00bb global_colors_info=\u00a0\u00bb{}\u00a0\u00bb theme_builder_area=\u00a0\u00bbpost_content\u00a0\u00bb][et_pb_image src=\u00a0\u00bbhttps:\/\/catholiques17.fr\/latremblade\/wp-content\/uploads\/sites\/16\/2023\/10\/clean-1346686_1280.jpg\u00a0\u00bb title_text=\u00a0\u00bbclean-1346686_1280&Prime; align=\u00a0\u00bbcenter\u00a0\u00bb _builder_version=\u00a0\u00bb4.21.0&Prime; _module_preset=\u00a0\u00bbdefault\u00a0\u00bb max_width=\u00a0\u00bb73%\u00a0\u00bb max_height=\u00a0\u00bb675px\u00a0\u00bb animation_style=\u00a0\u00bbslide\u00a0\u00bb border_radii=\u00a0\u00bbon|20px|20px|20px|20px\u00a0\u00bb border_color_all=\u00a0\u00bb#207172&Prime; global_colors_info=\u00a0\u00bb{}\u00a0\u00bb theme_builder_area=\u00a0\u00bbpost_content\u00a0\u00bb][\/et_pb_image][\/et_pb_column][\/et_pb_row][et_pb_row _builder_version=\u00a0\u00bb4.21.0&Prime; _module_preset=\u00a0\u00bbdefault\u00a0\u00bb global_colors_info=\u00a0\u00bb{}\u00a0\u00bb theme_builder_area=\u00a0\u00bbpost_content\u00a0\u00bb][et_pb_column type=\u00a0\u00bb4_4&Prime; _builder_version=\u00a0\u00bb4.21.0&Prime; _module_preset=\u00a0\u00bbdefault\u00a0\u00bb global_colors_info=\u00a0\u00bb{}\u00a0\u00bb theme_builder_area=\u00a0\u00bbpost_content\u00a0\u00bb][et_pb_text _builder_version=\u00a0\u00bb4.21.0&Prime; _module_preset=\u00a0\u00bbdefault\u00a0\u00bb text_text_color=\u00a0\u00bb#000000&Prime; text_font_size=\u00a0\u00bb15px\u00a0\u00bb header_text_color=\u00a0\u00bb#000000&Prime; hover_enabled=\u00a0\u00bb0&Prime; global_colors_info=\u00a0\u00bb{}\u00a0\u00bb theme_builder_area=\u00a0\u00bbpost_content\u00a0\u00bb sticky_enabled=\u00a0\u00bb0&Prime;]<\/p>\n<h3><strong>Entretien des \u00e9glises<\/strong><\/h3>\n<p><strong><\/strong><\/p>\n<p>Notre paroisse comprend 5 \u00e9glises qui sont ouvertes tous les jours de l&rsquo;ann\u00e9e<\/p>\n<p>Dans chacune de ces \u00e9glises, quelques paroissiennes mais aussi paroissiens s&#8217;emploient \u00e0 la garder propre, et fonctionnelle.<\/p>\n<p style=\"text-align: left\">\u00a0\u00a0\u00a0\u00a0 &#8211; Ouvrir et fermer chaque jour\u00a0 l&rsquo;\u00e9glise<\/p>\n<p style=\"text-align: left\">\u00a0\u00a0\u00a0\u00a0 &#8211; Effectuer\u00a0 l&rsquo;entretien ordinaire du lieu (sol, bancs, mobilier, statues&#8230;)<\/p>\n<p style=\"text-align: left\">\u00a0\u00a0\u00a0\u00a0 &#8211; Fleurir\u00a0 les \u00e9glises<\/p>\n<p style=\"text-align: left\">\u00a0 \u00a0 \u00a0 -Approvisionner en\u00a0 cierges, hosties,\u00a0 vin et de l&rsquo;eau, du charbon pour l&rsquo;encensoir &#8230;<\/p>\n<p style=\"text-align: left\">\u00a0 \u00a0 \u00a0 -Entretenir le\u00a0 linge d&rsquo;autel<\/p>\n<p style=\"text-align: left\">\u00a0 \u00a0\u00a0 &#8211; Mettre\u00a0 \u00e0 jour de la table de presse, des affiches &#8230;<\/p>\n<p><strong>Toute ces actions discr\u00e8tes mais n\u00e9anmoins essentielles sont entre les mains de\u00a0 serviteurs discrets que nous devons remercier<br \/><\/strong><\/p>\n<p><strong>\u00c9glise du Sacr\u00e9-C\u0153ur de La Tremblade<\/strong> : Jacqueline B, Magali A\u00a0 Claudine Chttps:\/\/catholiques17.fr\/latremblade\/vie-chretienne\/catechumenat\/<\/p>\n<p><strong>Eglise du Sacr\u00e9-Coeur de La Tremblade:<\/strong> Fleurissement\u00a0 : Marie Claude\u00a0 A\u00a0 et Paulette B<\/p>\n<p><strong>\u00c9glise St Pierre de Chaillevette<\/strong> : Christiane J et Marguerite D<\/p>\n<p><strong>\u00c9glise St Cyr et Ste Julitte des Mathes<\/strong>: Mireille M, Pierre C et Mauricette.Genevi\u00e8ve D entretient les nappes et le linge d&rsquo;autel<strong><\/strong><\/p>\n<p><strong>\u00c9glise Notre Dame de la Nativit\u00e9 d&rsquo;\u00c9taules<\/strong> :entretien \u00c9lisabeth D et Andr\u00e9 S avec l&rsquo;aide de Manuela ..Ouverture\/fermeture de l&rsquo;\u00e9glise : deux \u00e9quipes ont \u00e9t\u00e9 constitu\u00e9es pour assurer r\u00e9guli\u00e8rement ce service Jean-Pierre B \/ Andr\u00e9 S, G\u00e9rald S \/ Daniel M et des rempla\u00e7antes Nicole P ou Fran\u00e7oise R en cas de besoin.<\/p>\n<p><strong>L&rsquo;\u00e9glise St \u00c9tienne d&rsquo;Arvert:<\/strong> (en travaux pour un temps ind\u00e9termin\u00e9)<\/p>\n<p>&nbsp;<\/p>\n<p><strong>En juillet\/ao\u00fbt, des c\u00e9l\u00e9brations Eucharistiques ont lieu tous les dimanches \u00e0 la chapelle Notre Dame des pins \u00e0 La Palmyre et la chapelle de Ronce les bains<\/strong><\/p>\n<p><strong><\/strong><\/p>\n<p><strong><\/strong><\/p>\n<p><strong>L&rsquo;entretien g\u00e9n\u00e9ral de La chapelle de la Palmyre<\/strong> est assur\u00e9 le matin par la municipalit\u00e9 et les finitions par Mireille M et Chantal.<\/p>\n<p>La pr\u00e9paration mat\u00e9rielle pour la c\u00e9l\u00e9bration Eucharistique (mise en place de l&rsquo;autel, des accessoires n\u00e9cessaires, de la sono, du mat\u00e9riel pour le diaporama ..) est assur\u00e9e tous les dimanches de l&rsquo;\u00e9t\u00e9 par Fran\u00e7oise L et Pierre C.<\/p>\n<p><strong>L&rsquo;entretien de la Chapelle de Ronce les bains<\/strong> est assur\u00e9 par Jacqueline B et la pr\u00e9paration de l&rsquo;autel avant la messe par Danielle P et Ma\u00eft\u00e9<\/p>\n<p>&nbsp;<\/p>\n<p>[\/et_pb_text][\/et_pb_column][\/et_pb_row][et_pb_row _builder_version=\u00a0\u00bb4.21.0&Prime; _module_preset=\u00a0\u00bbdefault\u00a0\u00bb global_colors_info=\u00a0\u00bb{}\u00a0\u00bb theme_builder_area=\u00a0\u00bbpost_content\u00a0\u00bb][et_pb_column type=\u00a0\u00bb4_4&Prime; _builder_version=\u00a0\u00bb4.21.0&Prime; _module_preset=\u00a0\u00bbdefault\u00a0\u00bb global_colors_info=\u00a0\u00bb{}\u00a0\u00bb theme_builder_area=\u00a0\u00bbpost_content\u00a0\u00bb][et_pb_divider _builder_version=\u00a0\u00bb4.21.0&Prime; _module_preset=\u00a0\u00bbdefault\u00a0\u00bb global_colors_info=\u00a0\u00bb{}\u00a0\u00bb theme_builder_area=\u00a0\u00bbpost_content\u00a0\u00bb][\/et_pb_divider][\/et_pb_column][\/et_pb_row][et_pb_row _builder_version=\u00a0\u00bb4.21.0&Prime; _module_preset=\u00a0\u00bbdefault\u00a0\u00bb global_colors_info=\u00a0\u00bb{}\u00a0\u00bb theme_builder_area=\u00a0\u00bbpost_content\u00a0\u00bb][et_pb_column type=\u00a0\u00bb4_4&Prime; _builder_version=\u00a0\u00bb4.21.0&Prime; _module_preset=\u00a0\u00bbdefault\u00a0\u00bb global_colors_info=\u00a0\u00bb{}\u00a0\u00bb theme_builder_area=\u00a0\u00bbpost_content\u00a0\u00bb][et_pb_text _builder_version=\u00a0\u00bb4.21.0&Prime; _module_preset=\u00a0\u00bbdefault\u00a0\u00bb global_colors_info=\u00a0\u00bb{}\u00a0\u00bb theme_builder_area=\u00a0\u00bbpost_content\u00a0\u00bb]<\/p>\n<h3 style=\"text-align: center\"><span style=\"color: #008000\">L&rsquo;entretien des Eglises est probablement le service le plus discret mais tellement\u00a0 important pour la beaut\u00e9 de\u00a0 nos c\u00e9l\u00e9brations<br \/><\/span><\/h3>\n<h3 style=\"text-align: center\"><span style=\"color: #008000\">Vous souhaitez\u00a0 rejoindre ces equipes <\/span><\/h3>\n<h3 style=\"text-align: center\"><span style=\"color: #008000\"><\/span><\/h3>\n<h3 style=\"text-align: center\"><span style=\"color: #008000\"><\/span><\/h3>\n<h2 style=\"text-align: center\"><span style=\"color: #008000\"><strong><a href=\"mailto:Paroissepresquile@gmail.com\">Paroissepresquile@gmail.com<\/a><\/strong><br \/><\/span><\/h2>\n<p>&nbsp;<\/p>\n<p><span style=\"color: #008000\"><\/span><\/p>\n<p><span style=\"color: #008000\">\u00a0\u00a0 https:\/\/catholiques17.fr\/latremblade\/vie-chretienne\/catechumenat\/<\/span><strong><span style=\"color: #008000\"><\/span><\/strong><\/p>\n<p><span style=\"color: #008000\"><\/span><\/p>\n<p><span style=\"color: #008000\"><\/span><\/p>\n<h3 style=\"text-align: center\"><\/h3>\n<p>[\/et_pb_text][\/et_pb_column][\/et_pb_row][\/et_pb_section]<\/p>\n","protected":false},"excerpt":{"rendered":"<p>Entretien des \u00e9glises Notre paroisse comprend 5 \u00e9glises qui sont ouvertes tous les jours de l&rsquo;ann\u00e9e Dans chacune de ces \u00e9glises, quelques paroissiennes mais aussi paroissiens s&#8217;emploient \u00e0 la garder [&hellip;]<\/p>\n","protected":false},"author":4,"featured_media":0,"parent":5855,"menu_order":0,"comment_status":"closed","ping_status":"closed","template":"","meta":{"_et_pb_use_builder":"on","_et_pb_old_content":"","_et_gb_content_width":"","footnotes":""},"class_list":["post-5863","page","type-page","status-publish","hentry"],"_links":{"self":[{"href":"https:\/\/catholiques17.fr\/latremblade\/wp-json\/wp\/v2\/pages\/5863","targetHints":{"allow":["GET"]}}],"collection":[{"href":"https:\/\/catholiques17.fr\/latremblade\/wp-json\/wp\/v2\/pages"}],"about":[{"href":"https:\/\/catholiques17.fr\/latremblade\/wp-json\/wp\/v2\/types\/page"}],"author":[{"embeddable":true,"href":"https:\/\/catholiques17.fr\/latremblade\/wp-json\/wp\/v2\/users\/4"}],"replies":[{"embeddable":true,"href":"https:\/\/catholiques17.fr\/latremblade\/wp-json\/wp\/v2\/comments?post=5863"}],"version-history":[{"count":10,"href":"https:\/\/catholiques17.fr\/latremblade\/wp-json\/wp\/v2\/pages\/5863\/revisions"}],"predecessor-version":[{"id":6332,"href":"https:\/\/catholiques17.fr\/latremblade\/wp-json\/wp\/v2\/pages\/5863\/revisions\/6332"}],"up":[{"embeddable":true,"href":"https:\/\/catholiques17.fr\/latremblade\/wp-json\/wp\/v2\/pages\/5855"}],"wp:attachment":[{"href":"https:\/\/catholiques17.fr\/latremblade\/wp-json\/wp\/v2\/media?parent=5863"}],"curies":[{"name":"wp","href":"https:\/\/api.w.org\/{rel}","templated":true}]}}

Entretien des églises

<p>[et_pb_section fb_built= »1&Prime; _builder_version= »4.21.0&Prime; _module_preset= »default » custom_padding= »23px||||| » global_colors_info= »{} » theme_builder_area= »post_content »][et_pb_row _builder_version= »4.21.0&Prime; _module_preset= »default » global_colors_info= »{} » theme_builder_area= »post_content »][et_pb_column type= »4_4&Prime; _builder_version= »4.21.0&Prime; _module_preset= »default » global_colors_info= »{} » theme_builder_area= »post_content »][et_pb_image src= »https://catholiques17.fr/latremblade/wp-content/uploads/sites/16/2023/10/clean-1346686_1280.jpg » title_text= »clean-1346686_1280&Prime; align= »center » _builder_version= »4.21.0&Prime; _module_preset= »default » max_width= »73% » max_height= »675px » animation_style= »slide » border_radii= »on|20px|20px|20px|20px » border_color_all= »#207172&Prime; global_colors_info= »{} » theme_builder_area= »post_content »][/et_pb_image][/et_pb_column][/et_pb_row][et_pb_row _builder_version= »4.21.0&Prime; _module_preset= »default » global_colors_info= »{} » theme_builder_area= »post_content »][et_pb_column type= »4_4&Prime; _builder_version= »4.21.0&Prime; _module_preset= »default » global_colors_info= »{} » theme_builder_area= »post_content »][et_pb_text _builder_version= »4.21.0&Prime; _module_preset= »default » text_text_color= »#000000&Prime; text_font_size= »15px » header_text_color= »#000000&Prime; hover_enabled= »0&Prime; global_colors_info= »{} » theme_builder_area= »post_content » sticky_enabled= »0&Prime;]</p>
<h3><strong>Entretien des églises</strong></h3>
<p><strong></strong></p>
<p>Notre paroisse comprend 5 églises qui sont ouvertes tous les jours de l&rsquo;année</p>
<p>Dans chacune de ces églises, quelques paroissiennes mais aussi paroissiens s&#8217;emploient à la garder propre, et fonctionnelle.</p>
<p style="text-align: left">     &#8211; Ouvrir et fermer chaque jour  l&rsquo;église</p>
<p style="text-align: left">     &#8211; Effectuer  l&rsquo;entretien ordinaire du lieu (sol, bancs, mobilier, statues&#8230;)</p>
<p style="text-align: left">     &#8211; Fleurir  les églises</p>
<p style="text-align: left">      -Approvisionner en  cierges, hosties,  vin et de l&rsquo;eau, du charbon pour l&rsquo;encensoir &#8230;</p>
<p style="text-align: left">      -Entretenir le  linge d&rsquo;autel</p>
<p style="text-align: left">     &#8211; Mettre  à jour de la table de presse, des affiches &#8230;</p>
<p><strong>Toute ces actions discrètes mais néanmoins essentielles sont entre les mains de  serviteurs discrets que nous devons remercier<br /></strong></p>
<p><strong>Église du Sacré-Cœur de La Tremblade</strong> : Jacqueline B, Magali A  Claudine Chttps://catholiques17.fr/latremblade/vie-chretienne/catechumenat/</p>
<p><strong>Eglise du Sacré-Coeur de La Tremblade:</strong> Fleurissement  : Marie Claude  A  et Paulette B</p>
<p><strong>Église St Pierre de Chaillevette</strong> : Christiane J et Marguerite D</p>
<p><strong>Église St Cyr et Ste Julitte des Mathes</strong>: Mireille M, Pierre C et Mauricette.Geneviève D entretient les nappes et le linge d&rsquo;autel<strong></strong></p>
<p><strong>Église Notre Dame de la Nativité d&rsquo;Étaules</strong> :entretien Élisabeth D et André S avec l&rsquo;aide de Manuela ..Ouverture/fermeture de l&rsquo;église : deux équipes ont été constituées pour assurer régulièrement ce service Jean-Pierre B / André S, Gérald S / Daniel M et des remplaçantes Nicole P ou Françoise R en cas de besoin.</p>
<p><strong>L&rsquo;église St Étienne d&rsquo;Arvert:</strong> (en travaux pour un temps indéterminé)</p>
<p>&nbsp;</p>
<p><strong>En juillet/août, des célébrations Eucharistiques ont lieu tous les dimanches à la chapelle Notre Dame des pins à La Palmyre et la chapelle de Ronce les bains</strong></p>
<p><strong></strong></p>
<p><strong></strong></p>
<p><strong>L&rsquo;entretien général de La chapelle de la Palmyre</strong> est assuré le matin par la municipalité et les finitions par Mireille M et Chantal.</p>
<p>La préparation matérielle pour la célébration Eucharistique (mise en place de l&rsquo;autel, des accessoires nécessaires, de la sono, du matériel pour le diaporama ..) est assurée tous les dimanches de l&rsquo;été par Françoise L et Pierre C.</p>
<p><strong>L&rsquo;entretien de la Chapelle de Ronce les bains</strong> est assuré par Jacqueline B et la préparation de l&rsquo;autel avant la messe par Danielle P et Maïté</p>
<p>&nbsp;</p>
<p>[/et_pb_text][/et_pb_column][/et_pb_row][et_pb_row _builder_version= »4.21.0&Prime; _module_preset= »default » global_colors_info= »{} » theme_builder_area= »post_content »][et_pb_column type= »4_4&Prime; _builder_version= »4.21.0&Prime; _module_preset= »default » global_colors_info= »{} » theme_builder_area= »post_content »][et_pb_divider _builder_version= »4.21.0&Prime; _module_preset= »default » global_colors_info= »{} » theme_builder_area= »post_content »][/et_pb_divider][/et_pb_column][/et_pb_row][et_pb_row _builder_version= »4.21.0&Prime; _module_preset= »default » global_colors_info= »{} » theme_builder_area= »post_content »][et_pb_column type= »4_4&Prime; _builder_version= »4.21.0&Prime; _module_preset= »default » global_colors_info= »{} » theme_builder_area= »post_content »][et_pb_text _builder_version= »4.21.0&Prime; _module_preset= »default » global_colors_info= »{} » theme_builder_area= »post_content »]</p>
<h3 style="text-align: center"><span style="color: #008000">L&rsquo;entretien des Eglises est probablement le service le plus discret mais tellement  important pour la beauté de  nos célébrations<br /></span></h3>
<h3 style="text-align: center"><span style="color: #008000">Vous souhaitez  rejoindre ces equipes </span></h3>
<h3 style="text-align: center"><span style="color: #008000"></span></h3>
<h3 style="text-align: center"><span style="color: #008000"></span></h3>
<h2 style="text-align: center"><span style="color: #008000"><strong><a href="mailto:Paroissepresquile@gmail.com">Paroissepresquile@gmail.com</a></strong><br /></span></h2>
<p>&nbsp;</p>
<p><span style="color: #008000"></span></p>
<p><span style="color: #008000">   https://catholiques17.fr/latremblade/vie-chretienne/catechumenat/</span><strong><span style="color: #008000"></span></strong></p>
<p><span style="color: #008000"></span></p>
<p><span style="color: #008000"></span></p>
<h3 style="text-align: center"></h3>
<p>[/et_pb_text][/et_pb_column][/et_pb_row][/et_pb_section]</p>

<p>Entretien des églises Notre paroisse comprend 5 églises qui sont ouvertes tous les jours de l&rsquo;année Dans chacune de ces églises, quelques paroissiennes mais aussi paroissiens s&#8217;emploient à la garder [&hellip;]</p>
