{"id":5859,"date":"2023-10-13T10:17:14","date_gmt":"2023-10-13T08:17:14","guid":{"rendered":"https:\/\/catholiques17.fr\/latremblade\/?page_id=5859"},"modified":"2023-10-27T12:16:54","modified_gmt":"2023-10-27T10:16:54","slug":"louange-adoration","status":"publish","type":"page","link":"https:\/\/catholiques17.fr\/latremblade\/services\/louange-adoration\/","title":{"rendered":"Louange &#8211; Adoration"},"content":{"rendered":"<p>[et_pb_section fb_built=\u00a0\u00bb1&Prime; _builder_version=\u00a0\u00bb4.21.0&Prime; _module_preset=\u00a0\u00bbdefault\u00a0\u00bb custom_padding=\u00a0\u00bb23px|||||\u00a0\u00bb global_colors_info=\u00a0\u00bb{}\u00a0\u00bb theme_builder_area=\u00a0\u00bbpost_content\u00a0\u00bb][et_pb_row column_structure=\u00a0\u00bb1_2,1_2&Prime; _builder_version=\u00a0\u00bb4.21.0&Prime; _module_preset=\u00a0\u00bbdefault\u00a0\u00bb global_colors_info=\u00a0\u00bb{}\u00a0\u00bb theme_builder_area=\u00a0\u00bbpost_content\u00a0\u00bb][et_pb_column type=\u00a0\u00bb1_2&Prime; _builder_version=\u00a0\u00bb4.21.0&Prime; _module_preset=\u00a0\u00bbdefault\u00a0\u00bb global_colors_info=\u00a0\u00bb{}\u00a0\u00bb theme_builder_area=\u00a0\u00bbpost_content\u00a0\u00bb][et_pb_image src=\u00a0\u00bbhttps:\/\/catholiques17.fr\/latremblade\/wp-content\/uploads\/sites\/16\/2023\/10\/adorer.jpg\u00a0\u00bb title_text=\u00a0\u00bbadorer\u00a0\u00bb align=\u00a0\u00bbcenter\u00a0\u00bb _builder_version=\u00a0\u00bb4.21.0&Prime; _module_preset=\u00a0\u00bbdefault\u00a0\u00bb animation_style=\u00a0\u00bbslide\u00a0\u00bb border_radii=\u00a0\u00bbon|20px|20px|20px|20px\u00a0\u00bb border_color_all=\u00a0\u00bb#207172&Prime; global_colors_info=\u00a0\u00bb{}\u00a0\u00bb theme_builder_area=\u00a0\u00bbpost_content\u00a0\u00bb][\/et_pb_image][\/et_pb_column][et_pb_column type=\u00a0\u00bb1_2&Prime; _builder_version=\u00a0\u00bb4.21.0&Prime; _module_preset=\u00a0\u00bbdefault\u00a0\u00bb global_colors_info=\u00a0\u00bb{}\u00a0\u00bb theme_builder_area=\u00a0\u00bbpost_content\u00a0\u00bb][et_pb_image src=\u00a0\u00bbhttps:\/\/catholiques17.fr\/latremblade\/wp-content\/uploads\/sites\/16\/2023\/10\/adoration_eucharistique.jpg\u00a0\u00bb title_text=\u00a0\u00bbadoration_eucharistique\u00a0\u00bb _builder_version=\u00a0\u00bb4.21.0&Prime; _module_preset=\u00a0\u00bbdefault\u00a0\u00bb border_radii=\u00a0\u00bbon|19px|19px|19px|19px\u00a0\u00bb global_colors_info=\u00a0\u00bb{}\u00a0\u00bb theme_builder_area=\u00a0\u00bbpost_content\u00a0\u00bb][\/et_pb_image][\/et_pb_column][\/et_pb_row][et_pb_row column_structure=\u00a0\u00bb1_2,1_2&Prime; _builder_version=\u00a0\u00bb4.21.0&Prime; _module_preset=\u00a0\u00bbdefault\u00a0\u00bb global_colors_info=\u00a0\u00bb{}\u00a0\u00bb theme_builder_area=\u00a0\u00bbpost_content\u00a0\u00bb][et_pb_column type=\u00a0\u00bb1_2&Prime; _builder_version=\u00a0\u00bb4.21.0&Prime; _module_preset=\u00a0\u00bbdefault\u00a0\u00bb global_colors_info=\u00a0\u00bb{}\u00a0\u00bb theme_builder_area=\u00a0\u00bbpost_content\u00a0\u00bb][et_pb_text _builder_version=\u00a0\u00bb4.21.0&Prime; _module_preset=\u00a0\u00bbdefault\u00a0\u00bb width=\u00a0\u00bb100%\u00a0\u00bb max_width=\u00a0\u00bb100%\u00a0\u00bb custom_padding=\u00a0\u00bb|0px||||\u00a0\u00bb border_color_all=\u00a0\u00bb#000000&Prime; global_colors_info=\u00a0\u00bb{}\u00a0\u00bb theme_builder_area=\u00a0\u00bbpost_content\u00a0\u00bb]<\/p>\n<p>Venez louer le Seigneur car chanter c\u2019est prier deux fois !!<\/p>\n<p>Louer Dieu c\u2019est reconna\u00eetre sa pr\u00e9sence active en nos vies\u2026<\/p>\n<p>Il est NOTRE P\u00c8RE et il d\u00e9sire plus que tout avoir une relation profonde avec chacun de ses enfants, tout comme vous avez une relation<\/p>\n<p>avec votre p\u00e8re de la terre !<\/p>\n<p>La petite Sainte Th\u00e9r\u00e8se de Lisieux disait que plus elle rendait gr\u00e2ce au Seigneur de ses bienfaits, plus elle en recevait\u2026<\/p>\n<p>Comment louer Dieu ? C\u2019est simple : Vous chantez avec tous les autres membres et vous laissez jaillir de votre c\u0153ur les paroles d\u2019amour que vous ressentez pour Dieu ! Tout comme un enfant dit \u00e0 son p\u00e8re :<\/p>\n<p>papa je t\u2019aime, ou bien : merci papa !<\/p>\n<p>Petit \u00e0 petit cela deviendra facile et naturel !<\/p>\n<p>La louange nous permet de fixer les yeux sur sa bienveillance plut\u00f4t que sur les circonstances n\u00e9gatives de nos vies !<\/p>\n<p>Quand nous Le louons, nous Lui laissons la place pour faire ce que nous ne pouvons pas faire, et nous exp\u00e9rimentons ainsi sa pr\u00e9sence et son action dans notre vie quotidienne, nous prenons conscience que nous ne sommes jamais seuls, il est toujours pr\u00e8s de nous \u00e0 tous les moments de notre vie<\/p>\n<p>L<\/p>\n<p>[\/et_pb_text][\/et_pb_column][et_pb_column type=\u00a0\u00bb1_2&Prime; _builder_version=\u00a0\u00bb4.21.0&Prime; _module_preset=\u00a0\u00bbdefault\u00a0\u00bb global_colors_info=\u00a0\u00bb{}\u00a0\u00bb theme_builder_area=\u00a0\u00bbpost_content\u00a0\u00bb][et_pb_text _builder_version=\u00a0\u00bb4.21.0&Prime; _module_preset=\u00a0\u00bbdefault\u00a0\u00bb text_text_color=\u00a0\u00bb#000000&Prime; module_alignment=\u00a0\u00bbcenter\u00a0\u00bb custom_padding=\u00a0\u00bb||0px|||\u00a0\u00bb border_color_all=\u00a0\u00bb#000000&Prime; global_colors_info=\u00a0\u00bb{}\u00a0\u00bb theme_builder_area=\u00a0\u00bbpost_content\u00a0\u00bb]<\/p>\n<p>La louange ayant dilat\u00e9 nos c\u0153urs nous sommes pr\u00eats \u00e0 adorer le Seigneur pr\u00e9sent dans son Eucharistie !<\/p>\n<p>C\u2019est un temps de pri\u00e8re et de c\u0153ur \u00e0 c\u0153ur avec J\u00e9sus o\u00f9 nous pouvons lui confier tout ce qui fait notre vie : nos joies, nos peines, nos difficult\u00e9s, et lui adresser nos demandes.<\/p>\n<p>Et nous pouvons aussi participer \u00e0 la messe qui est c\u00e9l\u00e9br\u00e9e apr\u00e8s !<\/p>\n<p>Quand vous aurez exp\u00e9riment\u00e9 ces temps de louange et d\u2019adoration, vous constaterez que la joie est pr\u00e9sente dans votre c\u0153ur et que cela vous aide dans votre vie quotidienne, et vous reviendrez nombreu<\/p>\n<p>[\/et_pb_text][\/et_pb_column][\/et_pb_row][et_pb_row _builder_version=\u00a0\u00bb4.21.0&Prime; _module_preset=\u00a0\u00bbdefault\u00a0\u00bb global_colors_info=\u00a0\u00bb{}\u00a0\u00bb theme_builder_area=\u00a0\u00bbpost_content\u00a0\u00bb][et_pb_column type=\u00a0\u00bb4_4&Prime; _builder_version=\u00a0\u00bb4.21.0&Prime; _module_preset=\u00a0\u00bbdefault\u00a0\u00bb global_colors_info=\u00a0\u00bb{}\u00a0\u00bb theme_builder_area=\u00a0\u00bbpost_content\u00a0\u00bb][et_pb_divider _builder_version=\u00a0\u00bb4.21.0&Prime; _module_preset=\u00a0\u00bbdefault\u00a0\u00bb global_colors_info=\u00a0\u00bb{}\u00a0\u00bb theme_builder_area=\u00a0\u00bbpost_content\u00a0\u00bb][\/et_pb_divider][\/et_pb_column][\/et_pb_row][et_pb_row _builder_version=\u00a0\u00bb4.21.0&Prime; _module_preset=\u00a0\u00bbdefault\u00a0\u00bb global_colors_info=\u00a0\u00bb{}\u00a0\u00bb theme_builder_area=\u00a0\u00bbpost_content\u00a0\u00bb][et_pb_column type=\u00a0\u00bb4_4&Prime; _builder_version=\u00a0\u00bb4.21.0&Prime; _module_preset=\u00a0\u00bbdefault\u00a0\u00bb global_colors_info=\u00a0\u00bb{}\u00a0\u00bb theme_builder_area=\u00a0\u00bbpost_content\u00a0\u00bb][et_pb_text _builder_version=\u00a0\u00bb4.21.0&Prime; _module_preset=\u00a0\u00bbdefault\u00a0\u00bb hover_enabled=\u00a0\u00bb0&Prime; global_colors_info=\u00a0\u00bb{}\u00a0\u00bb theme_builder_area=\u00a0\u00bbpost_content\u00a0\u00bb sticky_enabled=\u00a0\u00bb0&Prime;]<\/p>\n<h3 style=\"text-align: center\"><span style=\"color: #008000\">Calendrier des\u00a0 c\u00e9l\u00e9brations de Louange -Adoration<br \/><\/span><\/h3>\n<h3 style=\"text-align: center\"><span style=\"color: #008000\">\u00a0 Eglise de la Tremblade\u00a0 \u00e0 17h30\u00a0 aux dates suivantes <\/span><\/h3>\n<p><span style=\"color: #008000\">l<\/span><\/p>\n<p style=\"text-align: center\">Vendredi 10 NOVEMBRE &#8211; Vendredi 8 D\u00c9CEMBRE<\/p>\n<p style=\"text-align: center\">Vendredi 12 JANVIER &#8211; Vendredi 9 F\u00c9VRIER<\/p>\n<p style=\"text-align: center\">Mercredi\u00a0 13 MARS ( exception car careme ) &#8211; Vendredi 12 AVRIL<\/p>\n<p style=\"text-align: center\">Vendredi 17 MAI &#8211; Vendredi 14 JUIN<\/p>\n<p style=\"text-align: center\">Vendredi 12 JUILLET &#8211; Vendredi 9 AO\u00dbT<\/p>\n<p style=\"text-align: center\">Vendredi 13 SEPTEMBRE<\/p>\n<p><span style=\"color: #008000\"><\/span><\/p>\n<h3 style=\"text-align: center\"><a href=\"mailto:paroissepresquile@gmail.com\" target=\"_blank\" rel=\"noopener\"><\/a><\/h3>\n<p>[\/et_pb_text][\/et_pb_column][\/et_pb_row][\/et_pb_section]<\/p>\n","protected":false},"excerpt":{"rendered":"<p>Venez louer le Seigneur car chanter c\u2019est prier deux fois !! Louer Dieu c\u2019est reconna\u00eetre sa pr\u00e9sence active en nos vies\u2026 Il est NOTRE P\u00c8RE et il d\u00e9sire plus que [&hellip;]<\/p>\n","protected":false},"author":4,"featured_media":0,"parent":5855,"menu_order":0,"comment_status":"closed","ping_status":"closed","template":"","meta":{"_et_pb_use_builder":"on","_et_pb_old_content":"","_et_gb_content_width":"","footnotes":""},"class_list":["post-5859","page","type-page","status-publish","hentry"],"_links":{"self":[{"href":"https:\/\/catholiques17.fr\/latremblade\/wp-json\/wp\/v2\/pages\/5859","targetHints":{"allow":["GET"]}}],"collection":[{"href":"https:\/\/catholiques17.fr\/latremblade\/wp-json\/wp\/v2\/pages"}],"about":[{"href":"https:\/\/catholiques17.fr\/latremblade\/wp-json\/wp\/v2\/types\/page"}],"author":[{"embeddable":true,"href":"https:\/\/catholiques17.fr\/latremblade\/wp-json\/wp\/v2\/users\/4"}],"replies":[{"embeddable":true,"href":"https:\/\/catholiques17.fr\/latremblade\/wp-json\/wp\/v2\/comments?post=5859"}],"version-history":[{"count":10,"href":"https:\/\/catholiques17.fr\/latremblade\/wp-json\/wp\/v2\/pages\/5859\/revisions"}],"predecessor-version":[{"id":6314,"href":"https:\/\/catholiques17.fr\/latremblade\/wp-json\/wp\/v2\/pages\/5859\/revisions\/6314"}],"up":[{"embeddable":true,"href":"https:\/\/catholiques17.fr\/latremblade\/wp-json\/wp\/v2\/pages\/5855"}],"wp:attachment":[{"href":"https:\/\/catholiques17.fr\/latremblade\/wp-json\/wp\/v2\/media?parent=5859"}],"curies":[{"name":"wp","href":"https:\/\/api.w.org\/{rel}","templated":true}]}}

<p>[et_pb_section fb_built= »1&Prime; _builder_version= »4.21.0&Prime; _module_preset= »default » custom_padding= »23px||||| » global_colors_info= »{} » theme_builder_area= »post_content »][et_pb_row column_structure= »1_2,1_2&Prime; _builder_version= »4.21.0&Prime; _module_preset= »default » global_colors_info= »{} » theme_builder_area= »post_content »][et_pb_column type= »1_2&Prime; _builder_version= »4.21.0&Prime; _module_preset= »default » global_colors_info= »{} » theme_builder_area= »post_content »][et_pb_image src= »https://catholiques17.fr/latremblade/wp-content/uploads/sites/16/2023/10/adorer.jpg » title_text= »adorer » align= »center » _builder_version= »4.21.0&Prime; _module_preset= »default » animation_style= »slide » border_radii= »on|20px|20px|20px|20px » border_color_all= »#207172&Prime; global_colors_info= »{} » theme_builder_area= »post_content »][/et_pb_image][/et_pb_column][et_pb_column type= »1_2&Prime; _builder_version= »4.21.0&Prime; _module_preset= »default » global_colors_info= »{} » theme_builder_area= »post_content »][et_pb_image src= »https://catholiques17.fr/latremblade/wp-content/uploads/sites/16/2023/10/adoration_eucharistique.jpg » title_text= »adoration_eucharistique » _builder_version= »4.21.0&Prime; _module_preset= »default » border_radii= »on|19px|19px|19px|19px » global_colors_info= »{} » theme_builder_area= »post_content »][/et_pb_image][/et_pb_column][/et_pb_row][et_pb_row column_structure= »1_2,1_2&Prime; _builder_version= »4.21.0&Prime; _module_preset= »default » global_colors_info= »{} » theme_builder_area= »post_content »][et_pb_column type= »1_2&Prime; _builder_version= »4.21.0&Prime; _module_preset= »default » global_colors_info= »{} » theme_builder_area= »post_content »][et_pb_text _builder_version= »4.21.0&Prime; _module_preset= »default » width= »100% » max_width= »100% » custom_padding= »|0px|||| » border_color_all= »#000000&Prime; global_colors_info= »{} » theme_builder_area= »post_content »]</p>
<p>Venez louer le Seigneur car chanter c’est prier deux fois !!</p>
<p>Louer Dieu c’est reconnaître sa présence active en nos vies…</p>
<p>Il est NOTRE PÈRE et il désire plus que tout avoir une relation profonde avec chacun de ses enfants, tout comme vous avez une relation</p>
<p>avec votre père de la terre !</p>
<p>La petite Sainte Thérèse de Lisieux disait que plus elle rendait grâce au Seigneur de ses bienfaits, plus elle en recevait…</p>
<p>Comment louer Dieu ? C’est simple : Vous chantez avec tous les autres membres et vous laissez jaillir de votre cœur les paroles d’amour que vous ressentez pour Dieu ! Tout comme un enfant dit à son père :</p>
<p>papa je t’aime, ou bien : merci papa !</p>
<p>Petit à petit cela deviendra facile et naturel !</p>
<p>La louange nous permet de fixer les yeux sur sa bienveillance plutôt que sur les circonstances négatives de nos vies !</p>
<p>Quand nous Le louons, nous Lui laissons la place pour faire ce que nous ne pouvons pas faire, et nous expérimentons ainsi sa présence et son action dans notre vie quotidienne, nous prenons conscience que nous ne sommes jamais seuls, il est toujours près de nous à tous les moments de notre vie</p>
<p>L</p>
<p>[/et_pb_text][/et_pb_column][et_pb_column type= »1_2&Prime; _builder_version= »4.21.0&Prime; _module_preset= »default » global_colors_info= »{} » theme_builder_area= »post_content »][et_pb_text _builder_version= »4.21.0&Prime; _module_preset= »default » text_text_color= »#000000&Prime; module_alignment= »center » custom_padding= »||0px||| » border_color_all= »#000000&Prime; global_colors_info= »{} » theme_builder_area= »post_content »]</p>
<p>La louange ayant dilaté nos cœurs nous sommes prêts à adorer le Seigneur présent dans son Eucharistie !</p>
<p>C’est un temps de prière et de cœur à cœur avec Jésus où nous pouvons lui confier tout ce qui fait notre vie : nos joies, nos peines, nos difficultés, et lui adresser nos demandes.</p>
<p>Et nous pouvons aussi participer à la messe qui est célébrée après !</p>
<p>Quand vous aurez expérimenté ces temps de louange et d’adoration, vous constaterez que la joie est présente dans votre cœur et que cela vous aide dans votre vie quotidienne, et vous reviendrez nombreu</p>
<p>[/et_pb_text][/et_pb_column][/et_pb_row][et_pb_row _builder_version= »4.21.0&Prime; _module_preset= »default » global_colors_info= »{} » theme_builder_area= »post_content »][et_pb_column type= »4_4&Prime; _builder_version= »4.21.0&Prime; _module_preset= »default » global_colors_info= »{} » theme_builder_area= »post_content »][et_pb_divider _builder_version= »4.21.0&Prime; _module_preset= »default » global_colors_info= »{} » theme_builder_area= »post_content »][/et_pb_divider][/et_pb_column][/et_pb_row][et_pb_row _builder_version= »4.21.0&Prime; _module_preset= »default » global_colors_info= »{} » theme_builder_area= »post_content »][et_pb_column type= »4_4&Prime; _builder_version= »4.21.0&Prime; _module_preset= »default » global_colors_info= »{} » theme_builder_area= »post_content »][et_pb_text _builder_version= »4.21.0&Prime; _module_preset= »default » hover_enabled= »0&Prime; global_colors_info= »{} » theme_builder_area= »post_content » sticky_enabled= »0&Prime;]</p>
<h3 style="text-align: center"><span style="color: #008000">Calendrier des  célébrations de Louange -Adoration<br /></span></h3>
<h3 style="text-align: center"><span style="color: #008000">  Eglise de la Tremblade  à 17h30  aux dates suivantes </span></h3>
<p><span style="color: #008000">l</span></p>
<p style="text-align: center">Vendredi 10 NOVEMBRE &#8211; Vendredi 8 DÉCEMBRE</p>
<p style="text-align: center">Vendredi 12 JANVIER &#8211; Vendredi 9 FÉVRIER</p>
<p style="text-align: center">Mercredi  13 MARS ( exception car careme ) &#8211; Vendredi 12 AVRIL</p>
<p style="text-align: center">Vendredi 17 MAI &#8211; Vendredi 14 JUIN</p>
<p style="text-align: center">Vendredi 12 JUILLET &#8211; Vendredi 9 AOÛT</p>
<p style="text-align: center">Vendredi 13 SEPTEMBRE</p>
<p><span style="color: #008000"></span></p>
<h3 style="text-align: center"><a href="mailto:paroissepresquile@gmail.com" target="_blank" rel="noopener"></a></h3>
<p>[/et_pb_text][/et_pb_column][/et_pb_row][/et_pb_section]</p>

<p>Venez louer le Seigneur car chanter c’est prier deux fois !! Louer Dieu c’est reconnaître sa présence active en nos vies… Il est NOTRE PÈRE et il désire plus que [&hellip;]</p>
