{"id":5857,"date":"2023-10-13T10:16:55","date_gmt":"2023-10-13T08:16:55","guid":{"rendered":"https:\/\/catholiques17.fr\/latremblade\/?page_id=5857"},"modified":"2024-01-18T21:43:43","modified_gmt":"2024-01-18T20:43:43","slug":"liturgie-chorale","status":"publish","type":"page","link":"https:\/\/catholiques17.fr\/latremblade\/services\/liturgie-chorale\/","title":{"rendered":"Liturgie &#8211; Chorale"},"content":{"rendered":"<p>[et_pb_section fb_built=\u00a0\u00bb1&Prime; _builder_version=\u00a0\u00bb4.21.0&Prime; _module_preset=\u00a0\u00bbdefault\u00a0\u00bb custom_padding=\u00a0\u00bb23px|||||\u00a0\u00bb global_colors_info=\u00a0\u00bb{}\u00a0\u00bb theme_builder_area=\u00a0\u00bbpost_content\u00a0\u00bb][et_pb_row _builder_version=\u00a0\u00bb4.21.0&Prime; _module_preset=\u00a0\u00bbdefault\u00a0\u00bb global_colors_info=\u00a0\u00bb{}\u00a0\u00bb theme_builder_area=\u00a0\u00bbpost_content\u00a0\u00bb][et_pb_column type=\u00a0\u00bb4_4&Prime; _builder_version=\u00a0\u00bb4.21.0&Prime; _module_preset=\u00a0\u00bbdefault\u00a0\u00bb global_colors_info=\u00a0\u00bb{}\u00a0\u00bb theme_builder_area=\u00a0\u00bbpost_content\u00a0\u00bb][et_pb_image src=\u00a0\u00bbhttps:\/\/catholiques17.fr\/latremblade\/wp-content\/uploads\/sites\/16\/2023\/10\/IMG20231010182439.jpg\u00a0\u00bb title_text=\u00a0\u00bbIMG20231010182439&Prime; align=\u00a0\u00bbcenter\u00a0\u00bb _builder_version=\u00a0\u00bb4.21.0&Prime; _module_preset=\u00a0\u00bbdefault\u00a0\u00bb max_height=\u00a0\u00bb360px\u00a0\u00bb custom_margin=\u00a0\u00bb||-18px|||\u00a0\u00bb animation_style=\u00a0\u00bbslide\u00a0\u00bb border_radii=\u00a0\u00bbon|20px|20px|20px|20px\u00a0\u00bb border_color_all=\u00a0\u00bb#207172&Prime; global_colors_info=\u00a0\u00bb{}\u00a0\u00bb theme_builder_area=\u00a0\u00bbpost_content\u00a0\u00bb][\/et_pb_image][et_pb_image src=\u00a0\u00bbhttps:\/\/catholiques17.fr\/latremblade\/wp-content\/uploads\/sites\/16\/2023\/10\/ciric_280821-300&#215;200-2.jpg\u00a0\u00bb title_text=\u00a0\u00bbciric_280821-300&#215;200&Prime; force_fullwidth=\u00a0\u00bbon\u00a0\u00bb _builder_version=\u00a0\u00bb4.21.0&Prime; _module_preset=\u00a0\u00bbdefault\u00a0\u00bb border_radii=\u00a0\u00bbon|32px|32px|32px|32px\u00a0\u00bb global_colors_info=\u00a0\u00bb{}\u00a0\u00bb theme_builder_area=\u00a0\u00bbpost_content\u00a0\u00bb][\/et_pb_image][\/et_pb_column][\/et_pb_row][et_pb_row _builder_version=\u00a0\u00bb4.21.0&Prime; _module_preset=\u00a0\u00bbdefault\u00a0\u00bb global_colors_info=\u00a0\u00bb{}\u00a0\u00bb theme_builder_area=\u00a0\u00bbpost_content\u00a0\u00bb][et_pb_column type=\u00a0\u00bb4_4&Prime; _builder_version=\u00a0\u00bb4.21.0&Prime; _module_preset=\u00a0\u00bbdefault\u00a0\u00bb global_colors_info=\u00a0\u00bb{}\u00a0\u00bb theme_builder_area=\u00a0\u00bbpost_content\u00a0\u00bb][et_pb_text _builder_version=\u00a0\u00bb4.21.0&Prime; _module_preset=\u00a0\u00bbdefault\u00a0\u00bb global_colors_info=\u00a0\u00bb{}\u00a0\u00bb theme_builder_area=\u00a0\u00bbpost_content\u00a0\u00bb]<\/p>\n<p>\u00ab\u00a0<strong>Animer c&rsquo;est aider l&rsquo;assembl\u00e9e \u00e0 chanter\u00a0\u00bb<\/strong><\/p>\n<p><strong><\/strong><\/p>\n<p>Pour animer les messes du dimanche et des jours de f\u00eate, nous sommes une \u00e9quipe de 5 animateurs et animatrices qui nous r\u00e9unissons une fois tous les 2 mois avec notre cur\u00e9, pour \u00e9tablir un planning des animations, partager nosexp\u00e9riences, faire le bilan des c\u00e9l\u00e9brations et pr\u00e9parer celles \u00e0 venir.<\/p>\n<p>Heureusement pendant l\u2019\u00e9t\u00e9 et les cong\u00e9s scolaires, des vacanciers viennent gentiment nous rejoindre pour l\u2019animation car nous avons des messes suppl\u00e9mentaires.<\/p>\n<p>Nous avons la chance d\u2019avoir 2 organistes, Renaud qui joue \u00e0 l\u2019\u00e9glise et Jean-Claude qui accompagne les messes du samedi soir.<\/p>\n<p>Si vous avez des comp\u00e9tences en chant ou en musiqueAnimer c&rsquo;est aider l&rsquo;assembl\u00e9e \u00e0 chanter\u00a0\u00bb , n\u2019h\u00e9sitez pas \u00e0 venir nous rejoindre \u2026 Aller voir l\u2019animateur \u00e0 la fin de la messe \u2026<\/p>\n<p>Vous aimez un chant et aimeriez le voir chanter dites le nous aussi<\/p>\n<p>[\/et_pb_text][\/et_pb_column][\/et_pb_row][et_pb_row _builder_version=\u00a0\u00bb4.21.0&Prime; _module_preset=\u00a0\u00bbdefault\u00a0\u00bb global_colors_info=\u00a0\u00bb{}\u00a0\u00bb theme_builder_area=\u00a0\u00bbpost_content\u00a0\u00bb][et_pb_column type=\u00a0\u00bb4_4&Prime; _builder_version=\u00a0\u00bb4.21.0&Prime; _module_preset=\u00a0\u00bbdefault\u00a0\u00bb global_colors_info=\u00a0\u00bb{}\u00a0\u00bb theme_builder_area=\u00a0\u00bbpost_content\u00a0\u00bb][et_pb_divider _builder_version=\u00a0\u00bb4.21.0&Prime; _module_preset=\u00a0\u00bbdefault\u00a0\u00bb global_colors_info=\u00a0\u00bb{}\u00a0\u00bb theme_builder_area=\u00a0\u00bbpost_content\u00a0\u00bb][\/et_pb_divider][\/et_pb_column][\/et_pb_row][et_pb_row _builder_version=\u00a0\u00bb4.21.0&Prime; _module_preset=\u00a0\u00bbdefault\u00a0\u00bb global_colors_info=\u00a0\u00bb{}\u00a0\u00bb theme_builder_area=\u00a0\u00bbpost_content\u00a0\u00bb][et_pb_column type=\u00a0\u00bb4_4&Prime; _builder_version=\u00a0\u00bb4.21.0&Prime; _module_preset=\u00a0\u00bbdefault\u00a0\u00bb global_colors_info=\u00a0\u00bb{}\u00a0\u00bb theme_builder_area=\u00a0\u00bbpost_content\u00a0\u00bb][et_pb_text _builder_version=\u00a0\u00bb4.21.0&Prime; _module_preset=\u00a0\u00bbdefault\u00a0\u00bb custom_padding=\u00a0\u00bb||0px|||\u00a0\u00bb global_colors_info=\u00a0\u00bb{}\u00a0\u00bb theme_builder_area=\u00a0\u00bbpost_content\u00a0\u00bb]<\/p>\n<h4 style=\"text-align: left\"><span style=\"color: #008000\">\u00a0Dans notre paroisse, on aime des c\u00e9l\u00e9brations joyeuses et chant\u00e9es .\u00a0<\/span><\/h4>\n<h4><span style=\"color: #008000\">\u00a0\u00a0\u00a0\u00a0\u00a0\u00a0\u00a0\u00a0 Nous\u00a0 avons plaisir\u00a0 \u00e0 nous\u00a0 retrouver en groupe pour apprendre ou r\u00e9apprendre\u00a0 les chants <\/span><\/h4>\n<h4><span style=\"color: #008000\">\u00a0\u00a0\u00a0\u00a0\u00a0\u00a0\u00a0\u00a0\u00a0\u00a0\u00a0\u00a0\u00a0\u00a0\u00a0 Les petites imperfections s&rsquo;estompent\u00a0 quand on est ensemble ..alors rejoignez nous <\/span><span style=\"color: #008000\"><strong><\/strong> <\/span><\/h4>\n<h2><span style=\"color: #008000\">\u00a0\u00a0\u00a0\u00a0\u00a0\u00a0\u00a0\u00a0\u00a0\u00a0\u00a0\u00a0\u00a0<\/span><\/h2>\n<h2><span style=\"color: #008000\">\u00a0 \u00a0 \u00a0 \u00a0 \u00a0 \u00a0\u00a0 \u00a0\u00a0\u00a0\u00a0\u00a0\u00a0\u00a0\u00a0\u00a0\u00a0\u00a0\u00a0\u00a0\u00a0\u00a0\u00a0 <strong>paroissepresquile@gmail.com<\/strong><\/span><\/h2>\n<p>[\/et_pb_text][\/et_pb_column][\/et_pb_row][\/et_pb_section]<\/p>\n","protected":false},"excerpt":{"rendered":"<p>\u00ab\u00a0Animer c&rsquo;est aider l&rsquo;assembl\u00e9e \u00e0 chanter\u00a0\u00bb Pour animer les messes du dimanche et des jours de f\u00eate, nous sommes une \u00e9quipe de 5 animateurs et animatrices qui nous r\u00e9unissons une [&hellip;]<\/p>\n","protected":false},"author":4,"featured_media":0,"parent":5855,"menu_order":0,"comment_status":"closed","ping_status":"closed","template":"","meta":{"_et_pb_use_builder":"on","_et_pb_old_content":"","_et_gb_content_width":"","footnotes":""},"class_list":["post-5857","page","type-page","status-publish","hentry"],"_links":{"self":[{"href":"https:\/\/catholiques17.fr\/latremblade\/wp-json\/wp\/v2\/pages\/5857","targetHints":{"allow":["GET"]}}],"collection":[{"href":"https:\/\/catholiques17.fr\/latremblade\/wp-json\/wp\/v2\/pages"}],"about":[{"href":"https:\/\/catholiques17.fr\/latremblade\/wp-json\/wp\/v2\/types\/page"}],"author":[{"embeddable":true,"href":"https:\/\/catholiques17.fr\/latremblade\/wp-json\/wp\/v2\/users\/4"}],"replies":[{"embeddable":true,"href":"https:\/\/catholiques17.fr\/latremblade\/wp-json\/wp\/v2\/comments?post=5857"}],"version-history":[{"count":8,"href":"https:\/\/catholiques17.fr\/latremblade\/wp-json\/wp\/v2\/pages\/5857\/revisions"}],"predecessor-version":[{"id":7069,"href":"https:\/\/catholiques17.fr\/latremblade\/wp-json\/wp\/v2\/pages\/5857\/revisions\/7069"}],"up":[{"embeddable":true,"href":"https:\/\/catholiques17.fr\/latremblade\/wp-json\/wp\/v2\/pages\/5855"}],"wp:attachment":[{"href":"https:\/\/catholiques17.fr\/latremblade\/wp-json\/wp\/v2\/media?parent=5857"}],"curies":[{"name":"wp","href":"https:\/\/api.w.org\/{rel}","templated":true}]}}

<p>[et_pb_section fb_built= »1&Prime; _builder_version= »4.21.0&Prime; _module_preset= »default » custom_padding= »23px||||| » global_colors_info= »{} » theme_builder_area= »post_content »][et_pb_row _builder_version= »4.21.0&Prime; _module_preset= »default » global_colors_info= »{} » theme_builder_area= »post_content »][et_pb_column type= »4_4&Prime; _builder_version= »4.21.0&Prime; _module_preset= »default » global_colors_info= »{} » theme_builder_area= »post_content »][et_pb_image src= »https://catholiques17.fr/latremblade/wp-content/uploads/sites/16/2023/10/IMG20231010182439.jpg » title_text= »IMG20231010182439&Prime; align= »center » _builder_version= »4.21.0&Prime; _module_preset= »default » max_height= »360px » custom_margin= »||-18px||| » animation_style= »slide » border_radii= »on|20px|20px|20px|20px » border_color_all= »#207172&Prime; global_colors_info= »{} » theme_builder_area= »post_content »][/et_pb_image][et_pb_image src= »https://catholiques17.fr/latremblade/wp-content/uploads/sites/16/2023/10/ciric_280821-300&#215;200-2.jpg » title_text= »ciric_280821-300&#215;200&Prime; force_fullwidth= »on » _builder_version= »4.21.0&Prime; _module_preset= »default » border_radii= »on|32px|32px|32px|32px » global_colors_info= »{} » theme_builder_area= »post_content »][/et_pb_image][/et_pb_column][/et_pb_row][et_pb_row _builder_version= »4.21.0&Prime; _module_preset= »default » global_colors_info= »{} » theme_builder_area= »post_content »][et_pb_column type= »4_4&Prime; _builder_version= »4.21.0&Prime; _module_preset= »default » global_colors_info= »{} » theme_builder_area= »post_content »][et_pb_text _builder_version= »4.21.0&Prime; _module_preset= »default » global_colors_info= »{} » theme_builder_area= »post_content »]</p>
<p>« <strong>Animer c&rsquo;est aider l&rsquo;assemblée à chanter »</strong></p>
<p><strong></strong></p>
<p>Pour animer les messes du dimanche et des jours de fête, nous sommes une équipe de 5 animateurs et animatrices qui nous réunissons une fois tous les 2 mois avec notre curé, pour établir un planning des animations, partager nosexpériences, faire le bilan des célébrations et préparer celles à venir.</p>
<p>Heureusement pendant l’été et les congés scolaires, des vacanciers viennent gentiment nous rejoindre pour l’animation car nous avons des messes supplémentaires.</p>
<p>Nous avons la chance d’avoir 2 organistes, Renaud qui joue à l’église et Jean-Claude qui accompagne les messes du samedi soir.</p>
<p>Si vous avez des compétences en chant ou en musiqueAnimer c&rsquo;est aider l&rsquo;assemblée à chanter » , n’hésitez pas à venir nous rejoindre … Aller voir l’animateur à la fin de la messe …</p>
<p>Vous aimez un chant et aimeriez le voir chanter dites le nous aussi</p>
<p>[/et_pb_text][/et_pb_column][/et_pb_row][et_pb_row _builder_version= »4.21.0&Prime; _module_preset= »default » global_colors_info= »{} » theme_builder_area= »post_content »][et_pb_column type= »4_4&Prime; _builder_version= »4.21.0&Prime; _module_preset= »default » global_colors_info= »{} » theme_builder_area= »post_content »][et_pb_divider _builder_version= »4.21.0&Prime; _module_preset= »default » global_colors_info= »{} » theme_builder_area= »post_content »][/et_pb_divider][/et_pb_column][/et_pb_row][et_pb_row _builder_version= »4.21.0&Prime; _module_preset= »default » global_colors_info= »{} » theme_builder_area= »post_content »][et_pb_column type= »4_4&Prime; _builder_version= »4.21.0&Prime; _module_preset= »default » global_colors_info= »{} » theme_builder_area= »post_content »][et_pb_text _builder_version= »4.21.0&Prime; _module_preset= »default » custom_padding= »||0px||| » global_colors_info= »{} » theme_builder_area= »post_content »]</p>
<h4 style="text-align: left"><span style="color: #008000"> Dans notre paroisse, on aime des célébrations joyeuses et chantées . </span></h4>
<h4><span style="color: #008000">         Nous  avons plaisir  à nous  retrouver en groupe pour apprendre ou réapprendre  les chants </span></h4>
<h4><span style="color: #008000">                Les petites imperfections s&rsquo;estompent  quand on est ensemble ..alors rejoignez nous </span><span style="color: #008000"><strong></strong> </span></h4>
<h2><span style="color: #008000">             </span></h2>
<h2><span style="color: #008000">                              <strong>paroissepresquile@gmail.com</strong></span></h2>
<p>[/et_pb_text][/et_pb_column][/et_pb_row][/et_pb_section]</p>

<p>« Animer c&rsquo;est aider l&rsquo;assemblée à chanter » Pour animer les messes du dimanche et des jours de fête, nous sommes une équipe de 5 animateurs et animatrices qui nous réunissons une [&hellip;]</p>
