{"id":5852,"date":"2023-10-13T10:12:14","date_gmt":"2023-10-13T08:12:14","guid":{"rendered":"https:\/\/catholiques17.fr\/latremblade\/?page_id=5852"},"modified":"2023-10-22T18:56:23","modified_gmt":"2023-10-22T16:56:23","slug":"confirmation","status":"publish","type":"page","link":"https:\/\/catholiques17.fr\/latremblade\/enfants-et-jeunes\/confirmation\/","title":{"rendered":"Confirmation"},"content":{"rendered":"<p>[et_pb_section fb_built=\u00a0\u00bb1&Prime; _builder_version=\u00a0\u00bb4.21.0&Prime; _module_preset=\u00a0\u00bbdefault\u00a0\u00bb custom_padding=\u00a0\u00bb23px|||||\u00a0\u00bb global_colors_info=\u00a0\u00bb{}\u00a0\u00bb theme_builder_area=\u00a0\u00bbet_body_layout\u00a0\u00bb][et_pb_row _builder_version=\u00a0\u00bb4.21.0&Prime; _module_preset=\u00a0\u00bbdefault\u00a0\u00bb global_colors_info=\u00a0\u00bb{}\u00a0\u00bb theme_builder_area=\u00a0\u00bbet_body_layout\u00a0\u00bb][et_pb_column type=\u00a0\u00bb4_4&Prime; _builder_version=\u00a0\u00bb4.21.0&Prime; _module_preset=\u00a0\u00bbdefault\u00a0\u00bb global_colors_info=\u00a0\u00bb{}\u00a0\u00bb theme_builder_area=\u00a0\u00bbet_body_layout\u00a0\u00bb][et_pb_image src=\u00a0\u00bbhttps:\/\/catholiques17.fr\/latremblade\/wp-content\/uploads\/sites\/16\/2023\/10\/young-people-3575167_1280.jpg\u00a0\u00bb title_text=\u00a0\u00bbyoung-people-3575167_1280&Prime; align=\u00a0\u00bbcenter\u00a0\u00bb _builder_version=\u00a0\u00bb4.21.0&Prime; _module_preset=\u00a0\u00bbdefault\u00a0\u00bb animation_style=\u00a0\u00bbslide\u00a0\u00bb border_radii=\u00a0\u00bbon|20px|20px|20px|20px\u00a0\u00bb border_color_all=\u00a0\u00bb#207172&Prime; global_colors_info=\u00a0\u00bb{}\u00a0\u00bb theme_builder_area=\u00a0\u00bbet_body_layout\u00a0\u00bb][\/et_pb_image][\/et_pb_column][\/et_pb_row][et_pb_row _builder_version=\u00a0\u00bb4.21.0&Prime; _module_preset=\u00a0\u00bbdefault\u00a0\u00bb global_colors_info=\u00a0\u00bb{}\u00a0\u00bb theme_builder_area=\u00a0\u00bbet_body_layout\u00a0\u00bb][et_pb_column type=\u00a0\u00bb4_4&Prime; _builder_version=\u00a0\u00bb4.21.0&Prime; _module_preset=\u00a0\u00bbdefault\u00a0\u00bb global_colors_info=\u00a0\u00bb{}\u00a0\u00bb theme_builder_area=\u00a0\u00bbet_body_layout\u00a0\u00bb][et_pb_text _builder_version=\u00a0\u00bb4.21.0&Prime; _module_preset=\u00a0\u00bbdefault\u00a0\u00bb global_colors_info=\u00a0\u00bb{}\u00a0\u00bb theme_builder_area=\u00a0\u00bbet_body_layout\u00a0\u00bb]<\/p>\n<p>L&rsquo;avenir de notre communaut\u00e9 se fera aussi en favorisant le d\u00e9veloppement spirituel de nos jeunes.Le \u00ab\u00a0cat\u00e9\u00a0\u00bb y contribue largement. Mais apr\u00e8s leur profession de foi, nos jeunes coll\u00e9giens n&rsquo;avaient pas beaucoup d&rsquo;opportunit\u00e9s pour continuer \u00e0 d\u00e9velopper leur foi naissante. Le \u00ab\u00a0Parcours Coll\u00e9gien\u00a0\u00bb que nous proposons va tenter de r\u00e9pondre \u00e0 leur attente et leur donner toute leur place dans nos c\u00e9l\u00e9brations.<br \/>Les attentes des coll\u00e9giens sont d\u00e9j\u00e0 multiples mais il nous revient aussi, parfois, de les susciter&#8230;<\/p>\n<p><strong>Quelques exemples des attentes que nous percevons, sans pr\u00e9tendre \u00e0 ce jour les\u00a0 conna\u00eetre toutes :<\/strong><br \/>&#8211; Approfondir sa foi en repartageant avec des amis l&rsquo;analyse de textes religieux.<br \/>&#8211; Avoir des activit\u00e9s \u00ab\u00a0ensemble\u00a0\u00bb et faire communaut\u00e9 avec des amis de leur \u00e2ge<br \/>&#8211; Se pr\u00e9parer \u00e0 la confirmation<br \/>&#8211; Avoir une place active aussi dans nos assembl\u00e9es religieuses<br \/>&#8211; Participer \u00e0 des \u00e9v\u00e8nements qui les concernent plus directement.<\/p>\n<p>Les dates des prochaines\u00a0 rencontres sont les Samedi de 16h \u00e0 18h30 les jours suivants<\/p>\n<p>&nbsp;<\/p>\n<p>-2 Decembre\u00a0<\/p>\n<p>&#8211; 13 Janvier &#8211;<\/p>\n<p>-10 F\u00e9vrier &#8211;<\/p>\n<p>-23 Mars<\/p>\n<p>\u00a0 Mai et Juin sont \u00e0 d\u00e9finir<\/p>\n<p>&nbsp;<\/p>\n<p>&nbsp;<\/p>\n<p>[\/et_pb_text][\/et_pb_column][\/et_pb_row][et_pb_row _builder_version=\u00a0\u00bb4.21.0&Prime; _module_preset=\u00a0\u00bbdefault\u00a0\u00bb global_colors_info=\u00a0\u00bb{}\u00a0\u00bb theme_builder_area=\u00a0\u00bbet_body_layout\u00a0\u00bb][et_pb_column type=\u00a0\u00bb4_4&Prime; _builder_version=\u00a0\u00bb4.21.0&Prime; _module_preset=\u00a0\u00bbdefault\u00a0\u00bb global_colors_info=\u00a0\u00bb{}\u00a0\u00bb theme_builder_area=\u00a0\u00bbet_body_layout\u00a0\u00bb][et_pb_divider _builder_version=\u00a0\u00bb4.21.0&Prime; _module_preset=\u00a0\u00bbdefault\u00a0\u00bb global_colors_info=\u00a0\u00bb{}\u00a0\u00bb theme_builder_area=\u00a0\u00bbet_body_layout\u00a0\u00bb][\/et_pb_divider][\/et_pb_column][\/et_pb_row][et_pb_row _builder_version=\u00a0\u00bb4.21.0&Prime; _module_preset=\u00a0\u00bbdefault\u00a0\u00bb global_colors_info=\u00a0\u00bb{}\u00a0\u00bb theme_builder_area=\u00a0\u00bbet_body_layout\u00a0\u00bb][et_pb_column type=\u00a0\u00bb4_4&Prime; _builder_version=\u00a0\u00bb4.21.0&Prime; _module_preset=\u00a0\u00bbdefault\u00a0\u00bb global_colors_info=\u00a0\u00bb{}\u00a0\u00bb theme_builder_area=\u00a0\u00bbet_body_layout\u00a0\u00bb][et_pb_text _builder_version=\u00a0\u00bb4.21.0&Prime; _module_preset=\u00a0\u00bbdefault\u00a0\u00bb global_colors_info=\u00a0\u00bb{}\u00a0\u00bb theme_builder_area=\u00a0\u00bbet_body_layout\u00a0\u00bb]<\/p>\n<h3 style=\"text-align: center\"><span style=\"color: #008000\">Dans notre paroisse, <\/span><\/h3>\n<h3 style=\"text-align: center\"><span style=\"color: #008000\">pour toute demande de pr\u00e9paration au parcours coll\u00e9giens ,contacter G\u00e9ry Brasselet\u00a0 <br \/><\/span><\/h3>\n<p>&nbsp;<\/p>\n<p><span style=\"color: #008000\"><\/span><\/p>\n<p><span style=\"color: #008000\"><\/span><\/p>\n<p><span style=\"color: #008000\"><\/span><\/p>\n<h3 style=\"text-align: center\"><a href=\"mailto:paroissepresquile@gmail.com\" target=\"_blank\" rel=\"noopener\">paroissepresquile@gmail.com<\/a><\/h3>\n<p>[\/et_pb_text][\/et_pb_column][\/et_pb_row][\/et_pb_section]<\/p>\n","protected":false},"excerpt":{"rendered":"<p>L&rsquo;avenir de notre communaut\u00e9 se fera aussi en favorisant le d\u00e9veloppement spirituel de nos jeunes.Le \u00ab\u00a0cat\u00e9\u00a0\u00bb y contribue largement. Mais apr\u00e8s leur profession de foi, nos jeunes coll\u00e9giens n&rsquo;avaient pas [&hellip;]<\/p>\n","protected":false},"author":4,"featured_media":0,"parent":5848,"menu_order":0,"comment_status":"closed","ping_status":"closed","template":"","meta":{"_et_pb_use_builder":"on","_et_pb_old_content":"","_et_gb_content_width":"","footnotes":""},"class_list":["post-5852","page","type-page","status-publish","hentry"],"_links":{"self":[{"href":"https:\/\/catholiques17.fr\/latremblade\/wp-json\/wp\/v2\/pages\/5852","targetHints":{"allow":["GET"]}}],"collection":[{"href":"https:\/\/catholiques17.fr\/latremblade\/wp-json\/wp\/v2\/pages"}],"about":[{"href":"https:\/\/catholiques17.fr\/latremblade\/wp-json\/wp\/v2\/types\/page"}],"author":[{"embeddable":true,"href":"https:\/\/catholiques17.fr\/latremblade\/wp-json\/wp\/v2\/users\/4"}],"replies":[{"embeddable":true,"href":"https:\/\/catholiques17.fr\/latremblade\/wp-json\/wp\/v2\/comments?post=5852"}],"version-history":[{"count":2,"href":"https:\/\/catholiques17.fr\/latremblade\/wp-json\/wp\/v2\/pages\/5852\/revisions"}],"predecessor-version":[{"id":6228,"href":"https:\/\/catholiques17.fr\/latremblade\/wp-json\/wp\/v2\/pages\/5852\/revisions\/6228"}],"up":[{"embeddable":true,"href":"https:\/\/catholiques17.fr\/latremblade\/wp-json\/wp\/v2\/pages\/5848"}],"wp:attachment":[{"href":"https:\/\/catholiques17.fr\/latremblade\/wp-json\/wp\/v2\/media?parent=5852"}],"curies":[{"name":"wp","href":"https:\/\/api.w.org\/{rel}","templated":true}]}}

<p>[et_pb_section fb_built= »1&Prime; _builder_version= »4.21.0&Prime; _module_preset= »default » custom_padding= »23px||||| » global_colors_info= »{} » theme_builder_area= »et_body_layout »][et_pb_row _builder_version= »4.21.0&Prime; _module_preset= »default » global_colors_info= »{} » theme_builder_area= »et_body_layout »][et_pb_column type= »4_4&Prime; _builder_version= »4.21.0&Prime; _module_preset= »default » global_colors_info= »{} » theme_builder_area= »et_body_layout »][et_pb_image src= »https://catholiques17.fr/latremblade/wp-content/uploads/sites/16/2023/10/young-people-3575167_1280.jpg » title_text= »young-people-3575167_1280&Prime; align= »center » _builder_version= »4.21.0&Prime; _module_preset= »default » animation_style= »slide » border_radii= »on|20px|20px|20px|20px » border_color_all= »#207172&Prime; global_colors_info= »{} » theme_builder_area= »et_body_layout »][/et_pb_image][/et_pb_column][/et_pb_row][et_pb_row _builder_version= »4.21.0&Prime; _module_preset= »default » global_colors_info= »{} » theme_builder_area= »et_body_layout »][et_pb_column type= »4_4&Prime; _builder_version= »4.21.0&Prime; _module_preset= »default » global_colors_info= »{} » theme_builder_area= »et_body_layout »][et_pb_text _builder_version= »4.21.0&Prime; _module_preset= »default » global_colors_info= »{} » theme_builder_area= »et_body_layout »]</p>
<p>L&rsquo;avenir de notre communauté se fera aussi en favorisant le développement spirituel de nos jeunes.Le « caté » y contribue largement. Mais après leur profession de foi, nos jeunes collégiens n&rsquo;avaient pas beaucoup d&rsquo;opportunités pour continuer à développer leur foi naissante. Le « Parcours Collégien » que nous proposons va tenter de répondre à leur attente et leur donner toute leur place dans nos célébrations.<br />Les attentes des collégiens sont déjà multiples mais il nous revient aussi, parfois, de les susciter&#8230;</p>
<p><strong>Quelques exemples des attentes que nous percevons, sans prétendre à ce jour les  connaître toutes :</strong><br />&#8211; Approfondir sa foi en repartageant avec des amis l&rsquo;analyse de textes religieux.<br />&#8211; Avoir des activités « ensemble » et faire communauté avec des amis de leur âge<br />&#8211; Se préparer à la confirmation<br />&#8211; Avoir une place active aussi dans nos assemblées religieuses<br />&#8211; Participer à des évènements qui les concernent plus directement.</p>
<p>Les dates des prochaines  rencontres sont les Samedi de 16h à 18h30 les jours suivants</p>
<p>&nbsp;</p>
<p>-2 Decembre </p>
<p>&#8211; 13 Janvier &#8211;</p>
<p>-10 Février &#8211;</p>
<p>-23 Mars</p>
<p>  Mai et Juin sont à définir</p>
<p>&nbsp;</p>
<p>&nbsp;</p>
<p>[/et_pb_text][/et_pb_column][/et_pb_row][et_pb_row _builder_version= »4.21.0&Prime; _module_preset= »default » global_colors_info= »{} » theme_builder_area= »et_body_layout »][et_pb_column type= »4_4&Prime; _builder_version= »4.21.0&Prime; _module_preset= »default » global_colors_info= »{} » theme_builder_area= »et_body_layout »][et_pb_divider _builder_version= »4.21.0&Prime; _module_preset= »default » global_colors_info= »{} » theme_builder_area= »et_body_layout »][/et_pb_divider][/et_pb_column][/et_pb_row][et_pb_row _builder_version= »4.21.0&Prime; _module_preset= »default » global_colors_info= »{} » theme_builder_area= »et_body_layout »][et_pb_column type= »4_4&Prime; _builder_version= »4.21.0&Prime; _module_preset= »default » global_colors_info= »{} » theme_builder_area= »et_body_layout »][et_pb_text _builder_version= »4.21.0&Prime; _module_preset= »default » global_colors_info= »{} » theme_builder_area= »et_body_layout »]</p>
<h3 style="text-align: center"><span style="color: #008000">Dans notre paroisse, </span></h3>
<h3 style="text-align: center"><span style="color: #008000">pour toute demande de préparation au parcours collégiens ,contacter Géry Brasselet  <br /></span></h3>
<p>&nbsp;</p>
<p><span style="color: #008000"></span></p>
<p><span style="color: #008000"></span></p>
<p><span style="color: #008000"></span></p>
<h3 style="text-align: center"><a href="mailto:paroissepresquile@gmail.com" target="_blank" rel="noopener">paroissepresquile@gmail.com</a></h3>
<p>[/et_pb_text][/et_pb_column][/et_pb_row][/et_pb_section]</p>

<p>L&rsquo;avenir de notre communauté se fera aussi en favorisant le développement spirituel de nos jeunes.Le « caté » y contribue largement. Mais après leur profession de foi, nos jeunes collégiens n&rsquo;avaient pas [&hellip;]</p>
