{"id":5843,"date":"2023-10-13T10:07:48","date_gmt":"2023-10-13T08:07:48","guid":{"rendered":"https:\/\/catholiques17.fr\/latremblade\/?page_id=5843"},"modified":"2023-10-26T20:50:04","modified_gmt":"2023-10-26T18:50:04","slug":"deuil","status":"publish","type":"page","link":"https:\/\/catholiques17.fr\/latremblade\/vie-chretienne\/deuil\/","title":{"rendered":"Deuil"},"content":{"rendered":"<p>[et_pb_section fb_built=\u00a0\u00bb1&Prime; _builder_version=\u00a0\u00bb4.21.0&Prime; _module_preset=\u00a0\u00bbdefault\u00a0\u00bb custom_padding=\u00a0\u00bb23px|||||\u00a0\u00bb global_colors_info=\u00a0\u00bb{}\u00a0\u00bb theme_builder_area=\u00a0\u00bbpost_content\u00a0\u00bb][et_pb_row _builder_version=\u00a0\u00bb4.21.0&Prime; _module_preset=\u00a0\u00bbdefault\u00a0\u00bb global_colors_info=\u00a0\u00bb{}\u00a0\u00bb theme_builder_area=\u00a0\u00bbpost_content\u00a0\u00bb][et_pb_column type=\u00a0\u00bb4_4&Prime; _builder_version=\u00a0\u00bb4.21.0&Prime; _module_preset=\u00a0\u00bbdefault\u00a0\u00bb global_colors_info=\u00a0\u00bb{}\u00a0\u00bb theme_builder_area=\u00a0\u00bbpost_content\u00a0\u00bb][et_pb_image src=\u00a0\u00bbhttps:\/\/catholiques17.fr\/latremblade\/wp-content\/uploads\/sites\/16\/2023\/10\/death-2421820_1280.jpg\u00a0\u00bb title_text=\u00a0\u00bbdeath-2421820_1280&Prime; align=\u00a0\u00bbcenter\u00a0\u00bb src_tablet=\u00a0\u00bbhttps:\/\/catholiques17.fr\/latremblade\/wp-content\/uploads\/sites\/16\/2023\/10\/death-2421820_1280.jpg\u00a0\u00bb src_phone=\u00a0\u00bbhttps:\/\/catholiques17.fr\/latremblade\/wp-content\/uploads\/sites\/16\/2023\/10\/death-2421820_1280.jpg\u00a0\u00bb src_last_edited=\u00a0\u00bbon|desktop\u00a0\u00bb _builder_version=\u00a0\u00bb4.21.0&Prime; _module_preset=\u00a0\u00bbdefault\u00a0\u00bb animation_style=\u00a0\u00bbslide\u00a0\u00bb hover_enabled=\u00a0\u00bb0&Prime; border_radii=\u00a0\u00bbon|20px|20px|20px|20px\u00a0\u00bb border_color_all=\u00a0\u00bb#207172&Prime; global_colors_info=\u00a0\u00bb{}\u00a0\u00bb theme_builder_area=\u00a0\u00bbpost_content\u00a0\u00bb max_height=\u00a0\u00bb569px\u00a0\u00bb min_height=\u00a0\u00bb222px\u00a0\u00bb max_width=\u00a0\u00bb73%\u00a0\u00bb sticky_enabled=\u00a0\u00bb0&Prime;][\/et_pb_image][\/et_pb_column][\/et_pb_row][et_pb_row _builder_version=\u00a0\u00bb4.21.0&Prime; _module_preset=\u00a0\u00bbdefault\u00a0\u00bb global_colors_info=\u00a0\u00bb{}\u00a0\u00bb theme_builder_area=\u00a0\u00bbpost_content\u00a0\u00bb][et_pb_column type=\u00a0\u00bb4_4&Prime; _builder_version=\u00a0\u00bb4.21.0&Prime; _module_preset=\u00a0\u00bbdefault\u00a0\u00bb global_colors_info=\u00a0\u00bb{}\u00a0\u00bb theme_builder_area=\u00a0\u00bbpost_content\u00a0\u00bb][et_pb_text _builder_version=\u00a0\u00bb4.21.0&Prime; _module_preset=\u00a0\u00bbdefault\u00a0\u00bb global_colors_info=\u00a0\u00bb{}\u00a0\u00bb theme_builder_area=\u00a0\u00bbpost_content\u00a0\u00bb]<\/p>\n<h2><span style=\"color: #16a085\">Comment faire si j\u2019ai un deuil dans ma famille?<\/span><\/h2>\n<p><span style=\"color: #16a085\"><\/span><\/p>\n<p><span style=\"color: #16a085\"><\/span><\/p>\n<p><span style=\"color: #16a085\"><\/span><\/p>\n<p><span style=\"color: #16a085\"><\/span><\/p>\n<p>Il faut prendre contact avec les pompes fun\u00e8bres. Les demandes d\u2019obs\u00e8ques doivent imp\u00e9rativement venir d\u2019un organisme de Pompes fun\u00e8bres qui fixera avec vous et la paroisse la date et le lieu de la c\u00e9r\u00e9monie.<\/p>\n<p>Les obs\u00e8ques ne sont pas un sacrement. C\u2019est la pri\u00e8re de la communaut\u00e9 pour l\u2019un de ses membres qui passe par la mort. Une \u00e9quipe de paroissiens est sp\u00e9cialement form\u00e9e pour accompagner et soutenir les personnes en deuil et c\u00e9l\u00e9brer la c\u00e9r\u00e9monie, sauf s\u2019il y a une messe, la pr\u00e9sence du pr\u00eatre est alors indispensable. En effet, la famille a souvent besoin d\u2019un soutien fraternel dans ces moments difficiles, non seulement pour pr\u00e9parer la c\u00e9l\u00e9bration mais aussi pour tenter de trouver, au-del\u00e0 de la souffrance de la s\u00e9paration, l\u2019esp\u00e9rance chr\u00e9tienne dans la vie apr\u00e8s la mort.<\/p>\n<p><strong>\u00a0<\/strong><\/p>\n<p>&nbsp;<\/p>\n<p>[\/et_pb_text][\/et_pb_column][\/et_pb_row][et_pb_row _builder_version=\u00a0\u00bb4.21.0&Prime; _module_preset=\u00a0\u00bbdefault\u00a0\u00bb global_colors_info=\u00a0\u00bb{}\u00a0\u00bb theme_builder_area=\u00a0\u00bbpost_content\u00a0\u00bb][et_pb_column type=\u00a0\u00bb4_4&Prime; _builder_version=\u00a0\u00bb4.21.0&Prime; _module_preset=\u00a0\u00bbdefault\u00a0\u00bb global_colors_info=\u00a0\u00bb{}\u00a0\u00bb theme_builder_area=\u00a0\u00bbpost_content\u00a0\u00bb][et_pb_divider _builder_version=\u00a0\u00bb4.21.0&Prime; _module_preset=\u00a0\u00bbdefault\u00a0\u00bb global_colors_info=\u00a0\u00bb{}\u00a0\u00bb theme_builder_area=\u00a0\u00bbpost_content\u00a0\u00bb][\/et_pb_divider][\/et_pb_column][\/et_pb_row][et_pb_row _builder_version=\u00a0\u00bb4.21.0&Prime; _module_preset=\u00a0\u00bbdefault\u00a0\u00bb global_colors_info=\u00a0\u00bb{}\u00a0\u00bb theme_builder_area=\u00a0\u00bbpost_content\u00a0\u00bb][et_pb_column type=\u00a0\u00bb4_4&Prime; _builder_version=\u00a0\u00bb4.21.0&Prime; _module_preset=\u00a0\u00bbdefault\u00a0\u00bb global_colors_info=\u00a0\u00bb{}\u00a0\u00bb theme_builder_area=\u00a0\u00bbpost_content\u00a0\u00bb][et_pb_text _builder_version=\u00a0\u00bb4.21.0&Prime; _module_preset=\u00a0\u00bbdefault\u00a0\u00bb global_colors_info=\u00a0\u00bb{}\u00a0\u00bb theme_builder_area=\u00a0\u00bbpost_content\u00a0\u00bb]<\/p>\n<h3 style=\"text-align: center\"><span style=\"color: #008000\">Dans notre paroisse, <\/span><\/h3>\n<h3 style=\"text-align: center\"><span style=\"color: #008000\">Les c\u00e9r\u00e9monies d&rsquo;obs\u00e8ques sont assur\u00e9es\u00a0 par une \u00e9quipe de paroissiens sp\u00e9cialement form\u00e9e\u00a0 . <\/span><\/h3>\n<h3 style=\"text-align: center\"><span style=\"color: #008000\">S&rsquo;il y a messe alors\u00a0 le\u00a0 pr\u00eatre est indispensable <br \/><\/span><\/h3>\n<h3 style=\"text-align: center\"><span style=\"color: #008000\">Contactez le secr\u00e9tariat<br \/><\/span><\/h3>\n<p><span style=\"color: #008000\"><\/span><\/p>\n<p><span style=\"color: #008000\"><\/span><\/p>\n<p><span style=\"color: #008000\"><\/span><\/p>\n<h3 style=\"text-align: center\"><\/h3>\n<p>[\/et_pb_text][\/et_pb_column][\/et_pb_row][\/et_pb_section]<\/p>\n","protected":false},"excerpt":{"rendered":"<p>Comment faire si j\u2019ai un deuil dans ma famille? Il faut prendre contact avec les pompes fun\u00e8bres. Les demandes d\u2019obs\u00e8ques doivent imp\u00e9rativement venir d\u2019un organisme de Pompes fun\u00e8bres qui fixera [&hellip;]<\/p>\n","protected":false},"author":4,"featured_media":0,"parent":5829,"menu_order":0,"comment_status":"closed","ping_status":"closed","template":"","meta":{"_et_pb_use_builder":"on","_et_pb_old_content":"","_et_gb_content_width":"","footnotes":""},"class_list":["post-5843","page","type-page","status-publish","hentry"],"_links":{"self":[{"href":"https:\/\/catholiques17.fr\/latremblade\/wp-json\/wp\/v2\/pages\/5843","targetHints":{"allow":["GET"]}}],"collection":[{"href":"https:\/\/catholiques17.fr\/latremblade\/wp-json\/wp\/v2\/pages"}],"about":[{"href":"https:\/\/catholiques17.fr\/latremblade\/wp-json\/wp\/v2\/types\/page"}],"author":[{"embeddable":true,"href":"https:\/\/catholiques17.fr\/latremblade\/wp-json\/wp\/v2\/users\/4"}],"replies":[{"embeddable":true,"href":"https:\/\/catholiques17.fr\/latremblade\/wp-json\/wp\/v2\/comments?post=5843"}],"version-history":[{"count":7,"href":"https:\/\/catholiques17.fr\/latremblade\/wp-json\/wp\/v2\/pages\/5843\/revisions"}],"predecessor-version":[{"id":6292,"href":"https:\/\/catholiques17.fr\/latremblade\/wp-json\/wp\/v2\/pages\/5843\/revisions\/6292"}],"up":[{"embeddable":true,"href":"https:\/\/catholiques17.fr\/latremblade\/wp-json\/wp\/v2\/pages\/5829"}],"wp:attachment":[{"href":"https:\/\/catholiques17.fr\/latremblade\/wp-json\/wp\/v2\/media?parent=5843"}],"curies":[{"name":"wp","href":"https:\/\/api.w.org\/{rel}","templated":true}]}}

<p>[et_pb_section fb_built= »1&Prime; _builder_version= »4.21.0&Prime; _module_preset= »default » custom_padding= »23px||||| » global_colors_info= »{} » theme_builder_area= »post_content »][et_pb_row _builder_version= »4.21.0&Prime; _module_preset= »default » global_colors_info= »{} » theme_builder_area= »post_content »][et_pb_column type= »4_4&Prime; _builder_version= »4.21.0&Prime; _module_preset= »default » global_colors_info= »{} » theme_builder_area= »post_content »][et_pb_image src= »https://catholiques17.fr/latremblade/wp-content/uploads/sites/16/2023/10/death-2421820_1280.jpg » title_text= »death-2421820_1280&Prime; align= »center » src_tablet= »https://catholiques17.fr/latremblade/wp-content/uploads/sites/16/2023/10/death-2421820_1280.jpg » src_phone= »https://catholiques17.fr/latremblade/wp-content/uploads/sites/16/2023/10/death-2421820_1280.jpg » src_last_edited= »on|desktop » _builder_version= »4.21.0&Prime; _module_preset= »default » animation_style= »slide » hover_enabled= »0&Prime; border_radii= »on|20px|20px|20px|20px » border_color_all= »#207172&Prime; global_colors_info= »{} » theme_builder_area= »post_content » max_height= »569px » min_height= »222px » max_width= »73% » sticky_enabled= »0&Prime;][/et_pb_image][/et_pb_column][/et_pb_row][et_pb_row _builder_version= »4.21.0&Prime; _module_preset= »default » global_colors_info= »{} » theme_builder_area= »post_content »][et_pb_column type= »4_4&Prime; _builder_version= »4.21.0&Prime; _module_preset= »default » global_colors_info= »{} » theme_builder_area= »post_content »][et_pb_text _builder_version= »4.21.0&Prime; _module_preset= »default » global_colors_info= »{} » theme_builder_area= »post_content »]</p>
<h2><span style="color: #16a085">Comment faire si j’ai un deuil dans ma famille?</span></h2>
<p><span style="color: #16a085"></span></p>
<p><span style="color: #16a085"></span></p>
<p><span style="color: #16a085"></span></p>
<p><span style="color: #16a085"></span></p>
<p>Il faut prendre contact avec les pompes funèbres. Les demandes d’obsèques doivent impérativement venir d’un organisme de Pompes funèbres qui fixera avec vous et la paroisse la date et le lieu de la cérémonie.</p>
<p>Les obsèques ne sont pas un sacrement. C’est la prière de la communauté pour l’un de ses membres qui passe par la mort. Une équipe de paroissiens est spécialement formée pour accompagner et soutenir les personnes en deuil et célébrer la cérémonie, sauf s’il y a une messe, la présence du prêtre est alors indispensable. En effet, la famille a souvent besoin d’un soutien fraternel dans ces moments difficiles, non seulement pour préparer la célébration mais aussi pour tenter de trouver, au-delà de la souffrance de la séparation, l’espérance chrétienne dans la vie après la mort.</p>
<p><strong> </strong></p>
<p>&nbsp;</p>
<p>[/et_pb_text][/et_pb_column][/et_pb_row][et_pb_row _builder_version= »4.21.0&Prime; _module_preset= »default » global_colors_info= »{} » theme_builder_area= »post_content »][et_pb_column type= »4_4&Prime; _builder_version= »4.21.0&Prime; _module_preset= »default » global_colors_info= »{} » theme_builder_area= »post_content »][et_pb_divider _builder_version= »4.21.0&Prime; _module_preset= »default » global_colors_info= »{} » theme_builder_area= »post_content »][/et_pb_divider][/et_pb_column][/et_pb_row][et_pb_row _builder_version= »4.21.0&Prime; _module_preset= »default » global_colors_info= »{} » theme_builder_area= »post_content »][et_pb_column type= »4_4&Prime; _builder_version= »4.21.0&Prime; _module_preset= »default » global_colors_info= »{} » theme_builder_area= »post_content »][et_pb_text _builder_version= »4.21.0&Prime; _module_preset= »default » global_colors_info= »{} » theme_builder_area= »post_content »]</p>
<h3 style="text-align: center"><span style="color: #008000">Dans notre paroisse, </span></h3>
<h3 style="text-align: center"><span style="color: #008000">Les cérémonies d&rsquo;obsèques sont assurées  par une équipe de paroissiens spécialement formée  . </span></h3>
<h3 style="text-align: center"><span style="color: #008000">S&rsquo;il y a messe alors  le  prêtre est indispensable <br /></span></h3>
<h3 style="text-align: center"><span style="color: #008000">Contactez le secrétariat<br /></span></h3>
<p><span style="color: #008000"></span></p>
<p><span style="color: #008000"></span></p>
<p><span style="color: #008000"></span></p>
<h3 style="text-align: center"></h3>
<p>[/et_pb_text][/et_pb_column][/et_pb_row][/et_pb_section]</p>

<p>Comment faire si j’ai un deuil dans ma famille? Il faut prendre contact avec les pompes funèbres. Les demandes d’obsèques doivent impérativement venir d’un organisme de Pompes funèbres qui fixera [&hellip;]</p>
