{"id":4917,"date":"2021-03-24T14:58:43","date_gmt":"2021-03-24T13:58:43","guid":{"rendered":"https:\/\/catholiques17.fr\/latremblade\/?page_id=4917"},"modified":"2023-11-10T20:59:40","modified_gmt":"2023-11-10T19:59:40","slug":"cate","status":"publish","type":"page","link":"https:\/\/catholiques17.fr\/latremblade\/enfants-et-jeunes\/cate\/","title":{"rendered":"Cat\u00e9"},"content":{"rendered":"<p>[et_pb_section fb_built=\u00a0\u00bb1&Prime; _builder_version=\u00a0\u00bb4.16&Prime; _module_preset=\u00a0\u00bbdefault\u00a0\u00bb custom_padding=\u00a0\u00bb3px||7px|||\u00a0\u00bb global_colors_info=\u00a0\u00bb{}\u00a0\u00bb theme_builder_area=\u00a0\u00bbpost_content\u00a0\u00bb][et_pb_row _builder_version=\u00a0\u00bb4.16&Prime; _module_preset=\u00a0\u00bbdefault\u00a0\u00bb custom_padding=\u00a0\u00bb2px|||||\u00a0\u00bb global_colors_info=\u00a0\u00bb{}\u00a0\u00bb theme_builder_area=\u00a0\u00bbpost_content\u00a0\u00bb][et_pb_column type=\u00a0\u00bb4_4&Prime; _builder_version=\u00a0\u00bb4.16&Prime; _module_preset=\u00a0\u00bbdefault\u00a0\u00bb global_colors_info=\u00a0\u00bb{}\u00a0\u00bb theme_builder_area=\u00a0\u00bbpost_content\u00a0\u00bb][et_pb_text _builder_version=\u00a0\u00bb4.21.0&Prime; _module_preset=\u00a0\u00bbdefault\u00a0\u00bb hover_enabled=\u00a0\u00bb0&Prime; global_colors_info=\u00a0\u00bb{}\u00a0\u00bb theme_builder_area=\u00a0\u00bbpost_content\u00a0\u00bb sticky_enabled=\u00a0\u00bb0&Prime;]<\/p>\n<div class=\"et_pb_row et_pb_row_0\">\n<div class=\"et_pb_column et_pb_column_4_4 et_pb_column_0  et_pb_css_mix_blend_mode_passthrough et-last-child\">\n<h2><strong>La cat\u00e9ch\u00e8se des enfants<\/strong><\/h2>\n<p><strong><\/strong><\/p>\n<p><strong><\/strong><\/p>\n<p><strong><\/strong><\/p>\n<h3><strong><br \/><\/strong>\u00ab\u00a0<strong><span style=\"color: #008080\"> Promesse de Dieu\u00a0\u00bb<\/span><\/strong><strong><span style=\"color: #008080\"><\/span><\/strong><\/h3>\n<p><strong><span style=\"color: #008080\"><\/span><\/strong><\/p>\n<p><strong><span style=\"color: #008080\"><\/span><\/strong><\/p>\n<p>C&rsquo;est le titre de notre livre de KT\u00a0 pour permettre aux enfants de mieux connaitre et aimer J\u00e9sus ; percevoir son message dans nos vies .<\/p>\n<p>&nbsp;<\/p>\n<h3><strong><span style=\"color: #008080\">Actuellement nous sommes organis\u00e9es en\u00a0 3 \u00e9quipes.<\/span><\/strong><\/h3>\n<p><strong><span style=\"color: #008080\"><\/span><\/strong><\/p>\n<p><strong><span style=\"color: #008080\"><\/span><\/strong><\/p>\n<p><strong>Eveil \u00e0 la foi<\/strong> ( 3-6 ans ) anim\u00e9e par Anne C\u00e9cile<\/p>\n<p><strong>L&rsquo;\u00e9quipe des 7-9 an<\/strong>s anim\u00e9e par Lisette<\/p>\n<p><strong>L&rsquo;\u00e9quipe des 10-11 ans<\/strong>\u00a0 anim\u00e9e par Manuela; avec pr\u00e9paration au bapt\u00eame et \u00e0 la premi\u00e8re communion .<\/p>\n<p>&nbsp;<\/p>\n<h3><strong><span style=\"color: #008080\"> Nous accueillons les enfants<\/span> <\/strong><\/h3>\n<p><strong><span style=\"color: #008080\"><\/span><\/strong><\/p>\n<p><strong><span style=\"color: #008080\"><\/span><\/strong><\/p>\n<p>-Un ou deux Samedis par mois<\/p>\n<p>-Salle St Nicolas\u00a0 -Presbyt\u00e8re La Tremblade<\/p>\n<p>&#8211; Horaire : 15h \u00e0 17h30<\/p>\n<p>&nbsp;<\/p>\n<h3><span style=\"color: #008080\"><strong>Les prochaines rencontres ?<\/strong><\/span><\/h3>\n<p>18 Novembre &#8211; 2 D\u00e9cembre &#8211; 16 D\u00e9cembre<\/p>\n<p>&nbsp;<\/p>\n<h3 style=\"text-align: center\"><strong><span style=\"color: #008080\">N&rsquo;h\u00e9sitez pas \u00e0 nous rejoindre ,nous contacter :<\/span><\/strong><\/h3>\n<h3 style=\"text-align: center\"><strong><span style=\"color: #008080\">Lisette 0635190870<\/span><\/strong><\/h3>\n<h3 style=\"text-align: center\"><strong><span style=\"color: #008080\">Manuela : 0620785729<\/span><\/strong><\/h3>\n<\/div>\n<\/div>\n<p>[\/et_pb_text][\/et_pb_column][\/et_pb_row][\/et_pb_section]<\/p>\n","protected":false},"excerpt":{"rendered":"<p>La cat\u00e9ch\u00e8se des enfants \u00a0\u00bb Promesse de Dieu\u00a0\u00bb C&rsquo;est le titre de notre livre de KT\u00a0 pour permettre aux enfants de mieux connaitre et aimer J\u00e9sus ; percevoir son message [&hellip;]<\/p>\n","protected":false},"author":4,"featured_media":0,"parent":5848,"menu_order":0,"comment_status":"closed","ping_status":"closed","template":"","meta":{"_et_pb_use_builder":"on","_et_pb_old_content":"","_et_gb_content_width":"","footnotes":""},"class_list":["post-4917","page","type-page","status-publish","hentry"],"_links":{"self":[{"href":"https:\/\/catholiques17.fr\/latremblade\/wp-json\/wp\/v2\/pages\/4917","targetHints":{"allow":["GET"]}}],"collection":[{"href":"https:\/\/catholiques17.fr\/latremblade\/wp-json\/wp\/v2\/pages"}],"about":[{"href":"https:\/\/catholiques17.fr\/latremblade\/wp-json\/wp\/v2\/types\/page"}],"author":[{"embeddable":true,"href":"https:\/\/catholiques17.fr\/latremblade\/wp-json\/wp\/v2\/users\/4"}],"replies":[{"embeddable":true,"href":"https:\/\/catholiques17.fr\/latremblade\/wp-json\/wp\/v2\/comments?post=4917"}],"version-history":[{"count":15,"href":"https:\/\/catholiques17.fr\/latremblade\/wp-json\/wp\/v2\/pages\/4917\/revisions"}],"predecessor-version":[{"id":6508,"href":"https:\/\/catholiques17.fr\/latremblade\/wp-json\/wp\/v2\/pages\/4917\/revisions\/6508"}],"up":[{"embeddable":true,"href":"https:\/\/catholiques17.fr\/latremblade\/wp-json\/wp\/v2\/pages\/5848"}],"wp:attachment":[{"href":"https:\/\/catholiques17.fr\/latremblade\/wp-json\/wp\/v2\/media?parent=4917"}],"curies":[{"name":"wp","href":"https:\/\/api.w.org\/{rel}","templated":true}]}}

Caté

<p>[et_pb_section fb_built= »1&Prime; _builder_version= »4.16&Prime; _module_preset= »default » custom_padding= »3px||7px||| » global_colors_info= »{} » theme_builder_area= »post_content »][et_pb_row _builder_version= »4.16&Prime; _module_preset= »default » custom_padding= »2px||||| » global_colors_info= »{} » theme_builder_area= »post_content »][et_pb_column type= »4_4&Prime; _builder_version= »4.16&Prime; _module_preset= »default » global_colors_info= »{} » theme_builder_area= »post_content »][et_pb_text _builder_version= »4.21.0&Prime; _module_preset= »default » hover_enabled= »0&Prime; global_colors_info= »{} » theme_builder_area= »post_content » sticky_enabled= »0&Prime;]</p>
<div class="et_pb_row et_pb_row_0">
<div class="et_pb_column et_pb_column_4_4 et_pb_column_0  et_pb_css_mix_blend_mode_passthrough et-last-child">
<h2><strong>La catéchèse des enfants</strong></h2>
<p><strong></strong></p>
<p><strong></strong></p>
<p><strong></strong></p>
<h3><strong><br /></strong>« <strong><span style="color: #008080"> Promesse de Dieu »</span></strong><strong><span style="color: #008080"></span></strong></h3>
<p><strong><span style="color: #008080"></span></strong></p>
<p><strong><span style="color: #008080"></span></strong></p>
<p>C&rsquo;est le titre de notre livre de KT  pour permettre aux enfants de mieux connaitre et aimer Jésus ; percevoir son message dans nos vies .</p>
<p>&nbsp;</p>
<h3><strong><span style="color: #008080">Actuellement nous sommes organisées en  3 équipes.</span></strong></h3>
<p><strong><span style="color: #008080"></span></strong></p>
<p><strong><span style="color: #008080"></span></strong></p>
<p><strong>Eveil à la foi</strong> ( 3-6 ans ) animée par Anne Cécile</p>
<p><strong>L&rsquo;équipe des 7-9 an</strong>s animée par Lisette</p>
<p><strong>L&rsquo;équipe des 10-11 ans</strong>  animée par Manuela; avec préparation au baptême et à la première communion .</p>
<p>&nbsp;</p>
<h3><strong><span style="color: #008080"> Nous accueillons les enfants</span> </strong></h3>
<p><strong><span style="color: #008080"></span></strong></p>
<p><strong><span style="color: #008080"></span></strong></p>
<p>-Un ou deux Samedis par mois</p>
<p>-Salle St Nicolas  -Presbytère La Tremblade</p>
<p>&#8211; Horaire : 15h à 17h30</p>
<p>&nbsp;</p>
<h3><span style="color: #008080"><strong>Les prochaines rencontres ?</strong></span></h3>
<p>18 Novembre &#8211; 2 Décembre &#8211; 16 Décembre</p>
<p>&nbsp;</p>
<h3 style="text-align: center"><strong><span style="color: #008080">N&rsquo;hésitez pas à nous rejoindre ,nous contacter :</span></strong></h3>
<h3 style="text-align: center"><strong><span style="color: #008080">Lisette 0635190870</span></strong></h3>
<h3 style="text-align: center"><strong><span style="color: #008080">Manuela : 0620785729</span></strong></h3>
</div>
</div>
<p>[/et_pb_text][/et_pb_column][/et_pb_row][/et_pb_section]</p>

<p>La catéchèse des enfants  » Promesse de Dieu » C&rsquo;est le titre de notre livre de KT  pour permettre aux enfants de mieux connaitre et aimer Jésus ; percevoir son message [&hellip;]</p>
