{"id":4911,"date":"2021-03-24T14:54:28","date_gmt":"2021-03-24T13:54:28","guid":{"rendered":"https:\/\/catholiques17.fr\/latremblade\/?page_id=4911"},"modified":"2023-10-18T08:14:11","modified_gmt":"2023-10-18T06:14:11","slug":"service-evangelique-des-malades","status":"publish","type":"page","link":"https:\/\/catholiques17.fr\/latremblade\/services\/service-evangelique-des-malades\/","title":{"rendered":"Service \u00c9vang\u00e9lique des Malades (SEM)"},"content":{"rendered":"<p>[et_pb_section fb_built=\u00a0\u00bb1&Prime; _builder_version=\u00a0\u00bb4.16&Prime; global_colors_info=\u00a0\u00bb{}\u00a0\u00bb theme_builder_area=\u00a0\u00bbpost_content\u00a0\u00bb][et_pb_row _builder_version=\u00a0\u00bb4.21.0&Prime; _module_preset=\u00a0\u00bbdefault\u00a0\u00bb global_colors_info=\u00a0\u00bb{}\u00a0\u00bb theme_builder_area=\u00a0\u00bbpost_content\u00a0\u00bb custom_padding=\u00a0\u00bb1px|||||\u00a0\u00bb][et_pb_column type=\u00a0\u00bb4_4&Prime; _builder_version=\u00a0\u00bb4.21.0&Prime; _module_preset=\u00a0\u00bbdefault\u00a0\u00bb global_colors_info=\u00a0\u00bb{}\u00a0\u00bb theme_builder_area=\u00a0\u00bbpost_content\u00a0\u00bb][et_pb_image src=\u00a0\u00bbhttps:\/\/catholiques17.fr\/latremblade\/wp-content\/uploads\/sites\/16\/2023\/10\/hands-4344711_1280.jpg\u00a0\u00bb title_text=\u00a0\u00bbhands-4344711_1280&Prime; align=\u00a0\u00bbcenter\u00a0\u00bb _builder_version=\u00a0\u00bb4.21.0&Prime; _module_preset=\u00a0\u00bbdefault\u00a0\u00bb border_radii=\u00a0\u00bboff|3px|3px|3px|3px\u00a0\u00bb global_colors_info=\u00a0\u00bb{}\u00a0\u00bb theme_builder_area=\u00a0\u00bbpost_content\u00a0\u00bb][\/et_pb_image][\/et_pb_column][\/et_pb_row][et_pb_row _builder_version=\u00a0\u00bb4.21.0&Prime; _module_preset=\u00a0\u00bbdefault\u00a0\u00bb global_colors_info=\u00a0\u00bb{}\u00a0\u00bb theme_builder_area=\u00a0\u00bbpost_content\u00a0\u00bb][et_pb_column type=\u00a0\u00bb4_4&Prime; _builder_version=\u00a0\u00bb4.21.0&Prime; _module_preset=\u00a0\u00bbdefault\u00a0\u00bb global_colors_info=\u00a0\u00bb{}\u00a0\u00bb theme_builder_area=\u00a0\u00bbpost_content\u00a0\u00bb][et_pb_text _builder_version=\u00a0\u00bb4.21.0&Prime; _module_preset=\u00a0\u00bbdefault\u00a0\u00bb global_colors_info=\u00a0\u00bb{}\u00a0\u00bb theme_builder_area=\u00a0\u00bbpost_content\u00a0\u00bb]<\/p>\n<p>Le SEM en presqu&rsquo;\u00eele d&rsquo; Arvert a commenc\u00e9 en 1992 et fonctionne toujours depuis cette date.<\/p>\n<p>Ce service assure des visites aux personnes seules , malades, handicap\u00e9es dans les maisons de retraites ou \u00e0 domicile<\/p>\n<p>Nous sommes attentifs a ceux que nous ne voyons plus dans nos assembl\u00e9es depuis quelques temps pour nous informer de leur absence et en tenir compte .<\/p>\n<p>Des personnes se relaient pour assurer ce service d&rsquo;Eglise .<\/p>\n<p>&nbsp;<\/p>\n<p>Une messe\u00a0 est assur\u00e9e mensuellement dans chacune des 3 maisons de retraite de la Presqu&rsquo;Ile<\/p>\n<p><!-- divi:paragraph -->Devenir\u00a0 visiteur du SEM c&rsquo;est accompagner , faire route avec ..de fa\u00e7on \u00e0 aider la personne a trouver un chemin de paix . C&rsquo;est aussi partager ses moments de tristesse et de joie . C&rsquo;est aussi prier ensemble<\/p>\n<p>Pour profiter de ce service, ou en savoir plus pour devenir Visiteur du SEM\u00a0 vous pouvez contacter le P\u00e8re David au 07 71 67 56 80.<\/p>\n<p>[\/et_pb_text][\/et_pb_column][\/et_pb_row][\/et_pb_section]<\/p>\n","protected":false},"excerpt":{"rendered":"<p>Le SEM en presqu&rsquo;\u00eele d&rsquo; Arvert a commenc\u00e9 en 1992 et fonctionne toujours depuis cette date. Ce service assure des visites aux personnes seules , malades, handicap\u00e9es dans les maisons [&hellip;]<\/p>\n","protected":false},"author":4,"featured_media":0,"parent":5855,"menu_order":0,"comment_status":"closed","ping_status":"closed","template":"","meta":{"_et_pb_use_builder":"on","_et_pb_old_content":"<!-- wp:paragraph -->\n<p>Nous sommes pr\u00eats \u00e0 vous rendre visite si vous \u00eates malades. Le service \u00e9vang\u00e9lique des malades permet notamment d'apporter la sainte communion aux personnes qui ne peuvent pas se d\u00e9placer pour assister \u00e0 la messe (personnes \u00e2g\u00e9es et\/ou malades ou en situation de handicap). Un membre du service se d\u00e9place alors personnellement chez la personne afin qu'elle puisse recevoir la communion.<br>Pour profiter de ce service, vous pouvez contacter le P\u00e8re David au 07 71 67 56 80.<br><\/p>\n<!-- \/wp:paragraph -->","_et_gb_content_width":"","footnotes":""},"class_list":["post-4911","page","type-page","status-publish","hentry"],"_links":{"self":[{"href":"https:\/\/catholiques17.fr\/latremblade\/wp-json\/wp\/v2\/pages\/4911","targetHints":{"allow":["GET"]}}],"collection":[{"href":"https:\/\/catholiques17.fr\/latremblade\/wp-json\/wp\/v2\/pages"}],"about":[{"href":"https:\/\/catholiques17.fr\/latremblade\/wp-json\/wp\/v2\/types\/page"}],"author":[{"embeddable":true,"href":"https:\/\/catholiques17.fr\/latremblade\/wp-json\/wp\/v2\/users\/4"}],"replies":[{"embeddable":true,"href":"https:\/\/catholiques17.fr\/latremblade\/wp-json\/wp\/v2\/comments?post=4911"}],"version-history":[{"count":12,"href":"https:\/\/catholiques17.fr\/latremblade\/wp-json\/wp\/v2\/pages\/4911\/revisions"}],"predecessor-version":[{"id":6092,"href":"https:\/\/catholiques17.fr\/latremblade\/wp-json\/wp\/v2\/pages\/4911\/revisions\/6092"}],"up":[{"embeddable":true,"href":"https:\/\/catholiques17.fr\/latremblade\/wp-json\/wp\/v2\/pages\/5855"}],"wp:attachment":[{"href":"https:\/\/catholiques17.fr\/latremblade\/wp-json\/wp\/v2\/media?parent=4911"}],"curies":[{"name":"wp","href":"https:\/\/api.w.org\/{rel}","templated":true}]}}

Service Évangélique des Malades (SEM)

<p>[et_pb_section fb_built= »1&Prime; _builder_version= »4.16&Prime; global_colors_info= »{} » theme_builder_area= »post_content »][et_pb_row _builder_version= »4.21.0&Prime; _module_preset= »default » global_colors_info= »{} » theme_builder_area= »post_content » custom_padding= »1px||||| »][et_pb_column type= »4_4&Prime; _builder_version= »4.21.0&Prime; _module_preset= »default » global_colors_info= »{} » theme_builder_area= »post_content »][et_pb_image src= »https://catholiques17.fr/latremblade/wp-content/uploads/sites/16/2023/10/hands-4344711_1280.jpg » title_text= »hands-4344711_1280&Prime; align= »center » _builder_version= »4.21.0&Prime; _module_preset= »default » border_radii= »off|3px|3px|3px|3px » global_colors_info= »{} » theme_builder_area= »post_content »][/et_pb_image][/et_pb_column][/et_pb_row][et_pb_row _builder_version= »4.21.0&Prime; _module_preset= »default » global_colors_info= »{} » theme_builder_area= »post_content »][et_pb_column type= »4_4&Prime; _builder_version= »4.21.0&Prime; _module_preset= »default » global_colors_info= »{} » theme_builder_area= »post_content »][et_pb_text _builder_version= »4.21.0&Prime; _module_preset= »default » global_colors_info= »{} » theme_builder_area= »post_content »]</p>
<p>Le SEM en presqu&rsquo;île d&rsquo; Arvert a commencé en 1992 et fonctionne toujours depuis cette date.</p>
<p>Ce service assure des visites aux personnes seules , malades, handicapées dans les maisons de retraites ou à domicile</p>
<p>Nous sommes attentifs a ceux que nous ne voyons plus dans nos assemblées depuis quelques temps pour nous informer de leur absence et en tenir compte .</p>
<p>Des personnes se relaient pour assurer ce service d&rsquo;Eglise .</p>
<p>&nbsp;</p>
<p>Une messe  est assurée mensuellement dans chacune des 3 maisons de retraite de la Presqu&rsquo;Ile</p>
<p><!-- divi:paragraph -->Devenir  visiteur du SEM c&rsquo;est accompagner , faire route avec ..de façon à aider la personne a trouver un chemin de paix . C&rsquo;est aussi partager ses moments de tristesse et de joie . C&rsquo;est aussi prier ensemble</p>
<p>Pour profiter de ce service, ou en savoir plus pour devenir Visiteur du SEM  vous pouvez contacter le Père David au 07 71 67 56 80.</p>
<p>[/et_pb_text][/et_pb_column][/et_pb_row][/et_pb_section]</p>

<p>Le SEM en presqu&rsquo;île d&rsquo; Arvert a commencé en 1992 et fonctionne toujours depuis cette date. Ce service assure des visites aux personnes seules , malades, handicapées dans les maisons [&hellip;]</p>

<!-- wp:paragraph -->
<p>Nous sommes prêts à vous rendre visite si vous êtes malades. Le service évangélique des malades permet notamment d'apporter la sainte communion aux personnes qui ne peuvent pas se déplacer pour assister à la messe (personnes âgées et/ou malades ou en situation de handicap). Un membre du service se déplace alors personnellement chez la personne afin qu'elle puisse recevoir la communion.<br>Pour profiter de ce service, vous pouvez contacter le Père David au 07 71 67 56 80.<br></p>
<!-- /wp:paragraph -->
