{"id":11956,"date":"2026-04-24T10:21:17","date_gmt":"2026-04-24T08:21:17","guid":{"rendered":"https:\/\/catholiques17.fr\/laleumireuil\/?post_type=tribe_events&#038;p=11956"},"modified":"2026-04-24T10:33:47","modified_gmt":"2026-04-24T08:33:47","slug":"festival-17-saint-esprit-a-royan","status":"publish","type":"tribe_events","link":"https:\/\/catholiques17.fr\/laleumireuil\/event\/festival-17-saint-esprit-a-royan\/","title":{"rendered":"Festival 17 : Saint Esprit \u00e0 Royan"},"content":{"rendered":"<p data-start=\"98\" data-end=\"122\">Bonjour fr\u00e8res et s\u0153urs,<\/p>\n<p>Yann, notre paroissien musicien engag\u00e9 dans le Renouveau charismatique 17, vous invite avec une grande joie \u00e0 le rejoindre dans un mois \u00e0 Royan, aux c\u00f4t\u00e9s du P\u00e8re Sermonfils.<\/p>\n<p>Vous vivrez ensemble la 3\u1d49 \u00e9dition du <strong data-start=\"338\" data-end=\"370\">Festival 17 \u00ab Saint-Esprit \u00bb<\/strong>, une belle occasion de se rassembler, de prier et de rendre gr\u00e2ce pour tout ce que l\u2019Esprit Saint accomplit dans nos vies.<\/p>\n<p data-start=\"495\" data-end=\"558\">\ud83d\udcc5 <strong data-start=\"498\" data-end=\"522\">Dimanche 24 mai 2026<\/strong><br data-start=\"522\" data-end=\"525\" \/>\ud83d\udccd <strong data-start=\"528\" data-end=\"558\">\u00c9glise Notre-Dame de Royan<\/strong><\/p>\n<p data-start=\"560\" data-end=\"678\">Une journ\u00e9e pour se laisser toucher en profondeur, renouveler sa foi et vivre un vrai moment de communion fraternelle.<\/p>\n<p data-start=\"680\" data-end=\"800\">\ud83d\udc49 <strong data-start=\"683\" data-end=\"721\">\u00c9v\u00e9nement gratuit et ouvert \u00e0 tous<\/strong><br data-start=\"721\" data-end=\"724\" \/>Venez comme vous \u00eates, et n\u2019h\u00e9sitez pas \u00e0 inviter largement autour de vous !<\/p>\n<p data-start=\"680\" data-end=\"800\">Inscription gratuite <span class=\"x1xsqp64 xiy17q3 x1o6pynw x19co3pv xdj266r xjn30re xat24cr x1hb08if x2b8uid\" data-testid=\"emoji\" data-emoji-size=\"16\"><span class=\"xexx8yu xcaqkgz x18d9i69 xbwkkl7 x3jgonx x1bhl96m\">\ud83d\udc49\ud83c\udffb<\/span><\/span> <a class=\"x1fey0fg xmper1u x1edh9d7\" href=\"https:\/\/tinyurl.com\/dvc5bbjx\">https:\/\/tinyurl.com\/dvc5bbjx<\/a><\/p>\n<p data-start=\"802\" data-end=\"886\">Merci du fond du c\u0153ur pour vos relais dans vos paroisses.<\/p>\n<p><img loading=\"lazy\" decoding=\"async\" class=\"alignleft wp-image-11957\" src=\"https:\/\/catholiques17.fr\/laleumireuil\/wp-content\/uploads\/sites\/43\/2026\/04\/Flyer_Festival17.jpeg\" alt=\"\" width=\"311\" height=\"440\" \/><\/p>\n","protected":false},"excerpt":{"rendered":"<p>Bonjour fr\u00e8res et s\u0153urs, Yann, notre paroissien musicien engag\u00e9 dans le Renouveau charismatique 17, vous invite avec une grande joie \u00e0 le rejoindre dans un mois \u00e0 Royan, aux c\u00f4t\u00e9s [&hellip;]<\/p>\n","protected":false},"author":74,"featured_media":0,"template":"","meta":{"_et_pb_use_builder":"","_et_pb_old_content":"","_et_gb_content_width":"","_tribe_events_status":"","_tribe_events_status_reason":"","footnotes":""},"tags":[],"tribe_events_cat":[],"class_list":["post-11956","tribe_events","type-tribe_events","status-publish","hentry"],"_links":{"self":[{"href":"https:\/\/catholiques17.fr\/laleumireuil\/wp-json\/wp\/v2\/tribe_events\/11956","targetHints":{"allow":["GET"]}}],"collection":[{"href":"https:\/\/catholiques17.fr\/laleumireuil\/wp-json\/wp\/v2\/tribe_events"}],"about":[{"href":"https:\/\/catholiques17.fr\/laleumireuil\/wp-json\/wp\/v2\/types\/tribe_events"}],"author":[{"embeddable":true,"href":"https:\/\/catholiques17.fr\/laleumireuil\/wp-json\/wp\/v2\/users\/74"}],"version-history":[{"count":3,"href":"https:\/\/catholiques17.fr\/laleumireuil\/wp-json\/wp\/v2\/tribe_events\/11956\/revisions"}],"predecessor-version":[{"id":11961,"href":"https:\/\/catholiques17.fr\/laleumireuil\/wp-json\/wp\/v2\/tribe_events\/11956\/revisions\/11961"}],"wp:attachment":[{"href":"https:\/\/catholiques17.fr\/laleumireuil\/wp-json\/wp\/v2\/media?parent=11956"}],"wp:term":[{"taxonomy":"post_tag","embeddable":true,"href":"https:\/\/catholiques17.fr\/laleumireuil\/wp-json\/wp\/v2\/tags?post=11956"},{"taxonomy":"tribe_events_cat","embeddable":true,"href":"https:\/\/catholiques17.fr\/laleumireuil\/wp-json\/wp\/v2\/tribe_events_cat?post=11956"}],"curies":[{"name":"wp","href":"https:\/\/api.w.org\/{rel}","templated":true}]}}

Festival 17 : Saint Esprit à Royan

<p data-start="98" data-end="122">Bonjour frères et sœurs,</p>
<p>Yann, notre paroissien musicien engagé dans le Renouveau charismatique 17, vous invite avec une grande joie à le rejoindre dans un mois à Royan, aux côtés du Père Sermonfils.</p>
<p>Vous vivrez ensemble la 3ᵉ édition du <strong data-start="338" data-end="370">Festival 17 « Saint-Esprit »</strong>, une belle occasion de se rassembler, de prier et de rendre grâce pour tout ce que l’Esprit Saint accomplit dans nos vies.</p>
<p data-start="495" data-end="558">📅 <strong data-start="498" data-end="522">Dimanche 24 mai 2026</strong><br data-start="522" data-end="525" />📍 <strong data-start="528" data-end="558">Église Notre-Dame de Royan</strong></p>
<p data-start="560" data-end="678">Une journée pour se laisser toucher en profondeur, renouveler sa foi et vivre un vrai moment de communion fraternelle.</p>
<p data-start="680" data-end="800">👉 <strong data-start="683" data-end="721">Événement gratuit et ouvert à tous</strong><br data-start="721" data-end="724" />Venez comme vous êtes, et n’hésitez pas à inviter largement autour de vous !</p>
<p data-start="680" data-end="800">Inscription gratuite <span class="x1xsqp64 xiy17q3 x1o6pynw x19co3pv xdj266r xjn30re xat24cr x1hb08if x2b8uid" data-testid="emoji" data-emoji-size="16"><span class="xexx8yu xcaqkgz x18d9i69 xbwkkl7 x3jgonx x1bhl96m">👉🏻</span></span> <a class="x1fey0fg xmper1u x1edh9d7" href="https://tinyurl.com/dvc5bbjx">https://tinyurl.com/dvc5bbjx</a></p>
<p data-start="802" data-end="886">Merci du fond du cœur pour vos relais dans vos paroisses.</p>
<p><img loading="lazy" decoding="async" class="alignleft wp-image-11957" src="https://catholiques17.fr/laleumireuil/wp-content/uploads/sites/43/2026/04/Flyer_Festival17.jpeg" alt="" width="311" height="440" /></p>

<p>Bonjour frères et sœurs, Yann, notre paroissien musicien engagé dans le Renouveau charismatique 17, vous invite avec une grande joie à le rejoindre dans un mois à Royan, aux côtés [&hellip;]</p>
