{"id":11949,"date":"2026-04-20T16:00:55","date_gmt":"2026-04-20T14:00:55","guid":{"rendered":"https:\/\/catholiques17.fr\/laleumireuil\/?post_type=tribe_events&#038;p=11949"},"modified":"2026-04-20T16:00:55","modified_gmt":"2026-04-20T14:00:55","slug":"rencontre-daumonerie-4","status":"publish","type":"tribe_events","link":"https:\/\/catholiques17.fr\/laleumireuil\/event\/rencontre-daumonerie-4\/","title":{"rendered":"Rencontre d&rsquo;Aum\u00f4nerie"},"content":{"rendered":"<header class=\"tribe-events-calendar-list__event-header\">\n<address class=\"tribe-events-calendar-list__event-venue tribe-common-b2\"><span class=\"tribe-events-calendar-list__event-venue-title tribe-common-b2--bold\">Eglise St Paul de Mireuil\u00a0<\/span><span class=\"tribe-events-calendar-list__event-venue-address\">Avenue Des Grandes Varennes, La Rochelle, France<\/span><\/address>\n<\/header>\n<div class=\"tribe-events-calendar-list__event-description tribe-common-b2 tribe-common-a11y-hidden\">\n<p>Rencontre d\u2019aum\u00f4nerie (jeunes du coll\u00e8ge) \u00e0 19h30 \u00e0 Mireuil (Apporter votre pique-nique)<\/p>\n<p><img loading=\"lazy\" decoding=\"async\" class=\"alignleft  wp-image-11950\" src=\"https:\/\/catholiques17.fr\/laleumireuil\/wp-content\/uploads\/sites\/43\/2026\/04\/cate-aumonerie.jpg\" alt=\"\" width=\"330\" height=\"587\" srcset=\"https:\/\/catholiques17.fr\/laleumireuil\/wp-content\/uploads\/sites\/43\/2026\/04\/cate-aumonerie.jpg 450w, https:\/\/catholiques17.fr\/laleumireuil\/wp-content\/uploads\/sites\/43\/2026\/04\/cate-aumonerie-169x300.jpg 169w\" sizes=\"(max-width: 330px) 100vw, 330px\" \/><\/p>\n<\/div>\n","protected":false},"excerpt":{"rendered":"<p>Eglise St Paul de Mireuil\u00a0Avenue Des Grandes Varennes, La Rochelle, France Rencontre d\u2019aum\u00f4nerie (jeunes du coll\u00e8ge) \u00e0 19h30 \u00e0 Mireuil (Apporter votre pique-nique)<\/p>\n","protected":false},"author":74,"featured_media":0,"template":"","meta":{"_et_pb_use_builder":"","_et_pb_old_content":"","_et_gb_content_width":"","_tribe_events_status":"","_tribe_events_status_reason":"","footnotes":""},"tags":[],"tribe_events_cat":[],"class_list":["post-11949","tribe_events","type-tribe_events","status-publish","hentry"],"_links":{"self":[{"href":"https:\/\/catholiques17.fr\/laleumireuil\/wp-json\/wp\/v2\/tribe_events\/11949","targetHints":{"allow":["GET"]}}],"collection":[{"href":"https:\/\/catholiques17.fr\/laleumireuil\/wp-json\/wp\/v2\/tribe_events"}],"about":[{"href":"https:\/\/catholiques17.fr\/laleumireuil\/wp-json\/wp\/v2\/types\/tribe_events"}],"author":[{"embeddable":true,"href":"https:\/\/catholiques17.fr\/laleumireuil\/wp-json\/wp\/v2\/users\/74"}],"version-history":[{"count":1,"href":"https:\/\/catholiques17.fr\/laleumireuil\/wp-json\/wp\/v2\/tribe_events\/11949\/revisions"}],"predecessor-version":[{"id":11951,"href":"https:\/\/catholiques17.fr\/laleumireuil\/wp-json\/wp\/v2\/tribe_events\/11949\/revisions\/11951"}],"wp:attachment":[{"href":"https:\/\/catholiques17.fr\/laleumireuil\/wp-json\/wp\/v2\/media?parent=11949"}],"wp:term":[{"taxonomy":"post_tag","embeddable":true,"href":"https:\/\/catholiques17.fr\/laleumireuil\/wp-json\/wp\/v2\/tags?post=11949"},{"taxonomy":"tribe_events_cat","embeddable":true,"href":"https:\/\/catholiques17.fr\/laleumireuil\/wp-json\/wp\/v2\/tribe_events_cat?post=11949"}],"curies":[{"name":"wp","href":"https:\/\/api.w.org\/{rel}","templated":true}]}}

Rencontre d&rsquo;Aumônerie

<header class="tribe-events-calendar-list__event-header">
<address class="tribe-events-calendar-list__event-venue tribe-common-b2"><span class="tribe-events-calendar-list__event-venue-title tribe-common-b2--bold">Eglise St Paul de Mireuil </span><span class="tribe-events-calendar-list__event-venue-address">Avenue Des Grandes Varennes, La Rochelle, France</span></address>
</header>
<div class="tribe-events-calendar-list__event-description tribe-common-b2 tribe-common-a11y-hidden">
<p>Rencontre d’aumônerie (jeunes du collège) à 19h30 à Mireuil (Apporter votre pique-nique)</p>
<p><img loading="lazy" decoding="async" class="alignleft  wp-image-11950" src="https://catholiques17.fr/laleumireuil/wp-content/uploads/sites/43/2026/04/cate-aumonerie.jpg" alt="" width="330" height="587" srcset="https://catholiques17.fr/laleumireuil/wp-content/uploads/sites/43/2026/04/cate-aumonerie.jpg 450w, https://catholiques17.fr/laleumireuil/wp-content/uploads/sites/43/2026/04/cate-aumonerie-169x300.jpg 169w" sizes="(max-width: 330px) 100vw, 330px" /></p>
</div>

<p>Eglise St Paul de Mireuil Avenue Des Grandes Varennes, La Rochelle, France Rencontre d’aumônerie (jeunes du collège) à 19h30 à Mireuil (Apporter votre pique-nique)</p>
