{"id":11943,"date":"2026-04-11T18:37:26","date_gmt":"2026-04-11T16:37:26","guid":{"rendered":"https:\/\/catholiques17.fr\/laleumireuil\/?post_type=tribe_events&#038;p=11943"},"modified":"2026-04-11T18:37:26","modified_gmt":"2026-04-11T16:37:26","slug":"messe-avec-mgr-bozo-a-laleu","status":"publish","type":"tribe_events","link":"https:\/\/catholiques17.fr\/laleumireuil\/event\/messe-avec-mgr-bozo-a-laleu\/","title":{"rendered":"Messe avec Mgr Bozo \u00e0 Laleu"},"content":{"rendered":"<p>Mgr Bozo c\u00e9l\u00e8brera nos messes paroissiales de semaine du <b>mardi matin 28 avril \u00e0 8h45 \u00e0 Laleu et du mercredi soir (messe avanc\u00e9e \u00e0 18h en raison du planning de Mgr Bozo) \u00e0 Mireuil.<\/b><\/p>\n","protected":false},"excerpt":{"rendered":"<p>Mgr Bozo c\u00e9l\u00e8brera nos messes paroissiales de semaine du mardi matin 28 avril \u00e0 8h45 \u00e0 Laleu et du mercredi soir (messe avanc\u00e9e \u00e0 18h en raison du planning de [&hellip;]<\/p>\n","protected":false},"author":74,"featured_media":0,"template":"","meta":{"_et_pb_use_builder":"","_et_pb_old_content":"","_et_gb_content_width":"","_tribe_events_status":"","_tribe_events_status_reason":"","footnotes":""},"tags":[],"tribe_events_cat":[],"class_list":["post-11943","tribe_events","type-tribe_events","status-publish","hentry"],"_links":{"self":[{"href":"https:\/\/catholiques17.fr\/laleumireuil\/wp-json\/wp\/v2\/tribe_events\/11943","targetHints":{"allow":["GET"]}}],"collection":[{"href":"https:\/\/catholiques17.fr\/laleumireuil\/wp-json\/wp\/v2\/tribe_events"}],"about":[{"href":"https:\/\/catholiques17.fr\/laleumireuil\/wp-json\/wp\/v2\/types\/tribe_events"}],"author":[{"embeddable":true,"href":"https:\/\/catholiques17.fr\/laleumireuil\/wp-json\/wp\/v2\/users\/74"}],"version-history":[{"count":1,"href":"https:\/\/catholiques17.fr\/laleumireuil\/wp-json\/wp\/v2\/tribe_events\/11943\/revisions"}],"predecessor-version":[{"id":11944,"href":"https:\/\/catholiques17.fr\/laleumireuil\/wp-json\/wp\/v2\/tribe_events\/11943\/revisions\/11944"}],"wp:attachment":[{"href":"https:\/\/catholiques17.fr\/laleumireuil\/wp-json\/wp\/v2\/media?parent=11943"}],"wp:term":[{"taxonomy":"post_tag","embeddable":true,"href":"https:\/\/catholiques17.fr\/laleumireuil\/wp-json\/wp\/v2\/tags?post=11943"},{"taxonomy":"tribe_events_cat","embeddable":true,"href":"https:\/\/catholiques17.fr\/laleumireuil\/wp-json\/wp\/v2\/tribe_events_cat?post=11943"}],"curies":[{"name":"wp","href":"https:\/\/api.w.org\/{rel}","templated":true}]}}

Messe avec Mgr Bozo à Laleu

<p>Mgr Bozo célèbrera nos messes paroissiales de semaine du <b>mardi matin 28 avril à 8h45 à Laleu et du mercredi soir (messe avancée à 18h en raison du planning de Mgr Bozo) à Mireuil.</b></p>

<p>Mgr Bozo célèbrera nos messes paroissiales de semaine du mardi matin 28 avril à 8h45 à Laleu et du mercredi soir (messe avancée à 18h en raison du planning de [&hellip;]</p>
