{"id":11941,"date":"2026-04-11T18:35:35","date_gmt":"2026-04-11T16:35:35","guid":{"rendered":"https:\/\/catholiques17.fr\/laleumireuil\/?post_type=tribe_events&#038;p=11941"},"modified":"2026-04-11T18:35:35","modified_gmt":"2026-04-11T16:35:35","slug":"rencontre-du-pole-liturgique-avec-mgr-bozo","status":"publish","type":"tribe_events","link":"https:\/\/catholiques17.fr\/laleumireuil\/event\/rencontre-du-pole-liturgique-avec-mgr-bozo\/","title":{"rendered":"Rencontre du P\u00f4le Liturgique avec Mgr Bozo"},"content":{"rendered":"<p><strong>Rencontre avec l&rsquo;ensemble du P\u00f4le Liturgique le mardi 28 avril \u00e0 10h30 \u00e0 Mireuil avec Mgr Bozo<\/strong><br \/>\nPendant une heure environ; nous esp\u00e9rons que le plus grand nombre d&rsquo;entre vous pourra \u00eatre l\u00e0 pour partager avec notre \u00e9v\u00eaque nos projets, nos souhaits, nos joies et nos difficult\u00e9s, et pour l&rsquo;\u00e9couter.<\/p>\n","protected":false},"excerpt":{"rendered":"<p>Rencontre avec l&rsquo;ensemble du P\u00f4le Liturgique le mardi 28 avril \u00e0 10h30 \u00e0 Mireuil avec Mgr Bozo Pendant une heure environ; nous esp\u00e9rons que le plus grand nombre d&rsquo;entre vous [&hellip;]<\/p>\n","protected":false},"author":74,"featured_media":0,"template":"","meta":{"_et_pb_use_builder":"","_et_pb_old_content":"","_et_gb_content_width":"","_tribe_events_status":"","_tribe_events_status_reason":"","footnotes":""},"tags":[],"tribe_events_cat":[],"class_list":["post-11941","tribe_events","type-tribe_events","status-publish","hentry"],"_links":{"self":[{"href":"https:\/\/catholiques17.fr\/laleumireuil\/wp-json\/wp\/v2\/tribe_events\/11941","targetHints":{"allow":["GET"]}}],"collection":[{"href":"https:\/\/catholiques17.fr\/laleumireuil\/wp-json\/wp\/v2\/tribe_events"}],"about":[{"href":"https:\/\/catholiques17.fr\/laleumireuil\/wp-json\/wp\/v2\/types\/tribe_events"}],"author":[{"embeddable":true,"href":"https:\/\/catholiques17.fr\/laleumireuil\/wp-json\/wp\/v2\/users\/74"}],"version-history":[{"count":1,"href":"https:\/\/catholiques17.fr\/laleumireuil\/wp-json\/wp\/v2\/tribe_events\/11941\/revisions"}],"predecessor-version":[{"id":11942,"href":"https:\/\/catholiques17.fr\/laleumireuil\/wp-json\/wp\/v2\/tribe_events\/11941\/revisions\/11942"}],"wp:attachment":[{"href":"https:\/\/catholiques17.fr\/laleumireuil\/wp-json\/wp\/v2\/media?parent=11941"}],"wp:term":[{"taxonomy":"post_tag","embeddable":true,"href":"https:\/\/catholiques17.fr\/laleumireuil\/wp-json\/wp\/v2\/tags?post=11941"},{"taxonomy":"tribe_events_cat","embeddable":true,"href":"https:\/\/catholiques17.fr\/laleumireuil\/wp-json\/wp\/v2\/tribe_events_cat?post=11941"}],"curies":[{"name":"wp","href":"https:\/\/api.w.org\/{rel}","templated":true}]}}

Rencontre du Pôle Liturgique avec Mgr Bozo

<p><strong>Rencontre avec l&rsquo;ensemble du Pôle Liturgique le mardi 28 avril à 10h30 à Mireuil avec Mgr Bozo</strong><br />
Pendant une heure environ; nous espérons que le plus grand nombre d&rsquo;entre vous pourra être là pour partager avec notre évêque nos projets, nos souhaits, nos joies et nos difficultés, et pour l&rsquo;écouter.</p>

<p>Rencontre avec l&rsquo;ensemble du Pôle Liturgique le mardi 28 avril à 10h30 à Mireuil avec Mgr Bozo Pendant une heure environ; nous espérons que le plus grand nombre d&rsquo;entre vous [&hellip;]</p>
