{"id":11919,"date":"2026-04-04T10:43:19","date_gmt":"2026-04-04T08:43:19","guid":{"rendered":"https:\/\/catholiques17.fr\/laleumireuil\/?post_type=tribe_events&#038;p=11919"},"modified":"2026-04-04T10:43:19","modified_gmt":"2026-04-04T08:43:19","slug":"visite-pastorale-de-mgr-bozo-2","status":"publish","type":"tribe_events","link":"https:\/\/catholiques17.fr\/laleumireuil\/event\/visite-pastorale-de-mgr-bozo-2\/","title":{"rendered":"Visite pastorale de Mgr Bozo"},"content":{"rendered":"<p><span class=\"s51\">Les 27,28 et 29 avril, nous aurons dans notre secteur la <\/span><span class=\"s52\">visite pastorale<\/span><span class=\"s51\"> de notre \u00e9v\u00eaque Mgr Pierre-Antoine Bozo<br \/>\n<\/span><span class=\"s52\">R\u00e9servez d\u00e8s maintenant votre soir\u00e9e du lundi 27 avril <\/span><span class=\"s51\">pour un repas partag\u00e9 avec lui, au Ballon Rouge, \u00e0 Laleu.<\/span><\/p>\n","protected":false},"excerpt":{"rendered":"<p>Les 27,28 et 29 avril, nous aurons dans notre secteur la visite pastorale de notre \u00e9v\u00eaque Mgr Pierre-Antoine Bozo R\u00e9servez d\u00e8s maintenant votre soir\u00e9e du lundi 27 avril pour un [&hellip;]<\/p>\n","protected":false},"author":74,"featured_media":0,"template":"","meta":{"_et_pb_use_builder":"","_et_pb_old_content":"","_et_gb_content_width":"","_tribe_events_status":"","_tribe_events_status_reason":"","footnotes":""},"tags":[],"tribe_events_cat":[],"class_list":["post-11919","tribe_events","type-tribe_events","status-publish","hentry"],"_links":{"self":[{"href":"https:\/\/catholiques17.fr\/laleumireuil\/wp-json\/wp\/v2\/tribe_events\/11919","targetHints":{"allow":["GET"]}}],"collection":[{"href":"https:\/\/catholiques17.fr\/laleumireuil\/wp-json\/wp\/v2\/tribe_events"}],"about":[{"href":"https:\/\/catholiques17.fr\/laleumireuil\/wp-json\/wp\/v2\/types\/tribe_events"}],"author":[{"embeddable":true,"href":"https:\/\/catholiques17.fr\/laleumireuil\/wp-json\/wp\/v2\/users\/74"}],"version-history":[{"count":1,"href":"https:\/\/catholiques17.fr\/laleumireuil\/wp-json\/wp\/v2\/tribe_events\/11919\/revisions"}],"predecessor-version":[{"id":11920,"href":"https:\/\/catholiques17.fr\/laleumireuil\/wp-json\/wp\/v2\/tribe_events\/11919\/revisions\/11920"}],"wp:attachment":[{"href":"https:\/\/catholiques17.fr\/laleumireuil\/wp-json\/wp\/v2\/media?parent=11919"}],"wp:term":[{"taxonomy":"post_tag","embeddable":true,"href":"https:\/\/catholiques17.fr\/laleumireuil\/wp-json\/wp\/v2\/tags?post=11919"},{"taxonomy":"tribe_events_cat","embeddable":true,"href":"https:\/\/catholiques17.fr\/laleumireuil\/wp-json\/wp\/v2\/tribe_events_cat?post=11919"}],"curies":[{"name":"wp","href":"https:\/\/api.w.org\/{rel}","templated":true}]}}

<p><span class="s51">Les 27,28 et 29 avril, nous aurons dans notre secteur la </span><span class="s52">visite pastorale</span><span class="s51"> de notre évêque Mgr Pierre-Antoine Bozo<br />
</span><span class="s52">Réservez dès maintenant votre soirée du lundi 27 avril </span><span class="s51">pour un repas partagé avec lui, au Ballon Rouge, à Laleu.</span></p>

<p>Les 27,28 et 29 avril, nous aurons dans notre secteur la visite pastorale de notre évêque Mgr Pierre-Antoine Bozo Réservez dès maintenant votre soirée du lundi 27 avril pour un [&hellip;]</p>
