{"id":11858,"date":"2026-03-08T13:56:54","date_gmt":"2026-03-08T12:56:54","guid":{"rendered":"https:\/\/catholiques17.fr\/laleumireuil\/?post_type=tribe_events&#038;p=11858"},"modified":"2026-03-08T13:56:54","modified_gmt":"2026-03-08T12:56:54","slug":"preparation-de-la-visite-pastorale-de-leveque","status":"publish","type":"tribe_events","link":"https:\/\/catholiques17.fr\/laleumireuil\/event\/preparation-de-la-visite-pastorale-de-leveque\/","title":{"rendered":"Pr\u00e9paration de la visite pastorale de l\u2019\u00e9v\u00eaque."},"content":{"rendered":"<p>Rencontre du conseil paroissial pour la pr\u00e9paration de la visite pastorale de l\u2019\u00e9v\u00eaque.<\/p>\n","protected":false},"excerpt":{"rendered":"<p>Rencontre du conseil paroissial pour la pr\u00e9paration de la visite pastorale de l\u2019\u00e9v\u00eaque.<\/p>\n","protected":false},"author":74,"featured_media":0,"template":"","meta":{"_et_pb_use_builder":"","_et_pb_old_content":"","_et_gb_content_width":"","_tribe_events_status":"","_tribe_events_status_reason":"","footnotes":""},"tags":[],"tribe_events_cat":[],"class_list":["post-11858","tribe_events","type-tribe_events","status-publish","hentry"],"_links":{"self":[{"href":"https:\/\/catholiques17.fr\/laleumireuil\/wp-json\/wp\/v2\/tribe_events\/11858","targetHints":{"allow":["GET"]}}],"collection":[{"href":"https:\/\/catholiques17.fr\/laleumireuil\/wp-json\/wp\/v2\/tribe_events"}],"about":[{"href":"https:\/\/catholiques17.fr\/laleumireuil\/wp-json\/wp\/v2\/types\/tribe_events"}],"author":[{"embeddable":true,"href":"https:\/\/catholiques17.fr\/laleumireuil\/wp-json\/wp\/v2\/users\/74"}],"version-history":[{"count":1,"href":"https:\/\/catholiques17.fr\/laleumireuil\/wp-json\/wp\/v2\/tribe_events\/11858\/revisions"}],"predecessor-version":[{"id":11859,"href":"https:\/\/catholiques17.fr\/laleumireuil\/wp-json\/wp\/v2\/tribe_events\/11858\/revisions\/11859"}],"wp:attachment":[{"href":"https:\/\/catholiques17.fr\/laleumireuil\/wp-json\/wp\/v2\/media?parent=11858"}],"wp:term":[{"taxonomy":"post_tag","embeddable":true,"href":"https:\/\/catholiques17.fr\/laleumireuil\/wp-json\/wp\/v2\/tags?post=11858"},{"taxonomy":"tribe_events_cat","embeddable":true,"href":"https:\/\/catholiques17.fr\/laleumireuil\/wp-json\/wp\/v2\/tribe_events_cat?post=11858"}],"curies":[{"name":"wp","href":"https:\/\/api.w.org\/{rel}","templated":true}]}}

Préparation de la visite pastorale de l’évêque.

<p>Rencontre du conseil paroissial pour la préparation de la visite pastorale de l’évêque.</p>
