{"id":11851,"date":"2026-03-08T13:52:29","date_gmt":"2026-03-08T12:52:29","guid":{"rendered":"https:\/\/catholiques17.fr\/laleumireuil\/?post_type=tribe_events&#038;p=11851"},"modified":"2026-03-08T13:52:29","modified_gmt":"2026-03-08T12:52:29","slug":"rencontre-pour-la-preparation-des-chemins-de-croix","status":"publish","type":"tribe_events","link":"https:\/\/catholiques17.fr\/laleumireuil\/event\/rencontre-pour-la-preparation-des-chemins-de-croix\/","title":{"rendered":"Rencontre pour la pr\u00e9paration des chemins de croix"},"content":{"rendered":"<p>Rencontre pour la pr\u00e9paration des chemins de croix du 27 mars anim\u00e9s par le conseil paroissial.<br \/>\nSont concern\u00e9s par cette rencontre, Diane, Marie-Jo, Andr\u00e9e, Fran\u00e7oise G, Hubert N, Christine Mounkoro (si disponible), Marie-Fran\u00e7oise et Dominique.<\/p>\n","protected":false},"excerpt":{"rendered":"<p>Rencontre pour la pr\u00e9paration des chemins de croix du 27 mars anim\u00e9s par le conseil paroissial. Sont concern\u00e9s par cette rencontre, Diane, Marie-Jo, Andr\u00e9e, Fran\u00e7oise G, Hubert N, Christine Mounkoro [&hellip;]<\/p>\n","protected":false},"author":74,"featured_media":0,"template":"","meta":{"_et_pb_use_builder":"","_et_pb_old_content":"","_et_gb_content_width":"","_tribe_events_status":"","_tribe_events_status_reason":"","footnotes":""},"tags":[],"tribe_events_cat":[],"class_list":["post-11851","tribe_events","type-tribe_events","status-publish","hentry"],"_links":{"self":[{"href":"https:\/\/catholiques17.fr\/laleumireuil\/wp-json\/wp\/v2\/tribe_events\/11851","targetHints":{"allow":["GET"]}}],"collection":[{"href":"https:\/\/catholiques17.fr\/laleumireuil\/wp-json\/wp\/v2\/tribe_events"}],"about":[{"href":"https:\/\/catholiques17.fr\/laleumireuil\/wp-json\/wp\/v2\/types\/tribe_events"}],"author":[{"embeddable":true,"href":"https:\/\/catholiques17.fr\/laleumireuil\/wp-json\/wp\/v2\/users\/74"}],"version-history":[{"count":1,"href":"https:\/\/catholiques17.fr\/laleumireuil\/wp-json\/wp\/v2\/tribe_events\/11851\/revisions"}],"predecessor-version":[{"id":11852,"href":"https:\/\/catholiques17.fr\/laleumireuil\/wp-json\/wp\/v2\/tribe_events\/11851\/revisions\/11852"}],"wp:attachment":[{"href":"https:\/\/catholiques17.fr\/laleumireuil\/wp-json\/wp\/v2\/media?parent=11851"}],"wp:term":[{"taxonomy":"post_tag","embeddable":true,"href":"https:\/\/catholiques17.fr\/laleumireuil\/wp-json\/wp\/v2\/tags?post=11851"},{"taxonomy":"tribe_events_cat","embeddable":true,"href":"https:\/\/catholiques17.fr\/laleumireuil\/wp-json\/wp\/v2\/tribe_events_cat?post=11851"}],"curies":[{"name":"wp","href":"https:\/\/api.w.org\/{rel}","templated":true}]}}

Rencontre pour la préparation des chemins de croix

<p>Rencontre pour la préparation des chemins de croix du 27 mars animés par le conseil paroissial.<br />
Sont concernés par cette rencontre, Diane, Marie-Jo, Andrée, Françoise G, Hubert N, Christine Mounkoro (si disponible), Marie-Françoise et Dominique.</p>

<p>Rencontre pour la préparation des chemins de croix du 27 mars animés par le conseil paroissial. Sont concernés par cette rencontre, Diane, Marie-Jo, Andrée, Françoise G, Hubert N, Christine Mounkoro [&hellip;]</p>
