{"id":11741,"date":"2026-02-15T14:31:25","date_gmt":"2026-02-15T13:31:25","guid":{"rendered":"https:\/\/catholiques17.fr\/laleumireuil\/?post_type=tribe_events&#038;p=11741"},"modified":"2026-02-15T14:39:22","modified_gmt":"2026-02-15T13:39:22","slug":"celebration-de-la-cene-2","status":"publish","type":"tribe_events","link":"https:\/\/catholiques17.fr\/laleumireuil\/event\/celebration-de-la-cene-2\/","title":{"rendered":"C\u00e9l\u00e9bration de la C\u00e8ne"},"content":{"rendered":"<p>La Pallice 18h30 c\u00e9l\u00e9bration de la C\u00e8ne<\/p>\n<p><img loading=\"lazy\" decoding=\"async\" class=\"alignleft  wp-image-11746\" src=\"https:\/\/catholiques17.fr\/laleumireuil\/wp-content\/uploads\/sites\/43\/2026\/02\/cene.jpg\" alt=\"\" width=\"400\" height=\"400\" \/><\/p>\n","protected":false},"excerpt":{"rendered":"<p>La Pallice 18h30 c\u00e9l\u00e9bration de la C\u00e8ne<\/p>\n","protected":false},"author":74,"featured_media":0,"template":"","meta":{"_et_pb_use_builder":"","_et_pb_old_content":"","_et_gb_content_width":"","_tribe_events_status":"","_tribe_events_status_reason":"","footnotes":""},"tags":[],"tribe_events_cat":[],"class_list":["post-11741","tribe_events","type-tribe_events","status-publish","hentry"],"_links":{"self":[{"href":"https:\/\/catholiques17.fr\/laleumireuil\/wp-json\/wp\/v2\/tribe_events\/11741","targetHints":{"allow":["GET"]}}],"collection":[{"href":"https:\/\/catholiques17.fr\/laleumireuil\/wp-json\/wp\/v2\/tribe_events"}],"about":[{"href":"https:\/\/catholiques17.fr\/laleumireuil\/wp-json\/wp\/v2\/types\/tribe_events"}],"author":[{"embeddable":true,"href":"https:\/\/catholiques17.fr\/laleumireuil\/wp-json\/wp\/v2\/users\/74"}],"version-history":[{"count":2,"href":"https:\/\/catholiques17.fr\/laleumireuil\/wp-json\/wp\/v2\/tribe_events\/11741\/revisions"}],"predecessor-version":[{"id":11747,"href":"https:\/\/catholiques17.fr\/laleumireuil\/wp-json\/wp\/v2\/tribe_events\/11741\/revisions\/11747"}],"wp:attachment":[{"href":"https:\/\/catholiques17.fr\/laleumireuil\/wp-json\/wp\/v2\/media?parent=11741"}],"wp:term":[{"taxonomy":"post_tag","embeddable":true,"href":"https:\/\/catholiques17.fr\/laleumireuil\/wp-json\/wp\/v2\/tags?post=11741"},{"taxonomy":"tribe_events_cat","embeddable":true,"href":"https:\/\/catholiques17.fr\/laleumireuil\/wp-json\/wp\/v2\/tribe_events_cat?post=11741"}],"curies":[{"name":"wp","href":"https:\/\/api.w.org\/{rel}","templated":true}]}}

Célébration de la Cène

<p>La Pallice 18h30 célébration de la Cène</p>
<p><img loading="lazy" decoding="async" class="alignleft  wp-image-11746" src="https://catholiques17.fr/laleumireuil/wp-content/uploads/sites/43/2026/02/cene.jpg" alt="" width="400" height="400" /></p>

<p>La Pallice 18h30 célébration de la Cène</p>
