{"id":11720,"date":"2026-02-15T14:11:08","date_gmt":"2026-02-15T13:11:08","guid":{"rendered":"https:\/\/catholiques17.fr\/laleumireuil\/?post_type=tribe_events&#038;p=11720"},"modified":"2026-02-15T14:11:08","modified_gmt":"2026-02-15T13:11:08","slug":"priere-du-chapelet-17","status":"publish","type":"tribe_events","link":"https:\/\/catholiques17.fr\/laleumireuil\/event\/priere-du-chapelet-17\/","title":{"rendered":"Pri\u00e8re du chapelet"},"content":{"rendered":"<p data-start=\"854\" data-end=\"917\"><strong data-start=\"854\" data-end=\"896\">Tous les dimanches \u00e0 10h15 \u00e0 Mireuil :<\/strong> pri\u00e8re du chapelet<\/p>\n","protected":false},"excerpt":{"rendered":"<p>Tous les dimanches \u00e0 10h15 \u00e0 Mireuil : pri\u00e8re du chapelet<\/p>\n","protected":false},"author":74,"featured_media":0,"template":"","meta":{"_et_pb_use_builder":"","_et_pb_old_content":"","_et_gb_content_width":"","_tribe_events_status":"","_tribe_events_status_reason":"","footnotes":""},"tags":[],"tribe_events_cat":[],"class_list":["post-11720","tribe_events","type-tribe_events","status-publish","hentry"],"_links":{"self":[{"href":"https:\/\/catholiques17.fr\/laleumireuil\/wp-json\/wp\/v2\/tribe_events\/11720","targetHints":{"allow":["GET"]}}],"collection":[{"href":"https:\/\/catholiques17.fr\/laleumireuil\/wp-json\/wp\/v2\/tribe_events"}],"about":[{"href":"https:\/\/catholiques17.fr\/laleumireuil\/wp-json\/wp\/v2\/types\/tribe_events"}],"author":[{"embeddable":true,"href":"https:\/\/catholiques17.fr\/laleumireuil\/wp-json\/wp\/v2\/users\/74"}],"version-history":[{"count":1,"href":"https:\/\/catholiques17.fr\/laleumireuil\/wp-json\/wp\/v2\/tribe_events\/11720\/revisions"}],"predecessor-version":[{"id":11721,"href":"https:\/\/catholiques17.fr\/laleumireuil\/wp-json\/wp\/v2\/tribe_events\/11720\/revisions\/11721"}],"wp:attachment":[{"href":"https:\/\/catholiques17.fr\/laleumireuil\/wp-json\/wp\/v2\/media?parent=11720"}],"wp:term":[{"taxonomy":"post_tag","embeddable":true,"href":"https:\/\/catholiques17.fr\/laleumireuil\/wp-json\/wp\/v2\/tags?post=11720"},{"taxonomy":"tribe_events_cat","embeddable":true,"href":"https:\/\/catholiques17.fr\/laleumireuil\/wp-json\/wp\/v2\/tribe_events_cat?post=11720"}],"curies":[{"name":"wp","href":"https:\/\/api.w.org\/{rel}","templated":true}]}}

Prière du chapelet

<p data-start="854" data-end="917"><strong data-start="854" data-end="896">Tous les dimanches à 10h15 à Mireuil :</strong> prière du chapelet</p>

<p>Tous les dimanches à 10h15 à Mireuil : prière du chapelet</p>
